{"id":1559,"date":"2024-01-12T20:26:48","date_gmt":"2024-01-12T19:26:48","guid":{"rendered":"https:\/\/shop.dachzeltnomaden.com\/?post_type=product&#038;p=1559"},"modified":"2025-11-10T02:48:35","modified_gmt":"2025-11-10T01:48:35","slug":"boxio-washmobileswaschbecken","status":"publish","type":"product","link":"https:\/\/dachzeltnomaden.com\/shop\/produkt\/boxio-washmobileswaschbecken\/","title":{"rendered":"BOXIO-Wash<br>mobiles<br>Waschbecken"},"content":{"rendered":"\n<div class=\"wp-block-uagb-container uagb-block-be52fc24 alignwide uagb-is-root-container\">\n<div class=\"wp-block-uagb-advanced-heading uagb-block-233add0f\"><h6 class=\"uagb-heading-text\">WERBUNG<\/h6><\/div>\n\n\n\n<p class=\"has-ast-global-color-5-color has-ast-global-color-2-background-color has-text-color has-background has-link-color wp-elements-057b4c2b7aac0c43a3ce291fa3b48db3\">Du suchst noch nach einem praktischen Waschbecken f\u00fcr unterwegs? Wie w\u00e4re es mit dem BOXIO-Wash!<br><br>*Die Links sind Affiliate Links. Wenn du dich f\u00fcr den Kauf eines BOXIO Waschbeckens entscheidest, erhalten die Dachzeltnomaden eine Provision. Damit unterst\u00fctzt du uns &amp; unsere Arbeit. F\u00fcr dich kostet das BOXIO Waschbecken deshalb nicht mehr.<\/p>\n\n\n\n<div class=\"wp-block-uagb-advanced-heading uagb-block-b21af034\"><p class=\"uagb-desc-text\"><strong>Dein mobiles Waschbecken<\/strong><\/p><h2 class=\"uagb-heading-text\">Dein mobiles Waschbecken<\/h2><div class=\"uagb-separator\"><\/div><\/div>\n\n\n\n<p>Das mobile Waschbecken ist dein zuverl\u00e4ssiger Partner: Ob beim Camping, f\u00fcr Handwerker, bei mobilen Verkaufsst\u00e4nden oder in Krisensituationen. Mit seiner robusten Konstruktion, seinem stilvollen Design und sparsamen Wasserverbrauch ist es die perfekte Wahl f\u00fcr jeden, der Mobilit\u00e4t und Funktionalit\u00e4t sch\u00e4tzt.<\/p>\n\n\n\n<div class=\"wp-block-uagb-icon-list uagb-block-8ea04cd9\"><div class=\"uagb-icon-list__wrap\">\n<div class=\"wp-block-uagb-icon-list-child uagb-block-6c9db2c7\"><span class=\"uagb-icon-list__source-wrap\"><svg xmlns=\"https:\/\/www.w3.org\/2000\/svg\" viewBox=\"0 0 448 512\"><path d=\"M438.6 105.4C451.1 117.9 451.1 138.1 438.6 150.6L182.6 406.6C170.1 419.1 149.9 419.1 137.4 406.6L9.372 278.6C-3.124 266.1-3.124 245.9 9.372 233.4C21.87 220.9 42.13 220.9 54.63 233.4L159.1 338.7L393.4 105.4C405.9 92.88 426.1 92.88 438.6 105.4H438.6z\"><\/path><\/svg><\/span><span class=\"uagb-icon-list__label\">Flexibilit\u00e4t pur: Leicht zu transportieren und \u00fcberall einsetzbar. Dein mobiles Waschbecken.<\/span><\/div>\n\n\n\n<div class=\"wp-block-uagb-icon-list-child uagb-block-9a8789f3\"><span class=\"uagb-icon-list__source-wrap\"><svg xmlns=\"https:\/\/www.w3.org\/2000\/svg\" viewBox=\"0 0 448 512\"><path d=\"M438.6 105.4C451.1 117.9 451.1 138.1 438.6 150.6L182.6 406.6C170.1 419.1 149.9 419.1 137.4 406.6L9.372 278.6C-3.124 266.1-3.124 245.9 9.372 233.4C21.87 220.9 42.13 220.9 54.63 233.4L159.1 338.7L393.4 105.4C405.9 92.88 426.1 92.88 438.6 105.4H438.6z\"><\/path><\/svg><\/span><span class=\"uagb-icon-list__label\">Kein Strom, kein Problem: Dank einer simplen Handpumpe, ist dein Waschbecken immer einsatzbereit.<\/span><\/div>\n\n\n\n<div class=\"wp-block-uagb-icon-list-child uagb-block-907fccc1\"><span class=\"uagb-icon-list__source-wrap\"><svg xmlns=\"https:\/\/www.w3.org\/2000\/svg\" viewBox=\"0 0 448 512\"><path d=\"M438.6 105.4C451.1 117.9 451.1 138.1 438.6 150.6L182.6 406.6C170.1 419.1 149.9 419.1 137.4 406.6L9.372 278.6C-3.124 266.1-3.124 245.9 9.372 233.4C21.87 220.9 42.13 220.9 54.63 233.4L159.1 338.7L393.4 105.4C405.9 92.88 426.1 92.88 438.6 105.4H438.6z\"><\/path><\/svg><\/span><span class=\"uagb-icon-list__label\">Alles dabei: Pumpe, Wasserhahn, Tank, Dichtungen. Alles, was du f\u00fcr dein Camping Sp\u00fclbecken ben\u00f6tigst, ist bereits im Lieferumfang enthalten.<\/span><\/div>\n<\/div><\/div>\n<\/div>\n\n\n\n<div class=\"wp-block-uagb-container uagb-block-ae00b476 alignwide uagb-is-root-container\">\n<div class=\"wp-block-uagb-container uagb-block-3d544ad6\"><style type=\"text\/css\">.otter-masonry .blocks-gallery-grid .blocks-gallery-item img{ width:100% }<\/style><div class=\"otter-masonry\" data-margin=\"10\">\n<figure class=\"wp-block-gallery has-nested-images columns-2 is-cropped wp-block-gallery-1 is-layout-flex wp-block-gallery-is-layout-flex\">\n<figure class=\"wp-block-image size-full has-custom-border\"><img decoding=\"async\" width=\"1000\" height=\"820\" data-id=\"130480\" src=\"https:\/\/dachzeltnomaden.com\/shop\/wp-content\/uploads\/2024\/01\/Dachzeltnomaden_Shop_Zubehoer_Waschen_BOXIO_Outdoor-1.webp\" alt=\"Dachzeltnomaden Shop Zubehoer Waschen Boxio mobiles Waschbecken kaufen\" class=\"wp-image-130480\" style=\"border-radius:10px\" srcset=\"https:\/\/dachzeltnomaden.com\/shop\/wp-content\/uploads\/2024\/01\/Dachzeltnomaden_Shop_Zubehoer_Waschen_BOXIO_Outdoor-1.webp 1000w, https:\/\/dachzeltnomaden.com\/shop\/wp-content\/uploads\/2024\/01\/Dachzeltnomaden_Shop_Zubehoer_Waschen_BOXIO_Outdoor-1-300x246.webp 300w, https:\/\/dachzeltnomaden.com\/shop\/wp-content\/uploads\/2024\/01\/Dachzeltnomaden_Shop_Zubehoer_Waschen_BOXIO_Outdoor-1-768x630.webp 768w\" sizes=\"(max-width: 1000px) 100vw, 1000px\" \/><\/figure>\n\n\n\n<figure class=\"wp-block-image size-full has-custom-border\"><img decoding=\"async\" width=\"1400\" height=\"1400\" data-id=\"130473\" src=\"https:\/\/dachzeltnomaden.com\/shop\/wp-content\/uploads\/2024\/01\/Dachzeltnomaden_Shop_Zubehoer_Waschen_BOXIO_Wash.webp\" alt=\"Dachzeltnomaden Shop Zubehoer Waschen Boxio mobiles Waschbecken kaufen\" class=\"wp-image-130473\" style=\"border-radius:10px\" srcset=\"https:\/\/dachzeltnomaden.com\/shop\/wp-content\/uploads\/2024\/01\/Dachzeltnomaden_Shop_Zubehoer_Waschen_BOXIO_Wash.webp 1400w, https:\/\/dachzeltnomaden.com\/shop\/wp-content\/uploads\/2024\/01\/Dachzeltnomaden_Shop_Zubehoer_Waschen_BOXIO_Wash-300x300.webp 300w, https:\/\/dachzeltnomaden.com\/shop\/wp-content\/uploads\/2024\/01\/Dachzeltnomaden_Shop_Zubehoer_Waschen_BOXIO_Wash-1024x1024.webp 1024w, https:\/\/dachzeltnomaden.com\/shop\/wp-content\/uploads\/2024\/01\/Dachzeltnomaden_Shop_Zubehoer_Waschen_BOXIO_Wash-768x768.webp 768w, https:\/\/dachzeltnomaden.com\/shop\/wp-content\/uploads\/2024\/01\/Dachzeltnomaden_Shop_Zubehoer_Waschen_BOXIO_Wash-600x600.webp 600w, https:\/\/dachzeltnomaden.com\/shop\/wp-content\/uploads\/2024\/01\/Dachzeltnomaden_Shop_Zubehoer_Waschen_BOXIO_Wash-100x100.webp 100w\" sizes=\"(max-width: 1400px) 100vw, 1400px\" \/><\/figure>\n\n\n\n<figure class=\"wp-block-image size-full has-custom-border\"><img decoding=\"async\" width=\"1400\" height=\"1400\" data-id=\"130474\" src=\"https:\/\/dachzeltnomaden.com\/shop\/wp-content\/uploads\/2024\/01\/Dachzeltnomaden_Shop_Zubehoer_Waschen_BOXIO_Wash-2.webp\" alt=\"Dachzeltnomaden Shop Zubehoer Waschen Boxio mobiles Waschbecken kaufen\" class=\"wp-image-130474\" style=\"border-radius:10px\" srcset=\"https:\/\/dachzeltnomaden.com\/shop\/wp-content\/uploads\/2024\/01\/Dachzeltnomaden_Shop_Zubehoer_Waschen_BOXIO_Wash-2.webp 1400w, https:\/\/dachzeltnomaden.com\/shop\/wp-content\/uploads\/2024\/01\/Dachzeltnomaden_Shop_Zubehoer_Waschen_BOXIO_Wash-2-300x300.webp 300w, https:\/\/dachzeltnomaden.com\/shop\/wp-content\/uploads\/2024\/01\/Dachzeltnomaden_Shop_Zubehoer_Waschen_BOXIO_Wash-2-1024x1024.webp 1024w, https:\/\/dachzeltnomaden.com\/shop\/wp-content\/uploads\/2024\/01\/Dachzeltnomaden_Shop_Zubehoer_Waschen_BOXIO_Wash-2-768x768.webp 768w, https:\/\/dachzeltnomaden.com\/shop\/wp-content\/uploads\/2024\/01\/Dachzeltnomaden_Shop_Zubehoer_Waschen_BOXIO_Wash-2-600x600.webp 600w, https:\/\/dachzeltnomaden.com\/shop\/wp-content\/uploads\/2024\/01\/Dachzeltnomaden_Shop_Zubehoer_Waschen_BOXIO_Wash-2-100x100.webp 100w\" sizes=\"(max-width: 1400px) 100vw, 1400px\" \/><\/figure>\n\n\n\n<figure class=\"wp-block-image size-full has-custom-border\"><img decoding=\"async\" width=\"1024\" height=\"878\" data-id=\"130481\" src=\"https:\/\/dachzeltnomaden.com\/shop\/wp-content\/uploads\/2024\/01\/Dachzeltnomaden_Shop_Zubehoer_Waschen_BOXIO-Wash-1_1024_30.webp\" alt=\"Dachzeltnomaden Shop Zubehoer Waschen Boxio mobiles Waschbecken kaufen\" class=\"wp-image-130481\" style=\"border-radius:10px\" srcset=\"https:\/\/dachzeltnomaden.com\/shop\/wp-content\/uploads\/2024\/01\/Dachzeltnomaden_Shop_Zubehoer_Waschen_BOXIO-Wash-1_1024_30.webp 1024w, https:\/\/dachzeltnomaden.com\/shop\/wp-content\/uploads\/2024\/01\/Dachzeltnomaden_Shop_Zubehoer_Waschen_BOXIO-Wash-1_1024_30-300x257.webp 300w, https:\/\/dachzeltnomaden.com\/shop\/wp-content\/uploads\/2024\/01\/Dachzeltnomaden_Shop_Zubehoer_Waschen_BOXIO-Wash-1_1024_30-768x659.webp 768w\" sizes=\"(max-width: 1024px) 100vw, 1024px\" \/><\/figure>\n<\/figure>\n<\/div><\/div>\n\n\n\n<div class=\"wp-block-uagb-container uagb-block-76ea1ad4\">\n<h3 class=\"wp-block-heading\">DAS MOBILE WASCHBECKEN UND SEINE VORTEILE:<\/h3>\n\n\n\n<ul class=\"wp-block-list\">\n<li>kompaktes Eurobox Format: 400 x 300 x 280 mm (L x B x H mit Deckel)<\/li>\n\n\n\n<li>5 l Frischwassertank und 5 l Abwasserbeh\u00e4lter&nbsp;<\/li>\n\n\n\n<li>Dank der&nbsp;Handpumpe ist das Waschbecken immer einsatzbereit, keine leere Batterie oder vergessenes Aufladen<\/li>\n\n\n\n<li>Ready to use: Du musst keine&nbsp;Wasserleitungen oder Kabel quer durch deinen Van verlegen<\/li>\n\n\n\n<li>Alles dabei: Pumpe, Wasserhahn, Tank, Dichtungen. Alles, was du f\u00fcr dein Camping Sp\u00fclbecken ben\u00f6tigst, ist bereits im Lieferumfang enthalten<\/li>\n<\/ul>\n\n\n\n<div class=\"wp-block-buttons is-layout-flex wp-block-buttons-is-layout-flex\">\n<div class=\"wp-block-button\"><a class=\"wp-block-button__link wp-element-button\" href=\"https:\/\/dachzeltnomaden.com\/boxio-wa\" target=\"_blank\" rel=\"noreferrer noopener\">Zum BOXIO Wash<\/a><\/div>\n<\/div>\n<\/div>\n<\/div>\n","protected":false},"excerpt":{"rendered":"<p>Ob beim entspannten Campingurlaub, an deinem mobilen Verkaufsstand oder auf der Baustelle &#8211; das mobile Waschbecken ist dein treuer Begleiter. Dabei ist es leicht, kompakt und vollkommen autark. Es verbraucht wenig Wasser und du kannst es an jedem Wasserhahn einfach wieder neu bef\u00fcllen.<\/p>\n<p><a class=\"button\" href=\"https:\/\/dachzeltnomaden.com\/boxio-wa\" target=\"_blank\" rel=\"noopener\">Hier gehts zum BOXIO-Wash<\/a><\/p>\n","protected":false},"featured_media":130471,"template":"","meta":{"_uag_custom_page_level_css":"","site-sidebar-layout":"default","site-content-layout":"","ast-site-content-layout":"default","site-content-style":"default","site-sidebar-style":"default","ast-global-header-display":"","ast-banner-title-visibility":"","ast-main-header-display":"","ast-hfb-above-header-display":"","ast-hfb-below-header-display":"","ast-hfb-mobile-header-display":"","site-post-title":"","ast-breadcrumbs-content":"","ast-featured-img":"","footer-sml-layout":"","ast-disable-related-posts":"","theme-transparent-header-meta":"default","adv-header-id-meta":"","stick-header-meta":"default","header-above-stick-meta":"","header-main-stick-meta":"","header-below-stick-meta":"","astra-migrate-meta-layouts":"set","ast-page-background-enabled":"default","ast-page-background-meta":{"desktop":{"background-color":"var(--ast-global-color-4)","background-image":"","background-repeat":"repeat","background-position":"center center","background-size":"auto","background-attachment":"scroll","background-type":"","background-media":"","overlay-type":"","overlay-color":"","overlay-opacity":"","overlay-gradient":""},"tablet":{"background-color":"","background-image":"","background-repeat":"repeat","background-position":"center center","background-size":"auto","background-attachment":"scroll","background-type":"","background-media":"","overlay-type":"","overlay-color":"","overlay-opacity":"","overlay-gradient":""},"mobile":{"background-color":"","background-image":"","background-repeat":"repeat","background-position":"center center","background-size":"auto","background-attachment":"scroll","background-type":"","background-media":"","overlay-type":"","overlay-color":"","overlay-opacity":"","overlay-gradient":""}},"ast-content-background-meta":{"desktop":{"background-color":"var(--ast-global-color-5)","background-image":"","background-repeat":"repeat","background-position":"center center","background-size":"auto","background-attachment":"scroll","background-type":"","background-media":"","overlay-type":"","overlay-color":"","overlay-opacity":"","overlay-gradient":""},"tablet":{"background-color":"var(--ast-global-color-5)","background-image":"","background-repeat":"repeat","background-position":"center center","background-size":"auto","background-attachment":"scroll","background-type":"","background-media":"","overlay-type":"","overlay-color":"","overlay-opacity":"","overlay-gradient":""},"mobile":{"background-color":"var(--ast-global-color-5)","background-image":"","background-repeat":"repeat","background-position":"center center","background-size":"auto","background-attachment":"scroll","background-type":"","background-media":"","overlay-type":"","overlay-color":"","overlay-opacity":"","overlay-gradient":""}},"_themeisle_gutenberg_block_has_review":false},"product_brand":[],"product_cat":[101,102],"product_tag":[],"class_list":{"0":"post-1559","1":"product","2":"type-product","3":"status-publish","4":"has-post-thumbnail","6":"product_cat-zubehoer","7":"product_cat-waschen-toilette","8":"desktop-align-left","9":"tablet-align-left","10":"mobile-align-left","11":"ast-product-gallery-layout-vertical-slider","12":"ast-product-tabs-layout-horizontal","14":"first","15":"instock","16":"purchasable","17":"product-type-external"},"exclude_global_add_ons":[],"addons":[],"uagb_featured_image_src":{"full":["https:\/\/dachzeltnomaden.com\/shop\/wp-content\/uploads\/2024\/01\/Dachzeltnomaden_Shop_Zubehoer_Waschen_BOXIO_Wash-3__1024_75.webp",1024,878,false],"thumbnail":["https:\/\/dachzeltnomaden.com\/shop\/wp-content\/uploads\/2024\/01\/Dachzeltnomaden_Shop_Zubehoer_Waschen_BOXIO_Wash-3__1024_75.webp",600,514,false],"medium":["https:\/\/dachzeltnomaden.com\/shop\/wp-content\/uploads\/2024\/01\/Dachzeltnomaden_Shop_Zubehoer_Waschen_BOXIO_Wash-3__1024_75-300x257.webp",300,257,true],"medium_large":["https:\/\/dachzeltnomaden.com\/shop\/wp-content\/uploads\/2024\/01\/Dachzeltnomaden_Shop_Zubehoer_Waschen_BOXIO_Wash-3__1024_75-768x659.webp",768,659,true],"large":["https:\/\/dachzeltnomaden.com\/shop\/wp-content\/uploads\/2024\/01\/Dachzeltnomaden_Shop_Zubehoer_Waschen_BOXIO_Wash-3__1024_75.webp",597,512,false],"1536x1536":["https:\/\/dachzeltnomaden.com\/shop\/wp-content\/uploads\/2024\/01\/Dachzeltnomaden_Shop_Zubehoer_Waschen_BOXIO_Wash-3__1024_75.webp",1024,878,false],"2048x2048":["https:\/\/dachzeltnomaden.com\/shop\/wp-content\/uploads\/2024\/01\/Dachzeltnomaden_Shop_Zubehoer_Waschen_BOXIO_Wash-3__1024_75.webp",1024,878,false],"woocommerce_thumbnail":["https:\/\/dachzeltnomaden.com\/shop\/wp-content\/uploads\/2024\/01\/Dachzeltnomaden_Shop_Zubehoer_Waschen_BOXIO_Wash-3__1024_75-600x600.webp",600,600,true],"woocommerce_single":["https:\/\/dachzeltnomaden.com\/shop\/wp-content\/uploads\/2024\/01\/Dachzeltnomaden_Shop_Zubehoer_Waschen_BOXIO_Wash-3__1024_75.webp",1024,878,false],"woocommerce_gallery_thumbnail":["https:\/\/dachzeltnomaden.com\/shop\/wp-content\/uploads\/2024\/01\/Dachzeltnomaden_Shop_Zubehoer_Waschen_BOXIO_Wash-3__1024_75-100x100.webp",100,100,true]},"uagb_author_info":{"display_name":"Jasmine","author_link":"https:\/\/dachzeltnomaden.com\/shop\/author\/"},"uagb_comment_info":0,"uagb_excerpt":"Ob beim entspannten Campingurlaub, an deinem mobilen Verkaufsstand oder auf der Baustelle - das mobile Waschbecken ist dein treuer Begleiter. Dabei ist es leicht, kompakt und vollkommen autark. Es verbraucht wenig Wasser und du kannst es an jedem Wasserhahn einfach wieder neu bef\u00fcllen. Hier gehts zum BOXIO-Wash","_links":{"self":[{"href":"https:\/\/dachzeltnomaden.com\/shop\/wp-json\/wp\/v2\/product\/1559","targetHints":{"allow":["GET"]}}],"collection":[{"href":"https:\/\/dachzeltnomaden.com\/shop\/wp-json\/wp\/v2\/product"}],"about":[{"href":"https:\/\/dachzeltnomaden.com\/shop\/wp-json\/wp\/v2\/types\/product"}],"wp:featuredmedia":[{"embeddable":true,"href":"https:\/\/dachzeltnomaden.com\/shop\/wp-json\/wp\/v2\/media\/130471"}],"wp:attachment":[{"href":"https:\/\/dachzeltnomaden.com\/shop\/wp-json\/wp\/v2\/media?parent=1559"}],"wp:term":[{"taxonomy":"product_brand","embeddable":true,"href":"https:\/\/dachzeltnomaden.com\/shop\/wp-json\/wp\/v2\/product_brand?post=1559"},{"taxonomy":"product_cat","embeddable":true,"href":"https:\/\/dachzeltnomaden.com\/shop\/wp-json\/wp\/v2\/product_cat?post=1559"},{"taxonomy":"product_tag","embeddable":true,"href":"https:\/\/dachzeltnomaden.com\/shop\/wp-json\/wp\/v2\/product_tag?post=1559"}],"curies":[{"name":"wp","href":"https:\/\/api.w.org\/{rel}","templated":true}]}}