{"id":141163,"date":"2026-04-23T04:44:48","date_gmt":"2026-04-23T02:44:48","guid":{"rendered":"https:\/\/dachzeltnomaden.com\/shop\/?post_type=product&#038;p=141163"},"modified":"2026-04-23T10:16:50","modified_gmt":"2026-04-23T08:16:50","slug":"mahana-toa-s-thermo-innenzelt","status":"publish","type":"product","link":"https:\/\/dachzeltnomaden.com\/shop\/produkt\/mahana-toa-s-thermo-innenzelt\/","title":{"rendered":"mahana toa S &#8211; Thermo Innenzelt"},"content":{"rendered":"\n<p>Das punii Thermoinnenzelt h\u00e4lt dich auch an kalten N\u00e4chten zuverl\u00e4ssig warm und macht dein Dachzelt noch gem\u00fctlicher. Es wird einfach im Zelt eingeh\u00e4ngt und ist passend f\u00fcr das toa S Hartschalenzelt. Perfekt als Erg\u00e4nzung f\u00fcr Fr\u00fchling, Herbst und kalte Wintern\u00e4chte, sorgt das Thermo-Inlay f\u00fcr ein kuscheliges, zugfreies Raumklima und extra Wohlf\u00fchlfaktor auf jedem Abenteuer.<\/p>\n\n\n\n<h3 class=\"wp-block-heading\">Besondere Features<\/h3>\n\n\n\n<ul style=\"margin-bottom:30px\" class=\"wp-block-list\">\n<li><strong>Passend f\u00fcr toa S Dachzelt<\/strong><\/li>\n\n\n\n<li><strong>Einfach einzuh\u00e4ngen<\/strong>\u00a0\u2013 wird am Zelt befestigt<\/li>\n\n\n\n<li><strong>Sorgt f\u00fcr ein warmes Schlafklima<\/strong>\u00a0bei k\u00fchlen Temperaturen<\/li>\n<\/ul>\n\n\n\n<h3 class=\"wp-block-heading\">Produktdetails<\/h3>\n\n\n\n<ul style=\"margin-bottom:30px\" class=\"wp-block-list\">\n<li><strong>Material:<\/strong> warmes, isolierendes Inlay mit atmungsaktivem Aufbau<\/li>\n\n\n\n<li><strong>Gewicht:<\/strong> 3 kg<\/li>\n\n\n\n<li><strong>Kompatibilit\u00e4t:<\/strong> toa S<\/li>\n<\/ul>\n\n\n\n<h3 class=\"wp-block-heading\">Lieferumfang<\/h3>\n\n\n\n<ul class=\"wp-block-list\">\n<li>1 Thermoinlay mit Aufbewahrungstasche<\/li>\n<\/ul>\n","protected":false},"excerpt":{"rendered":"<p>Das punii Thermoinnenzelt h\u00e4lt dich auch an kalten N\u00e4chten zuverl\u00e4ssig warm und macht dein Dachzelt noch gem\u00fctlicher. Es wird einfach [&hellip;]<\/p>\n","protected":false},"featured_media":141168,"template":"","meta":{"_uag_custom_page_level_css":"","site-sidebar-layout":"default","site-content-layout":"","ast-site-content-layout":"default","site-content-style":"default","site-sidebar-style":"default","ast-global-header-display":"","ast-banner-title-visibility":"","ast-main-header-display":"","ast-hfb-above-header-display":"","ast-hfb-below-header-display":"","ast-hfb-mobile-header-display":"","site-post-title":"","ast-breadcrumbs-content":"","ast-featured-img":"","footer-sml-layout":"","ast-disable-related-posts":"","theme-transparent-header-meta":"","adv-header-id-meta":"","stick-header-meta":"","header-above-stick-meta":"","header-main-stick-meta":"","header-below-stick-meta":"","astra-migrate-meta-layouts":"default","ast-page-background-enabled":"default","ast-page-background-meta":{"desktop":{"background-color":"var(--ast-global-color-4)","background-image":"","background-repeat":"repeat","background-position":"center center","background-size":"auto","background-attachment":"scroll","background-type":"","background-media":"","overlay-type":"","overlay-color":"","overlay-opacity":"","overlay-gradient":""},"tablet":{"background-color":"","background-image":"","background-repeat":"repeat","background-position":"center center","background-size":"auto","background-attachment":"scroll","background-type":"","background-media":"","overlay-type":"","overlay-color":"","overlay-opacity":"","overlay-gradient":""},"mobile":{"background-color":"","background-image":"","background-repeat":"repeat","background-position":"center center","background-size":"auto","background-attachment":"scroll","background-type":"","background-media":"","overlay-type":"","overlay-color":"","overlay-opacity":"","overlay-gradient":""}},"ast-content-background-meta":{"desktop":{"background-color":"var(--ast-global-color-5)","background-image":"","background-repeat":"repeat","background-position":"center center","background-size":"auto","background-attachment":"scroll","background-type":"","background-media":"","overlay-type":"","overlay-color":"","overlay-opacity":"","overlay-gradient":""},"tablet":{"background-color":"var(--ast-global-color-5)","background-image":"","background-repeat":"repeat","background-position":"center center","background-size":"auto","background-attachment":"scroll","background-type":"","background-media":"","overlay-type":"","overlay-color":"","overlay-opacity":"","overlay-gradient":""},"mobile":{"background-color":"var(--ast-global-color-5)","background-image":"","background-repeat":"repeat","background-position":"center center","background-size":"auto","background-attachment":"scroll","background-type":"","background-media":"","overlay-type":"","overlay-color":"","overlay-opacity":"","overlay-gradient":""}},"_themeisle_gutenberg_block_has_review":false},"product_brand":[],"product_cat":[127],"product_tag":[],"class_list":{"0":"post-141163","1":"product","2":"type-product","3":"status-publish","4":"has-post-thumbnail","6":"product_cat-neue-dachzelte-kaufen","7":"product_shipping_class-punii-zubehoer","8":"desktop-align-left","9":"tablet-align-left","10":"mobile-align-left","11":"ast-product-gallery-layout-vertical-slider","12":"ast-product-gallery-with-no-image","13":"ast-product-tabs-layout-horizontal","15":"first","16":"instock","17":"taxable","18":"shipping-taxable","19":"purchasable","20":"product-type-simple"},"exclude_global_add_ons":[],"addons":[],"uagb_featured_image_src":{"full":["https:\/\/dachzeltnomaden.com\/shop\/wp-content\/uploads\/2026\/04\/dachzeltnomaden-shop-dachzelte-punii-toa-s-thermo-innenzelt-kaufen.webp",800,592,false],"thumbnail":["https:\/\/dachzeltnomaden.com\/shop\/wp-content\/uploads\/2026\/04\/dachzeltnomaden-shop-dachzelte-punii-toa-s-thermo-innenzelt-kaufen-600x592.webp",600,592,true],"medium":["https:\/\/dachzeltnomaden.com\/shop\/wp-content\/uploads\/2026\/04\/dachzeltnomaden-shop-dachzelte-punii-toa-s-thermo-innenzelt-kaufen-300x222.webp",300,222,true],"medium_large":["https:\/\/dachzeltnomaden.com\/shop\/wp-content\/uploads\/2026\/04\/dachzeltnomaden-shop-dachzelte-punii-toa-s-thermo-innenzelt-kaufen-768x568.webp",768,568,true],"large":["https:\/\/dachzeltnomaden.com\/shop\/wp-content\/uploads\/2026\/04\/dachzeltnomaden-shop-dachzelte-punii-toa-s-thermo-innenzelt-kaufen-692x512.webp",692,512,true],"1536x1536":["https:\/\/dachzeltnomaden.com\/shop\/wp-content\/uploads\/2026\/04\/dachzeltnomaden-shop-dachzelte-punii-toa-s-thermo-innenzelt-kaufen.webp",800,592,false],"2048x2048":["https:\/\/dachzeltnomaden.com\/shop\/wp-content\/uploads\/2026\/04\/dachzeltnomaden-shop-dachzelte-punii-toa-s-thermo-innenzelt-kaufen.webp",800,592,false],"woocommerce_thumbnail":["https:\/\/dachzeltnomaden.com\/shop\/wp-content\/uploads\/2026\/04\/dachzeltnomaden-shop-dachzelte-punii-toa-s-thermo-innenzelt-kaufen-600x592.webp",600,592,true],"woocommerce_single":["https:\/\/dachzeltnomaden.com\/shop\/wp-content\/uploads\/2026\/04\/dachzeltnomaden-shop-dachzelte-punii-toa-s-thermo-innenzelt-kaufen.webp",800,592,false],"woocommerce_gallery_thumbnail":["https:\/\/dachzeltnomaden.com\/shop\/wp-content\/uploads\/2026\/04\/dachzeltnomaden-shop-dachzelte-punii-toa-s-thermo-innenzelt-kaufen-100x100.webp",100,100,true]},"uagb_author_info":{"display_name":"Jasmine","author_link":"https:\/\/dachzeltnomaden.com\/shop\/author\/"},"uagb_comment_info":0,"uagb_excerpt":"Das punii Thermoinnenzelt h\u00e4lt dich auch an kalten N\u00e4chten zuverl\u00e4ssig warm und macht dein Dachzelt noch gem\u00fctlicher. Es wird einfach [&hellip;]","_links":{"self":[{"href":"https:\/\/dachzeltnomaden.com\/shop\/wp-json\/wp\/v2\/product\/141163","targetHints":{"allow":["GET"]}}],"collection":[{"href":"https:\/\/dachzeltnomaden.com\/shop\/wp-json\/wp\/v2\/product"}],"about":[{"href":"https:\/\/dachzeltnomaden.com\/shop\/wp-json\/wp\/v2\/types\/product"}],"wp:featuredmedia":[{"embeddable":true,"href":"https:\/\/dachzeltnomaden.com\/shop\/wp-json\/wp\/v2\/media\/141168"}],"wp:attachment":[{"href":"https:\/\/dachzeltnomaden.com\/shop\/wp-json\/wp\/v2\/media?parent=141163"}],"wp:term":[{"taxonomy":"product_brand","embeddable":true,"href":"https:\/\/dachzeltnomaden.com\/shop\/wp-json\/wp\/v2\/product_brand?post=141163"},{"taxonomy":"product_cat","embeddable":true,"href":"https:\/\/dachzeltnomaden.com\/shop\/wp-json\/wp\/v2\/product_cat?post=141163"},{"taxonomy":"product_tag","embeddable":true,"href":"https:\/\/dachzeltnomaden.com\/shop\/wp-json\/wp\/v2\/product_tag?post=141163"}],"curies":[{"name":"wp","href":"https:\/\/api.w.org\/{rel}","templated":true}]}}