{"id":138612,"date":"2026-01-31T04:06:57","date_gmt":"2026-01-31T03:06:57","guid":{"rendered":"https:\/\/dachzeltnomaden.com\/shop\/?post_type=product&#038;p=138612"},"modified":"2026-02-16T11:24:37","modified_gmt":"2026-02-16T10:24:37","slug":"flensboxx-biwak","status":"publish","type":"product","link":"https:\/\/dachzeltnomaden.com\/shop\/produkt\/flensboxx-biwak\/","title":{"rendered":"FlensboXX &#8211; Biwak"},"content":{"rendered":"\n<div class=\"wp-block-uagb-advanced-heading uagb-block-0ebea70d\"><h2 class=\"uagb-heading-text\">Two in One &#8211; Dachbox und Dachzelt in einem.<\/h2><\/div>\n\n\n\n<p>Auf dem Weg in den Urlaub ist das <strong>Biwak<\/strong> als Dachbox und somit als Stauraum f\u00fcr die Campingausr\u00fcstung und Reisegep\u00e4ck nutzbar.<br>Einmal ausgeladen wird die Box innerhalb von wenigen Handgriffen zu einem komfortablen Schlafplatz. Die GFK-Hartschale kann mit zus\u00e4tzlichen 180 kg beladen werden, so kannst du Surfbretter, Kajaks und weites Equipment ganz einfach transportieren.<br><br>FlensboXX Dachboxen passen auf handels\u00fcblichen Dachtr\u00e4ger der unterschiedlichsten Fabrikate. Alle FlensboXX Dachboxen werden mit 4 U-B\u00fcgeln zur Montage an Rechtecktr\u00e4ger-Holmen ausgeliefert. Die Montage ist leicht selbst auszuf\u00fchren.<\/p>\n\n\n\n<h3 class=\"wp-block-heading\">Technische Daten:<\/h3>\n\n\n\n<ul class=\"wp-block-list\">\n<li><strong>Schalenmaterial<\/strong>: GFK<\/li>\n\n\n\n<li><strong>Au\u00dfenma\u00dfe:&nbsp;<\/strong>280cm x 140cm x 47cm<\/li>\n\n\n\n<li><strong>Gewicht:&nbsp;<\/strong>ca. 56kg +\/- 5% inkl. Zeltbahn und Matratze<\/li>\n\n\n\n<li><strong>Zuladung: <\/strong>180 kg<\/li>\n\n\n\n<li><strong>Ladevolumen:<\/strong> 1700 Liter<\/li>\n\n\n\n<li><strong>Farbe:<\/strong> wei\u00df, schwarz\/wei\u00df, grau, grau\/schwarz oder frei nach deiner Wahl gegen Aufpreis (ab 490 \u20ac)<\/li>\n\n\n\n<li><strong>Matratze:<\/strong> 200 cm x 135 cm x 10 cm<\/li>\n\n\n\n<li><strong>Zeltstoff:<\/strong> Hochwertiger Zelt\/Persenningstoff 300 mbar, 3000 mm Wassers\u00e4ule aus dem maritimen Bereich.<\/li>\n<\/ul>\n\n\n\n<p>Bei der Farbgebung, handelt es sich um ein Gelcoat (keine Lackierung). Die Aussenhaut (Gelcoat) kann je nach Farbgebung durch UV Bestrahlung und Witterungseinfl\u00fcsse an Lichtechtheit verlieren. Um die Farbgebung zu sch\u00fctzen, empfehlen wir eine regelm\u00e4\u00dflige Pflege durch Polituren.<\/p>\n\n\n\n<h3 class=\"wp-block-heading\">Produktdetails:<\/h3>\n\n\n\n<ul class=\"wp-block-list\">\n<li><strong>Hochwertige Matratze, Bezug:<\/strong> Oberseite mit Stoff\/ Urban, Unterseite ACS Gewebe atmungsaktiv ( ein Lattenrost ist somit \u00fcberfl\u00fcssig ).<\/li>\n\n\n\n<li><strong>Zeltstoff an und abkn\u00f6pfbar:<\/strong> Farbe Blau oder Grau , Seaslik Plus 270 G\/ M2<\/li>\n\n\n\n<li>Der standardm\u00e4\u00dfige Heckeinstieg ist immer mit Fliegennetz und Verdunkelung ausgestattet.<\/li>\n\n\n\n<li>Alle Zelte werden in lichtundurchl\u00e4ssigen grauem Persenningstoff von Hand gefertigt. (Handgefertigt durch <a href=\"https:\/\/www.segelmacherei-nickels.de\/\" target=\"_blank\" rel=\"noreferrer noopener\">Segelmacherei Nickels<\/a>)<\/li>\n<\/ul>\n\n\n\n<h3 class=\"wp-block-heading\">Lieferumfang:<\/h3>\n\n\n\n<ul class=\"wp-block-list\">\n<li><strong>Hartschalenzelt&nbsp;<\/strong><\/li>\n<\/ul>\n\n\n\n<p><\/p>\n","protected":false},"excerpt":{"rendered":"<p>Two in One &#8211; Dachbox und Dachzelt in einem. Auf dem Weg in den Urlaub ist das Biwak als Dachbox [&hellip;]<\/p>\n","protected":false},"featured_media":139007,"template":"","meta":{"_uag_custom_page_level_css":"","site-sidebar-layout":"default","site-content-layout":"","ast-site-content-layout":"default","site-content-style":"default","site-sidebar-style":"default","ast-global-header-display":"","ast-banner-title-visibility":"","ast-main-header-display":"","ast-hfb-above-header-display":"","ast-hfb-below-header-display":"","ast-hfb-mobile-header-display":"","site-post-title":"","ast-breadcrumbs-content":"","ast-featured-img":"","footer-sml-layout":"","ast-disable-related-posts":"","theme-transparent-header-meta":"","adv-header-id-meta":"","stick-header-meta":"","header-above-stick-meta":"","header-main-stick-meta":"","header-below-stick-meta":"","astra-migrate-meta-layouts":"default","ast-page-background-enabled":"default","ast-page-background-meta":{"desktop":{"background-color":"var(--ast-global-color-4)","background-image":"","background-repeat":"repeat","background-position":"center center","background-size":"auto","background-attachment":"scroll","background-type":"","background-media":"","overlay-type":"","overlay-color":"","overlay-opacity":"","overlay-gradient":""},"tablet":{"background-color":"","background-image":"","background-repeat":"repeat","background-position":"center center","background-size":"auto","background-attachment":"scroll","background-type":"","background-media":"","overlay-type":"","overlay-color":"","overlay-opacity":"","overlay-gradient":""},"mobile":{"background-color":"","background-image":"","background-repeat":"repeat","background-position":"center center","background-size":"auto","background-attachment":"scroll","background-type":"","background-media":"","overlay-type":"","overlay-color":"","overlay-opacity":"","overlay-gradient":""}},"ast-content-background-meta":{"desktop":{"background-color":"var(--ast-global-color-5)","background-image":"","background-repeat":"repeat","background-position":"center center","background-size":"auto","background-attachment":"scroll","background-type":"","background-media":"","overlay-type":"","overlay-color":"","overlay-opacity":"","overlay-gradient":""},"tablet":{"background-color":"var(--ast-global-color-5)","background-image":"","background-repeat":"repeat","background-position":"center center","background-size":"auto","background-attachment":"scroll","background-type":"","background-media":"","overlay-type":"","overlay-color":"","overlay-opacity":"","overlay-gradient":""},"mobile":{"background-color":"var(--ast-global-color-5)","background-image":"","background-repeat":"repeat","background-position":"center center","background-size":"auto","background-attachment":"scroll","background-type":"","background-media":"","overlay-type":"","overlay-color":"","overlay-opacity":"","overlay-gradient":""}},"_themeisle_gutenberg_block_has_review":false},"product_brand":[],"product_cat":[127],"product_tag":[],"class_list":{"0":"post-138612","1":"product","2":"type-product","3":"status-publish","4":"has-post-thumbnail","6":"product_cat-neue-dachzelte-kaufen","7":"product_shipping_class-flensboxx","8":"desktop-align-left","9":"tablet-align-left","10":"mobile-align-left","11":"ast-product-gallery-layout-vertical-slider","12":"ast-product-single-variable","13":"ast-product-tabs-layout-horizontal","15":"first","16":"instock","17":"taxable","18":"shipping-taxable","19":"purchasable","20":"product-type-variable"},"exclude_global_add_ons":false,"addons":[{"name":"optional","type":"checkbox","position":0,"required":false,"title_format":"label","default":"","description_enable":false,"description":"","placeholder_enable":false,"placeholder":"","display":"select","restrictions_type":"any_text","adjust_price":false,"price":"","price_type":"flat_fee","restrictions":false,"min":"0","max":"0","options":[{"label":"zus\u00e4tzlicher Seiteneinstieg","price":"199","price_type":"flat_fee","image":0,"visibility":true},{"label":"Quertr\u00e4ger","price":"99","price_type":"flat_fee","image":0,"visibility":true}],"id":1770031058}],"uagb_featured_image_src":{"full":["https:\/\/dachzeltnomaden.com\/shop\/wp-content\/uploads\/2026\/01\/dachzeltnomaden-shop-dachzelte-flensboxx-biwak_2.webp",800,603,false],"thumbnail":["https:\/\/dachzeltnomaden.com\/shop\/wp-content\/uploads\/2026\/01\/dachzeltnomaden-shop-dachzelte-flensboxx-biwak_2-600x600.webp",600,600,true],"medium":["https:\/\/dachzeltnomaden.com\/shop\/wp-content\/uploads\/2026\/01\/dachzeltnomaden-shop-dachzelte-flensboxx-biwak_2-300x226.webp",300,226,true],"medium_large":["https:\/\/dachzeltnomaden.com\/shop\/wp-content\/uploads\/2026\/01\/dachzeltnomaden-shop-dachzelte-flensboxx-biwak_2-768x579.webp",768,579,true],"large":["https:\/\/dachzeltnomaden.com\/shop\/wp-content\/uploads\/2026\/01\/dachzeltnomaden-shop-dachzelte-flensboxx-biwak_2-679x512.webp",679,512,true],"1536x1536":["https:\/\/dachzeltnomaden.com\/shop\/wp-content\/uploads\/2026\/01\/dachzeltnomaden-shop-dachzelte-flensboxx-biwak_2.webp",800,603,false],"2048x2048":["https:\/\/dachzeltnomaden.com\/shop\/wp-content\/uploads\/2026\/01\/dachzeltnomaden-shop-dachzelte-flensboxx-biwak_2.webp",800,603,false],"woocommerce_thumbnail":["https:\/\/dachzeltnomaden.com\/shop\/wp-content\/uploads\/2026\/01\/dachzeltnomaden-shop-dachzelte-flensboxx-biwak_2-600x600.webp",600,600,true],"woocommerce_single":["https:\/\/dachzeltnomaden.com\/shop\/wp-content\/uploads\/2026\/01\/dachzeltnomaden-shop-dachzelte-flensboxx-biwak_2.webp",800,603,false],"woocommerce_gallery_thumbnail":["https:\/\/dachzeltnomaden.com\/shop\/wp-content\/uploads\/2026\/01\/dachzeltnomaden-shop-dachzelte-flensboxx-biwak_2-100x100.webp",100,100,true]},"uagb_author_info":{"display_name":"admin","author_link":"https:\/\/dachzeltnomaden.com\/shop\/author\/"},"uagb_comment_info":0,"uagb_excerpt":"Two in One &#8211; Dachbox und Dachzelt in einem. Auf dem Weg in den Urlaub ist das Biwak als Dachbox [&hellip;]","_links":{"self":[{"href":"https:\/\/dachzeltnomaden.com\/shop\/wp-json\/wp\/v2\/product\/138612","targetHints":{"allow":["GET"]}}],"collection":[{"href":"https:\/\/dachzeltnomaden.com\/shop\/wp-json\/wp\/v2\/product"}],"about":[{"href":"https:\/\/dachzeltnomaden.com\/shop\/wp-json\/wp\/v2\/types\/product"}],"wp:featuredmedia":[{"embeddable":true,"href":"https:\/\/dachzeltnomaden.com\/shop\/wp-json\/wp\/v2\/media\/139007"}],"wp:attachment":[{"href":"https:\/\/dachzeltnomaden.com\/shop\/wp-json\/wp\/v2\/media?parent=138612"}],"wp:term":[{"taxonomy":"product_brand","embeddable":true,"href":"https:\/\/dachzeltnomaden.com\/shop\/wp-json\/wp\/v2\/product_brand?post=138612"},{"taxonomy":"product_cat","embeddable":true,"href":"https:\/\/dachzeltnomaden.com\/shop\/wp-json\/wp\/v2\/product_cat?post=138612"},{"taxonomy":"product_tag","embeddable":true,"href":"https:\/\/dachzeltnomaden.com\/shop\/wp-json\/wp\/v2\/product_tag?post=138612"}],"curies":[{"name":"wp","href":"https:\/\/api.w.org\/{rel}","templated":true}]}}