{"id":138373,"date":"2026-01-24T03:44:38","date_gmt":"2026-01-24T02:44:38","guid":{"rendered":"https:\/\/dachzeltnomaden.com\/shop\/?post_type=product&#038;p=138373"},"modified":"2026-01-24T04:00:33","modified_gmt":"2026-01-24T03:00:33","slug":"mahana-moenga-thermo-innenzelt","status":"publish","type":"product","link":"https:\/\/dachzeltnomaden.com\/shop\/produkt\/mahana-moenga-thermo-innenzelt\/","title":{"rendered":"mahana moenga &#8211; Thermo Innenzelt"},"content":{"rendered":"\n<p>Das punii Thermoinnenzelt h\u00e4lt dich auch an kalten N\u00e4chten zuverl\u00e4ssig warm und macht dein Dachzelt noch gem\u00fctlicher. Es wird einfach am Zeltgest\u00e4nge eingeh\u00e4ngt und passt in alle moenga Modelle \u2013 bitte die passende Gr\u00f6\u00dfe bestellen. Perfekt als Erg\u00e4nzung f\u00fcr Fr\u00fchling, Herbst und kalte Wintern\u00e4chte, sorgt das Thermo-Inlay f\u00fcr ein kuscheliges, zugfreies Raumklima und extra Wohlf\u00fchlfaktor auf jedem Abenteuer.<\/p>\n\n\n\n<h3 class=\"wp-block-heading\">Besondere Features<\/h3>\n\n\n\n<ul style=\"margin-bottom:30px\" class=\"wp-block-list\">\n<li><strong>Passt in alle moenga Dachzelte<\/strong>\u00a0\u2013 bitte passende Gr\u00f6\u00dfe w\u00e4hlen<\/li>\n\n\n\n<li><strong>Einfach einzuh\u00e4ngen<\/strong>\u00a0\u2013 wird am vorhandenen Zeltgest\u00e4nge befestigt<\/li>\n\n\n\n<li><strong>Sorgt f\u00fcr ein warmes Schlafklima<\/strong>\u00a0bei k\u00fchlen Temperaturen<\/li>\n<\/ul>\n\n\n\n<h3 class=\"wp-block-heading\">Produktdetails<\/h3>\n\n\n\n<ul style=\"margin-bottom:30px\" class=\"wp-block-list\">\n<li><strong>Material: <\/strong>warmes, isolierendes Inlay mit atmungsaktivem Aufbau<\/li>\n\n\n\n<li><strong>Befestigung: <\/strong>Einhaken am vorhandenen Zeltgest\u00e4nge<\/li>\n\n\n\n<li><strong>Kompatibilit\u00e4t:<\/strong> koru S, moenga S, M, L, XL<\/li>\n<\/ul>\n\n\n\n<h3 class=\"wp-block-heading\">Technische Daten<\/h3>\n\n\n\n<ul class=\"wp-block-list\">\n<li>Passend f\u00fcr alle moenga und koru Dachzelte.<\/li>\n\n\n\n<li><strong>Bitte passende Gr\u00f6\u00dfe w\u00e4hlen<\/strong><\/li>\n<\/ul>\n\n\n\n<h3 class=\"wp-block-heading\">Lieferumfang<\/h3>\n\n\n\n<ul class=\"wp-block-list\">\n<li>1 Thermoinlay mit Befestigungshaken<\/li>\n<\/ul>\n","protected":false},"excerpt":{"rendered":"<p>Das punii Thermoinnenzelt h\u00e4lt dich auch an kalten N\u00e4chten zuverl\u00e4ssig warm und macht dein Dachzelt noch gem\u00fctlicher. Es wird einfach [&hellip;]<\/p>\n","protected":false},"featured_media":138381,"template":"","meta":{"_uag_custom_page_level_css":"","site-sidebar-layout":"default","site-content-layout":"","ast-site-content-layout":"default","site-content-style":"default","site-sidebar-style":"default","ast-global-header-display":"","ast-banner-title-visibility":"","ast-main-header-display":"","ast-hfb-above-header-display":"","ast-hfb-below-header-display":"","ast-hfb-mobile-header-display":"","site-post-title":"","ast-breadcrumbs-content":"","ast-featured-img":"","footer-sml-layout":"","ast-disable-related-posts":"","theme-transparent-header-meta":"","adv-header-id-meta":"","stick-header-meta":"","header-above-stick-meta":"","header-main-stick-meta":"","header-below-stick-meta":"","astra-migrate-meta-layouts":"default","ast-page-background-enabled":"default","ast-page-background-meta":{"desktop":{"background-color":"var(--ast-global-color-4)","background-image":"","background-repeat":"repeat","background-position":"center center","background-size":"auto","background-attachment":"scroll","background-type":"","background-media":"","overlay-type":"","overlay-color":"","overlay-opacity":"","overlay-gradient":""},"tablet":{"background-color":"","background-image":"","background-repeat":"repeat","background-position":"center center","background-size":"auto","background-attachment":"scroll","background-type":"","background-media":"","overlay-type":"","overlay-color":"","overlay-opacity":"","overlay-gradient":""},"mobile":{"background-color":"","background-image":"","background-repeat":"repeat","background-position":"center center","background-size":"auto","background-attachment":"scroll","background-type":"","background-media":"","overlay-type":"","overlay-color":"","overlay-opacity":"","overlay-gradient":""}},"ast-content-background-meta":{"desktop":{"background-color":"var(--ast-global-color-5)","background-image":"","background-repeat":"repeat","background-position":"center center","background-size":"auto","background-attachment":"scroll","background-type":"","background-media":"","overlay-type":"","overlay-color":"","overlay-opacity":"","overlay-gradient":""},"tablet":{"background-color":"var(--ast-global-color-5)","background-image":"","background-repeat":"repeat","background-position":"center center","background-size":"auto","background-attachment":"scroll","background-type":"","background-media":"","overlay-type":"","overlay-color":"","overlay-opacity":"","overlay-gradient":""},"mobile":{"background-color":"var(--ast-global-color-5)","background-image":"","background-repeat":"repeat","background-position":"center center","background-size":"auto","background-attachment":"scroll","background-type":"","background-media":"","overlay-type":"","overlay-color":"","overlay-opacity":"","overlay-gradient":""}},"_themeisle_gutenberg_block_has_review":false},"product_brand":[],"product_cat":[127],"product_tag":[],"class_list":{"0":"post-138373","1":"product","2":"type-product","3":"status-publish","4":"has-post-thumbnail","6":"product_cat-neue-dachzelte-kaufen","7":"desktop-align-left","8":"tablet-align-left","9":"mobile-align-left","10":"ast-product-gallery-layout-vertical-slider","11":"ast-product-single-variable","12":"ast-product-tabs-layout-horizontal","14":"first","15":"instock","16":"taxable","17":"shipping-taxable","18":"purchasable","19":"product-type-variable"},"exclude_global_add_ons":[],"addons":[],"uagb_featured_image_src":{"full":["https:\/\/dachzeltnomaden.com\/shop\/wp-content\/uploads\/2026\/01\/dachzeltnomaden-punii-dachzelte-zubehoer-moenga_koru-thermo-innenzelt-kaufen.webp",800,602,false],"thumbnail":["https:\/\/dachzeltnomaden.com\/shop\/wp-content\/uploads\/2026\/01\/dachzeltnomaden-punii-dachzelte-zubehoer-moenga_koru-thermo-innenzelt-kaufen-600x600.webp",600,600,true],"medium":["https:\/\/dachzeltnomaden.com\/shop\/wp-content\/uploads\/2026\/01\/dachzeltnomaden-punii-dachzelte-zubehoer-moenga_koru-thermo-innenzelt-kaufen-300x226.webp",300,226,true],"medium_large":["https:\/\/dachzeltnomaden.com\/shop\/wp-content\/uploads\/2026\/01\/dachzeltnomaden-punii-dachzelte-zubehoer-moenga_koru-thermo-innenzelt-kaufen-768x578.webp",768,578,true],"large":["https:\/\/dachzeltnomaden.com\/shop\/wp-content\/uploads\/2026\/01\/dachzeltnomaden-punii-dachzelte-zubehoer-moenga_koru-thermo-innenzelt-kaufen-680x512.webp",680,512,true],"1536x1536":["https:\/\/dachzeltnomaden.com\/shop\/wp-content\/uploads\/2026\/01\/dachzeltnomaden-punii-dachzelte-zubehoer-moenga_koru-thermo-innenzelt-kaufen.webp",800,602,false],"2048x2048":["https:\/\/dachzeltnomaden.com\/shop\/wp-content\/uploads\/2026\/01\/dachzeltnomaden-punii-dachzelte-zubehoer-moenga_koru-thermo-innenzelt-kaufen.webp",800,602,false],"woocommerce_thumbnail":["https:\/\/dachzeltnomaden.com\/shop\/wp-content\/uploads\/2026\/01\/dachzeltnomaden-punii-dachzelte-zubehoer-moenga_koru-thermo-innenzelt-kaufen-600x600.webp",600,600,true],"woocommerce_single":["https:\/\/dachzeltnomaden.com\/shop\/wp-content\/uploads\/2026\/01\/dachzeltnomaden-punii-dachzelte-zubehoer-moenga_koru-thermo-innenzelt-kaufen.webp",800,602,false],"woocommerce_gallery_thumbnail":["https:\/\/dachzeltnomaden.com\/shop\/wp-content\/uploads\/2026\/01\/dachzeltnomaden-punii-dachzelte-zubehoer-moenga_koru-thermo-innenzelt-kaufen-100x100.webp",100,100,true]},"uagb_author_info":{"display_name":"Jasmine","author_link":"https:\/\/dachzeltnomaden.com\/shop\/author\/"},"uagb_comment_info":0,"uagb_excerpt":"Das punii Thermoinnenzelt h\u00e4lt dich auch an kalten N\u00e4chten zuverl\u00e4ssig warm und macht dein Dachzelt noch gem\u00fctlicher. Es wird einfach [&hellip;]","_links":{"self":[{"href":"https:\/\/dachzeltnomaden.com\/shop\/wp-json\/wp\/v2\/product\/138373","targetHints":{"allow":["GET"]}}],"collection":[{"href":"https:\/\/dachzeltnomaden.com\/shop\/wp-json\/wp\/v2\/product"}],"about":[{"href":"https:\/\/dachzeltnomaden.com\/shop\/wp-json\/wp\/v2\/types\/product"}],"wp:featuredmedia":[{"embeddable":true,"href":"https:\/\/dachzeltnomaden.com\/shop\/wp-json\/wp\/v2\/media\/138381"}],"wp:attachment":[{"href":"https:\/\/dachzeltnomaden.com\/shop\/wp-json\/wp\/v2\/media?parent=138373"}],"wp:term":[{"taxonomy":"product_brand","embeddable":true,"href":"https:\/\/dachzeltnomaden.com\/shop\/wp-json\/wp\/v2\/product_brand?post=138373"},{"taxonomy":"product_cat","embeddable":true,"href":"https:\/\/dachzeltnomaden.com\/shop\/wp-json\/wp\/v2\/product_cat?post=138373"},{"taxonomy":"product_tag","embeddable":true,"href":"https:\/\/dachzeltnomaden.com\/shop\/wp-json\/wp\/v2\/product_tag?post=138373"}],"curies":[{"name":"wp","href":"https:\/\/api.w.org\/{rel}","templated":true}]}}