{"id":138361,"date":"2026-01-24T03:15:32","date_gmt":"2026-01-24T02:15:32","guid":{"rendered":"https:\/\/dachzeltnomaden.com\/shop\/?post_type=product&#038;p=138361"},"modified":"2026-01-24T03:31:12","modified_gmt":"2026-01-24T02:31:12","slug":"para-moenga-sonnensegel-rainfly","status":"publish","type":"product","link":"https:\/\/dachzeltnomaden.com\/shop\/produkt\/para-moenga-sonnensegel-rainfly\/","title":{"rendered":"para moenga &#8211; Sonnensegel &amp; Rainfly"},"content":{"rendered":"\n<p>Mit dem Sonnensegel erweiterst du dein moenga Dachzelt um einen gesch\u00fctzten Bereich direkt am Eingang \u2013 ideal als Schattenplatz, Regenschutz oder kleine Outdoor-K\u00fcche. Der \u00fcberdachte Eingang macht den Einstieg ins Zelt angenehmer und gibt dir mehr nutzbaren Raum, egal ob beim Fr\u00fchst\u00fccken, Schuhe anziehen oder einfach zum Chillen im Schatten.<br><br>Das Sonnensegel wird einfach mit Rei\u00df- und Klettverschluss am Rainfly befestigt und ist in wenigen Minuten aufgebaut. Stabil, flexibel und perfekt f\u00fcr alle, die beim Campen ein bisschen mehr Komfort m\u00f6chten.<br><br><strong>Wichtig:<\/strong><br>Dieses Produkt ist passend f\u00fcr moenga S, M und bereits ausgelieferte moenga L und moenga XL. Diese Modelle ben\u00f6tigen dieses Rainfly mit Rei\u00dfverschluss.<\/p>\n\n\n\n<h3 class=\"wp-block-heading\">Besondere Features<\/h3>\n\n\n\n<ul style=\"margin-bottom:30px\" class=\"wp-block-list\">\n<li>Erweiterter, gesch\u00fctzter Bereich direkt am Eingang<\/li>\n\n\n\n<li>Ideal als Sonnen- oder Regenschutz<\/li>\n\n\n\n<li>Schnelle Befestigung per Rei\u00df- und Klettverschluss<\/li>\n\n\n\n<li>Stabiler Stand dank Abspannseilen und Stangen<\/li>\n\n\n\n<li>Passgenau f\u00fcr moenga Dachzelte<\/li>\n<\/ul>\n\n\n\n<h3 class=\"wp-block-heading\">Produktdetails<\/h3>\n\n\n\n<ul style=\"margin-bottom:30px\" class=\"wp-block-list\">\n<li>Material: robustes, wetterfestes Polyestergewebe<\/li>\n\n\n\n<li>Befestigung: Rei\u00df- und Klettverschluss am Rainfly<\/li>\n\n\n\n<li>Aufbauzeit: wenige Minuten<\/li>\n\n\n\n<li>Kompatibilit\u00e4t: moenga Dachzelte<\/li>\n<\/ul>\n\n\n\n<h3 class=\"wp-block-heading\">Technische Daten<\/h3>\n\n\n\n<ul class=\"wp-block-list\">\n<li>Stoff: 420D Rip-Stop Polyester Oxford, 2500 mm Wassers\u00e4ule, Schimmelresistent<\/li>\n\n\n\n<li><strong>Gr\u00f6\u00dfen:<\/strong> siehe Bilder<\/li>\n<\/ul>\n\n\n\n<figure class=\"wp-block-gallery has-nested-images columns-2 is-cropped wp-block-gallery-1 is-layout-flex wp-block-gallery-is-layout-flex\" style=\"margin-bottom:30px\">\n<figure class=\"wp-block-image size-large has-custom-border\"><img decoding=\"async\" width=\"800\" height=\"501\" data-id=\"138366\" src=\"https:\/\/dachzeltnomaden.com\/shop\/wp-content\/uploads\/2026\/01\/dachzeltnomaden-punii-dachzelte-zubehoer-para-sonnensegel-rainfly-moenga-S.webp\" alt=\"punii dachzelt zubehoer sonnensegel rainfly kaufen\" class=\"wp-image-138366\" style=\"border-top-left-radius:10px;border-top-right-radius:10px;border-bottom-left-radius:10px;border-bottom-right-radius:10px\" srcset=\"https:\/\/dachzeltnomaden.com\/shop\/wp-content\/uploads\/2026\/01\/dachzeltnomaden-punii-dachzelte-zubehoer-para-sonnensegel-rainfly-moenga-S.webp 800w, https:\/\/dachzeltnomaden.com\/shop\/wp-content\/uploads\/2026\/01\/dachzeltnomaden-punii-dachzelte-zubehoer-para-sonnensegel-rainfly-moenga-S-300x188.webp 300w, https:\/\/dachzeltnomaden.com\/shop\/wp-content\/uploads\/2026\/01\/dachzeltnomaden-punii-dachzelte-zubehoer-para-sonnensegel-rainfly-moenga-S-768x481.webp 768w\" sizes=\"(max-width: 800px) 100vw, 800px\" \/><\/figure>\n\n\n\n<figure class=\"wp-block-image size-large has-custom-border\"><img decoding=\"async\" width=\"800\" height=\"499\" data-id=\"138367\" src=\"https:\/\/dachzeltnomaden.com\/shop\/wp-content\/uploads\/2026\/01\/dachzeltnomaden-punii-dachzelte-zubehoer-para-sonnensegel-rainfly-moenga-M.webp\" alt=\"punii dachzelt zubehoer sonnensegel rainfly kaufen\" class=\"wp-image-138367\" style=\"border-top-left-radius:10px;border-top-right-radius:10px;border-bottom-left-radius:10px;border-bottom-right-radius:10px\" srcset=\"https:\/\/dachzeltnomaden.com\/shop\/wp-content\/uploads\/2026\/01\/dachzeltnomaden-punii-dachzelte-zubehoer-para-sonnensegel-rainfly-moenga-M.webp 800w, https:\/\/dachzeltnomaden.com\/shop\/wp-content\/uploads\/2026\/01\/dachzeltnomaden-punii-dachzelte-zubehoer-para-sonnensegel-rainfly-moenga-M-300x187.webp 300w, https:\/\/dachzeltnomaden.com\/shop\/wp-content\/uploads\/2026\/01\/dachzeltnomaden-punii-dachzelte-zubehoer-para-sonnensegel-rainfly-moenga-M-768x479.webp 768w\" sizes=\"(max-width: 800px) 100vw, 800px\" \/><\/figure>\n\n\n\n<figure class=\"wp-block-image size-large has-custom-border\"><img decoding=\"async\" width=\"800\" height=\"482\" data-id=\"138369\" src=\"https:\/\/dachzeltnomaden.com\/shop\/wp-content\/uploads\/2026\/01\/dachzeltnomaden-punii-dachzelte-zubehoer-para-sonnensegel-rainfly-moenga-L.webp\" alt=\"punii dachzelt zubehoer sonnensegel rainfly kaufen\" class=\"wp-image-138369\" style=\"border-top-left-radius:10px;border-top-right-radius:10px;border-bottom-left-radius:10px;border-bottom-right-radius:10px\" srcset=\"https:\/\/dachzeltnomaden.com\/shop\/wp-content\/uploads\/2026\/01\/dachzeltnomaden-punii-dachzelte-zubehoer-para-sonnensegel-rainfly-moenga-L.webp 800w, https:\/\/dachzeltnomaden.com\/shop\/wp-content\/uploads\/2026\/01\/dachzeltnomaden-punii-dachzelte-zubehoer-para-sonnensegel-rainfly-moenga-L-300x181.webp 300w, https:\/\/dachzeltnomaden.com\/shop\/wp-content\/uploads\/2026\/01\/dachzeltnomaden-punii-dachzelte-zubehoer-para-sonnensegel-rainfly-moenga-L-768x463.webp 768w\" sizes=\"(max-width: 800px) 100vw, 800px\" \/><\/figure>\n\n\n\n<figure class=\"wp-block-image size-large has-custom-border\"><img decoding=\"async\" width=\"800\" height=\"489\" data-id=\"138368\" src=\"https:\/\/dachzeltnomaden.com\/shop\/wp-content\/uploads\/2026\/01\/dachzeltnomaden-punii-dachzelte-zubehoer-para-sonnensegel-rainfly-moenga-XL.webp\" alt=\"punii dachzelt zubehoer sonnensegel rainfly kaufen\" class=\"wp-image-138368\" style=\"border-top-left-radius:10px;border-top-right-radius:10px;border-bottom-left-radius:10px;border-bottom-right-radius:10px\" srcset=\"https:\/\/dachzeltnomaden.com\/shop\/wp-content\/uploads\/2026\/01\/dachzeltnomaden-punii-dachzelte-zubehoer-para-sonnensegel-rainfly-moenga-XL.webp 800w, https:\/\/dachzeltnomaden.com\/shop\/wp-content\/uploads\/2026\/01\/dachzeltnomaden-punii-dachzelte-zubehoer-para-sonnensegel-rainfly-moenga-XL-300x183.webp 300w, https:\/\/dachzeltnomaden.com\/shop\/wp-content\/uploads\/2026\/01\/dachzeltnomaden-punii-dachzelte-zubehoer-para-sonnensegel-rainfly-moenga-XL-768x469.webp 768w\" sizes=\"(max-width: 800px) 100vw, 800px\" \/><\/figure>\n<\/figure>\n\n\n\n<h3 class=\"wp-block-heading\">Lieferumfang<\/h3>\n\n\n\n<ul class=\"wp-block-list\">\n<li>1 x Rainfly<\/li>\n\n\n\n<li>1 \u00d7 Sonnensegel<\/li>\n\n\n\n<li>2 \u00d7 Stangen<\/li>\n\n\n\n<li>4 \u00d7 Abspannseile<\/li>\n\n\n\n<li>4 \u00d7 Erdanker<\/li>\n<\/ul>\n","protected":false},"excerpt":{"rendered":"<p>Mit dem Sonnensegel erweiterst du dein moenga Dachzelt um einen gesch\u00fctzten Bereich direkt am Eingang \u2013 ideal als Schattenplatz, Regenschutz [&hellip;]<\/p>\n","protected":false},"featured_media":138370,"template":"","meta":{"_uag_custom_page_level_css":"","site-sidebar-layout":"default","site-content-layout":"","ast-site-content-layout":"default","site-content-style":"default","site-sidebar-style":"default","ast-global-header-display":"","ast-banner-title-visibility":"","ast-main-header-display":"","ast-hfb-above-header-display":"","ast-hfb-below-header-display":"","ast-hfb-mobile-header-display":"","site-post-title":"","ast-breadcrumbs-content":"","ast-featured-img":"","footer-sml-layout":"","ast-disable-related-posts":"","theme-transparent-header-meta":"","adv-header-id-meta":"","stick-header-meta":"","header-above-stick-meta":"","header-main-stick-meta":"","header-below-stick-meta":"","astra-migrate-meta-layouts":"default","ast-page-background-enabled":"default","ast-page-background-meta":{"desktop":{"background-color":"var(--ast-global-color-4)","background-image":"","background-repeat":"repeat","background-position":"center center","background-size":"auto","background-attachment":"scroll","background-type":"","background-media":"","overlay-type":"","overlay-color":"","overlay-opacity":"","overlay-gradient":""},"tablet":{"background-color":"","background-image":"","background-repeat":"repeat","background-position":"center center","background-size":"auto","background-attachment":"scroll","background-type":"","background-media":"","overlay-type":"","overlay-color":"","overlay-opacity":"","overlay-gradient":""},"mobile":{"background-color":"","background-image":"","background-repeat":"repeat","background-position":"center center","background-size":"auto","background-attachment":"scroll","background-type":"","background-media":"","overlay-type":"","overlay-color":"","overlay-opacity":"","overlay-gradient":""}},"ast-content-background-meta":{"desktop":{"background-color":"var(--ast-global-color-5)","background-image":"","background-repeat":"repeat","background-position":"center center","background-size":"auto","background-attachment":"scroll","background-type":"","background-media":"","overlay-type":"","overlay-color":"","overlay-opacity":"","overlay-gradient":""},"tablet":{"background-color":"var(--ast-global-color-5)","background-image":"","background-repeat":"repeat","background-position":"center center","background-size":"auto","background-attachment":"scroll","background-type":"","background-media":"","overlay-type":"","overlay-color":"","overlay-opacity":"","overlay-gradient":""},"mobile":{"background-color":"var(--ast-global-color-5)","background-image":"","background-repeat":"repeat","background-position":"center center","background-size":"auto","background-attachment":"scroll","background-type":"","background-media":"","overlay-type":"","overlay-color":"","overlay-opacity":"","overlay-gradient":""}},"_themeisle_gutenberg_block_has_review":false},"product_brand":[],"product_cat":[127],"product_tag":[],"class_list":{"0":"post-138361","1":"product","2":"type-product","3":"status-publish","4":"has-post-thumbnail","6":"product_cat-neue-dachzelte-kaufen","7":"desktop-align-left","8":"tablet-align-left","9":"mobile-align-left","10":"ast-product-gallery-layout-vertical-slider","11":"ast-product-single-variable","12":"ast-product-tabs-layout-horizontal","14":"first","15":"instock","16":"taxable","17":"shipping-taxable","18":"purchasable","19":"product-type-variable"},"exclude_global_add_ons":[],"addons":[],"uagb_featured_image_src":{"full":["https:\/\/dachzeltnomaden.com\/shop\/wp-content\/uploads\/2026\/01\/dachzeltnomaden-punii-dachzelte-zubehoer-para-sonnensegel-moenga-rainfly-kaufen.webp",800,640,false],"thumbnail":["https:\/\/dachzeltnomaden.com\/shop\/wp-content\/uploads\/2026\/01\/dachzeltnomaden-punii-dachzelte-zubehoer-para-sonnensegel-moenga-rainfly-kaufen-600x600.webp",600,600,true],"medium":["https:\/\/dachzeltnomaden.com\/shop\/wp-content\/uploads\/2026\/01\/dachzeltnomaden-punii-dachzelte-zubehoer-para-sonnensegel-moenga-rainfly-kaufen-300x240.webp",300,240,true],"medium_large":["https:\/\/dachzeltnomaden.com\/shop\/wp-content\/uploads\/2026\/01\/dachzeltnomaden-punii-dachzelte-zubehoer-para-sonnensegel-moenga-rainfly-kaufen-768x614.webp",768,614,true],"large":["https:\/\/dachzeltnomaden.com\/shop\/wp-content\/uploads\/2026\/01\/dachzeltnomaden-punii-dachzelte-zubehoer-para-sonnensegel-moenga-rainfly-kaufen-640x512.webp",640,512,true],"1536x1536":["https:\/\/dachzeltnomaden.com\/shop\/wp-content\/uploads\/2026\/01\/dachzeltnomaden-punii-dachzelte-zubehoer-para-sonnensegel-moenga-rainfly-kaufen.webp",800,640,false],"2048x2048":["https:\/\/dachzeltnomaden.com\/shop\/wp-content\/uploads\/2026\/01\/dachzeltnomaden-punii-dachzelte-zubehoer-para-sonnensegel-moenga-rainfly-kaufen.webp",800,640,false],"woocommerce_thumbnail":["https:\/\/dachzeltnomaden.com\/shop\/wp-content\/uploads\/2026\/01\/dachzeltnomaden-punii-dachzelte-zubehoer-para-sonnensegel-moenga-rainfly-kaufen-600x600.webp",600,600,true],"woocommerce_single":["https:\/\/dachzeltnomaden.com\/shop\/wp-content\/uploads\/2026\/01\/dachzeltnomaden-punii-dachzelte-zubehoer-para-sonnensegel-moenga-rainfly-kaufen.webp",800,640,false],"woocommerce_gallery_thumbnail":["https:\/\/dachzeltnomaden.com\/shop\/wp-content\/uploads\/2026\/01\/dachzeltnomaden-punii-dachzelte-zubehoer-para-sonnensegel-moenga-rainfly-kaufen-100x100.webp",100,100,true]},"uagb_author_info":{"display_name":"Jasmine","author_link":"https:\/\/dachzeltnomaden.com\/shop\/author\/"},"uagb_comment_info":0,"uagb_excerpt":"Mit dem Sonnensegel erweiterst du dein moenga Dachzelt um einen gesch\u00fctzten Bereich direkt am Eingang \u2013 ideal als Schattenplatz, Regenschutz [&hellip;]","_links":{"self":[{"href":"https:\/\/dachzeltnomaden.com\/shop\/wp-json\/wp\/v2\/product\/138361","targetHints":{"allow":["GET"]}}],"collection":[{"href":"https:\/\/dachzeltnomaden.com\/shop\/wp-json\/wp\/v2\/product"}],"about":[{"href":"https:\/\/dachzeltnomaden.com\/shop\/wp-json\/wp\/v2\/types\/product"}],"wp:featuredmedia":[{"embeddable":true,"href":"https:\/\/dachzeltnomaden.com\/shop\/wp-json\/wp\/v2\/media\/138370"}],"wp:attachment":[{"href":"https:\/\/dachzeltnomaden.com\/shop\/wp-json\/wp\/v2\/media?parent=138361"}],"wp:term":[{"taxonomy":"product_brand","embeddable":true,"href":"https:\/\/dachzeltnomaden.com\/shop\/wp-json\/wp\/v2\/product_brand?post=138361"},{"taxonomy":"product_cat","embeddable":true,"href":"https:\/\/dachzeltnomaden.com\/shop\/wp-json\/wp\/v2\/product_cat?post=138361"},{"taxonomy":"product_tag","embeddable":true,"href":"https:\/\/dachzeltnomaden.com\/shop\/wp-json\/wp\/v2\/product_tag?post=138361"}],"curies":[{"name":"wp","href":"https:\/\/api.w.org\/{rel}","templated":true}]}}