{"id":132091,"date":"2025-06-18T11:27:11","date_gmt":"2025-06-18T09:27:11","guid":{"rendered":"https:\/\/dachzeltnomaden.com\/shop\/?post_type=product&#038;p=132091"},"modified":"2025-10-17T10:17:46","modified_gmt":"2025-10-17T08:17:46","slug":"femkesrooftoptents-femkes-joycee","status":"publish","type":"product","link":"https:\/\/dachzeltnomaden.com\/shop\/produkt\/femkesrooftoptents-femkes-joycee\/","title":{"rendered":"femkesrooftoptents &#8211; Femkes JoyCee"},"content":{"rendered":"\n<h2 class=\"wp-block-heading\">Spezifikationen:<\/h2>\n\n\n\n<ul class=\"wp-block-list\">\n<li>Gr\u00f6\u00dfe ABS-Schale\/ nur Deckel: 213x141x31 cm, d.h. geschlossen<\/li>\n\n\n\n<li>Innenma\u00df\/Matratze: 210x137x123 cm, d.h. ge\u00f6ffnet<\/li>\n\n\n\n<li>Gewicht: ca. 65 kg einschlie\u00dflich Leiter und Matratze<\/li>\n\n\n\n<li>JoyCee hat keinen Sockel, sondern eine Aluminium-Bodenplatte, genau wie das Khosi<\/li>\n\n\n\n<li>Kastenmaterial: aerodynamisches ABS, wasserdicht und Aluminiumboden<\/li>\n\n\n\n<li>Material Zelt: Polyester-Mischung mit 280 g Baumwollgewebe, wasserdicht und feuerhemmend<\/li>\n\n\n\n<li>Markise: PU 3000 mm UV50+ 210 gr Oxford Versilberung<\/li>\n<\/ul>\n\n\n\n<h2 class=\"wp-block-heading\">Enth\u00e4lt:<\/h2>\n\n\n\n<ul class=\"wp-block-list\">\n<li>Das Zelt ist ausgestattet mit Moskitonetz, Matratze, 3D-Untermatratze, Leiter und 3 Aufbewahrungstaschen<\/li>\n\n\n\n<li>Die Leiter kann an 3 Seiten montiert werden, jedoch wird 1 Montageset mitgeliefert<\/li>\n\n\n\n<li>Unter der Matratze befindet sich eine ca. 1 cm dicke 3D-Netzbel\u00fcftungsmatte<\/li>\n\n\n\n<li>Selbsttragende Basis: einfach zu montieren<\/li>\n\n\n\n<li>Die Matratze hat einen Baumwollbezug mit Rei\u00dfverschluss zum Waschen<\/li>\n\n\n\n<li>Haken zum Aufh\u00e4ngen einer Lampe<\/li>\n\n\n\n<li>Satz Aluminiumrohre zum Arretieren der Gasfeder<\/li>\n<\/ul>\n\n\n\n<h2 class=\"wp-block-heading\">Optional:<\/h2>\n\n\n\n<ul class=\"wp-block-list\">\n<li>Gro\u00dfes Sonnensegel mit Rei\u00dfverschluss f\u00fcr das Auto, 240&#215;350 cm 250 Euro<\/li>\n\n\n\n<li>Separate zus\u00e4tzliche Khosi Aufbewahrungstaschen, 2 St\u00fcck 59,95 Euro<\/li>\n\n\n\n<li>Anti-Diebstahl-Kit M8, 4 St\u00fcck 55 Euro<\/li>\n\n\n\n<li>Teleskopleiter 2,6 m (Standard 2,3 m) 169,95 Euro<\/li>\n\n\n\n<li>NASA-Memoryschaum-Matratze, 3,5 cm dick mit Frotteebezug, Gr\u00f6\u00dfe 117&#215;200 cm (kleiner als die Grundmatratze wegen der Aussparungen f\u00fcr die Gasfedern) Leider liefern wir diese nicht mehr, aber IKEA oder Jysk tun es noch. Eine obere Matratze kann im geschlossenen Zustand im Zelt bleiben.<\/li>\n\n\n\n<li>Extra Montageset M8, 4 St\u00fcck 59,95 Euro<\/li>\n<\/ul>\n\n\n\n<h2 class=\"wp-block-heading\">Funktionen:<\/h2>\n\n\n\n<ul class=\"wp-block-list\">\n<li>Bettzeug und Kopfkissen k\u00f6nnen w\u00e4hrend der Reise im Zelt bleiben<\/li>\n\n\n\n<li>Das Zelt hat zwei T\u00fcren mit einer Innent\u00fcr aus sehr feinem Netz gegen Moskitos und ein gro\u00dfes Fenster (auch Eingang), ebenfalls mit Moskitonetz<\/li>\n\n\n\n<li>Abdeckhaube f\u00fcr die \u00dcberwinterung, die Kratzer und Staub verhindert, wenn das Zelt nicht in Gebrauch ist<\/li>\n\n\n\n<li>Die gro\u00dfe T\u00fcr\/Fenster kann auch als Vorzelt aufgestellt werden<\/li>\n\n\n\n<li>Bel\u00fcftung: Lasse immer irgendwo einen Spalt offen, im Fenster oder in der T\u00fcr<\/li>\n\n\n\n<li>\u00dcber den Seiteneing\u00e4ngen befinden sich &#8220;Fl\u00fcgel&#8221;, damit man trocken ins Zelt klettern kann. Diese werden mit Klettverschluss befestigt.<\/li>\n\n\n\n<li>Das kleine Vorzelt kann auch komplett mit einem Rei\u00dfverschluss abgenommen werden<\/li>\n\n\n\n<li>Die empfohlene H\u00f6chstgeschwindigkeit mit einem Dachzelt auf dem Auto betr\u00e4gt 120 Stundenkilometer<\/li>\n\n\n\n<li>Dachgep\u00e4cktr\u00e4ger: statisches Gewicht max. 300 kg. Dynamisches Gewicht max. 80 kg. Die statische Dachlast (station\u00e4r, bei Verwendung eines Dachzeltes) betr\u00e4gt maximal das Drei- bis Vierfache der dynamischen Dachlast<\/li>\n\n\n\n<li>Weitere Informationen \u00fcber Dachlasten findest du bei uns auf der Homepage unter <a href=\"https:\/\/dachzeltnomaden.com\/dachzelte-und-die-zulaessige-dachlast\/\" target=\"_blank\" rel=\"noreferrer noopener\">https:\/\/dachzeltnomaden.com\/dachzelte-und-die-zulaessige-dachlast\/<\/a><\/li>\n<\/ul>\n\n\n\n<p>Achtung! F\u00fcr fast alle Camper unter uns ist die mitgelieferte Grundmatratze von 6 cm ausreichend. F\u00fcr einige von uns ist sie nur ein wenig zu hart oder zu d\u00fcnn. Femkes liefert eine Basismatratze, es liegt an dir, diese gegebenenfalls durch eine Matratze Ihrer Wahl zu ersetzen oder eine Anpassung vorzunehmen, indem du beispielsweise eine aufblasbare Matratze darunter legst. Du kannst auch eine 3,5 cm dicke Memory-Foam-Matratze kaufen. Schlafen, wie eine Prinzessin auf der Erbse.<\/p>\n\n\n\n<h3 class=\"wp-block-heading\">Gut zu wissen:<\/h3>\n\n\n\n<p>EINE FARBE DES ZELTSTOFFS ENTH\u00c4LT MEHR PIGMENTE ALS EINE ANDERE. DIESES PIGMENT VERF\u00c4RBT SICH BEI L\u00c4NGERER SONNENEINSTRAHLUNG UND DIE FARBE VERBLASST.<\/p>\n\n\n\n<p>Auch Dachzelte brauchen Pflege, deshalb unser Rat: Legen Sie die Plane regelm\u00e4\u00dfig in 303 Aerospace Protectant, ein Spray, das vor UV-Strahlung sch\u00fctzt. Und halten Sie die Schrauben und Bolzen mit WD40 sauber.<\/p>\n","protected":false},"excerpt":{"rendered":"<p>Spezifikationen: Enth\u00e4lt: Optional: Funktionen: Achtung! F\u00fcr fast alle Camper unter uns ist die mitgelieferte Grundmatratze von 6 cm ausreichend. F\u00fcr [&hellip;]<\/p>\n","protected":false},"featured_media":132092,"template":"","meta":{"_uag_custom_page_level_css":"","site-sidebar-layout":"default","site-content-layout":"","ast-site-content-layout":"","site-content-style":"default","site-sidebar-style":"default","ast-global-header-display":"","ast-banner-title-visibility":"","ast-main-header-display":"","ast-hfb-above-header-display":"","ast-hfb-below-header-display":"","ast-hfb-mobile-header-display":"","site-post-title":"","ast-breadcrumbs-content":"","ast-featured-img":"","footer-sml-layout":"","ast-disable-related-posts":"","theme-transparent-header-meta":"","adv-header-id-meta":"","stick-header-meta":"","header-above-stick-meta":"","header-main-stick-meta":"","header-below-stick-meta":"","astra-migrate-meta-layouts":"default","ast-page-background-enabled":"default","ast-page-background-meta":{"desktop":{"background-color":"var(--ast-global-color-4)","background-image":"","background-repeat":"repeat","background-position":"center center","background-size":"auto","background-attachment":"scroll","background-type":"","background-media":"","overlay-type":"","overlay-color":"","overlay-opacity":"","overlay-gradient":""},"tablet":{"background-color":"","background-image":"","background-repeat":"repeat","background-position":"center center","background-size":"auto","background-attachment":"scroll","background-type":"","background-media":"","overlay-type":"","overlay-color":"","overlay-opacity":"","overlay-gradient":""},"mobile":{"background-color":"","background-image":"","background-repeat":"repeat","background-position":"center center","background-size":"auto","background-attachment":"scroll","background-type":"","background-media":"","overlay-type":"","overlay-color":"","overlay-opacity":"","overlay-gradient":""}},"ast-content-background-meta":{"desktop":{"background-color":"var(--ast-global-color-5)","background-image":"","background-repeat":"repeat","background-position":"center center","background-size":"auto","background-attachment":"scroll","background-type":"","background-media":"","overlay-type":"","overlay-color":"","overlay-opacity":"","overlay-gradient":""},"tablet":{"background-color":"var(--ast-global-color-5)","background-image":"","background-repeat":"repeat","background-position":"center center","background-size":"auto","background-attachment":"scroll","background-type":"","background-media":"","overlay-type":"","overlay-color":"","overlay-opacity":"","overlay-gradient":""},"mobile":{"background-color":"var(--ast-global-color-5)","background-image":"","background-repeat":"repeat","background-position":"center center","background-size":"auto","background-attachment":"scroll","background-type":"","background-media":"","overlay-type":"","overlay-color":"","overlay-opacity":"","overlay-gradient":""}},"_themeisle_gutenberg_block_has_review":false},"product_brand":[],"product_cat":[127],"product_tag":[],"class_list":{"0":"post-132091","1":"product","2":"type-product","3":"status-publish","4":"has-post-thumbnail","6":"product_cat-neue-dachzelte-kaufen","7":"product_shipping_class-femkesroftoptents","8":"desktop-align-left","9":"tablet-align-left","10":"mobile-align-left","11":"ast-product-gallery-layout-vertical-slider","12":"ast-product-gallery-with-no-image","13":"ast-product-tabs-layout-horizontal","15":"first","16":"instock","17":"taxable","18":"shipping-taxable","19":"purchasable","20":"product-type-simple"},"exclude_global_add_ons":[],"addons":[],"uagb_featured_image_src":{"full":["https:\/\/dachzeltnomaden.com\/shop\/wp-content\/uploads\/2025\/06\/femkesrooftoptents-femkes_JoyCee-Dachzelt-DZN.webp",750,477,false],"thumbnail":["https:\/\/dachzeltnomaden.com\/shop\/wp-content\/uploads\/2025\/06\/femkesrooftoptents-femkes_JoyCee-Dachzelt-DZN-600x477.webp",600,477,true],"medium":["https:\/\/dachzeltnomaden.com\/shop\/wp-content\/uploads\/2025\/06\/femkesrooftoptents-femkes_JoyCee-Dachzelt-DZN-300x191.webp",300,191,true],"medium_large":["https:\/\/dachzeltnomaden.com\/shop\/wp-content\/uploads\/2025\/06\/femkesrooftoptents-femkes_JoyCee-Dachzelt-DZN.webp",750,477,false],"large":["https:\/\/dachzeltnomaden.com\/shop\/wp-content\/uploads\/2025\/06\/femkesrooftoptents-femkes_JoyCee-Dachzelt-DZN.webp",750,477,false],"1536x1536":["https:\/\/dachzeltnomaden.com\/shop\/wp-content\/uploads\/2025\/06\/femkesrooftoptents-femkes_JoyCee-Dachzelt-DZN.webp",750,477,false],"2048x2048":["https:\/\/dachzeltnomaden.com\/shop\/wp-content\/uploads\/2025\/06\/femkesrooftoptents-femkes_JoyCee-Dachzelt-DZN.webp",750,477,false],"woocommerce_thumbnail":["https:\/\/dachzeltnomaden.com\/shop\/wp-content\/uploads\/2025\/06\/femkesrooftoptents-femkes_JoyCee-Dachzelt-DZN-600x477.webp",600,477,true],"woocommerce_single":["https:\/\/dachzeltnomaden.com\/shop\/wp-content\/uploads\/2025\/06\/femkesrooftoptents-femkes_JoyCee-Dachzelt-DZN.webp",750,477,false],"woocommerce_gallery_thumbnail":["https:\/\/dachzeltnomaden.com\/shop\/wp-content\/uploads\/2025\/06\/femkesrooftoptents-femkes_JoyCee-Dachzelt-DZN-100x100.webp",100,100,true]},"uagb_author_info":{"display_name":"admin","author_link":"https:\/\/dachzeltnomaden.com\/shop\/author\/"},"uagb_comment_info":0,"uagb_excerpt":"Spezifikationen: Enth\u00e4lt: Optional: Funktionen: Achtung! F\u00fcr fast alle Camper unter uns ist die mitgelieferte Grundmatratze von 6 cm ausreichend. F\u00fcr [&hellip;]","_links":{"self":[{"href":"https:\/\/dachzeltnomaden.com\/shop\/wp-json\/wp\/v2\/product\/132091","targetHints":{"allow":["GET"]}}],"collection":[{"href":"https:\/\/dachzeltnomaden.com\/shop\/wp-json\/wp\/v2\/product"}],"about":[{"href":"https:\/\/dachzeltnomaden.com\/shop\/wp-json\/wp\/v2\/types\/product"}],"wp:featuredmedia":[{"embeddable":true,"href":"https:\/\/dachzeltnomaden.com\/shop\/wp-json\/wp\/v2\/media\/132092"}],"wp:attachment":[{"href":"https:\/\/dachzeltnomaden.com\/shop\/wp-json\/wp\/v2\/media?parent=132091"}],"wp:term":[{"taxonomy":"product_brand","embeddable":true,"href":"https:\/\/dachzeltnomaden.com\/shop\/wp-json\/wp\/v2\/product_brand?post=132091"},{"taxonomy":"product_cat","embeddable":true,"href":"https:\/\/dachzeltnomaden.com\/shop\/wp-json\/wp\/v2\/product_cat?post=132091"},{"taxonomy":"product_tag","embeddable":true,"href":"https:\/\/dachzeltnomaden.com\/shop\/wp-json\/wp\/v2\/product_tag?post=132091"}],"curies":[{"name":"wp","href":"https:\/\/api.w.org\/{rel}","templated":true}]}}