{"id":131832,"date":"2025-05-22T06:49:11","date_gmt":"2025-05-22T04:49:11","guid":{"rendered":"https:\/\/dachzeltnomaden.com\/shop\/?post_type=product&#038;p=131832"},"modified":"2025-10-17T10:17:39","modified_gmt":"2025-10-17T08:17:39","slug":"roof-space-markisen","status":"publish","type":"product","link":"https:\/\/dachzeltnomaden.com\/shop\/produkt\/roof-space-markisen\/","title":{"rendered":"ROOF SPACE<br>Markisen"},"content":{"rendered":"\n<div class=\"wp-block-uagb-container uagb-block-be52fc24 default uagb-is-root-container\">\n<div class=\"wp-block-uagb-advanced-heading uagb-block-233add0f\"><h6 class=\"uagb-heading-text\">WERBUNG<\/h6><\/div>\n\n\n\n<p class=\"has-ast-global-color-5-color has-ast-global-color-2-background-color has-text-color has-background has-link-color wp-elements-130a1bc6547bf315fb33ec9590bce60c\">Du suchst noch nach eine Markise f\u00fcr dein Dachzelt Setup? Wie w\u00e4re es mit einer von ROOF SPACE!<br><br>*Die Links sind Affiliate Links. Wenn du dich f\u00fcr den Kauf einer ROOF SPACE Markise entscheidest, erhalten die Dachzeltnomaden eine Provision. Damit unterst\u00fctzt du uns &amp; unsere Arbeit. F\u00fcr dich kostet die Markise deshalb nicht mehr.<\/p>\n\n\n\n<div class=\"wp-block-uagb-advanced-heading uagb-block-b21af034\"><p class=\"uagb-desc-text\">Schattenpl\u00e4tzchen<\/p><h2 class=\"uagb-heading-text\"><strong>Markisen<\/strong><\/h2><div class=\"uagb-separator\"><\/div><\/div>\n\n\n\n<p>F\u00fcr ihre innovativen Dachzelte haben ROOF SPACE auch an eine Markise gedacht. <br><br>Die folgenden Markisen Modelle von ROOF SPACE sind erh\u00e4ltlich:<\/p>\n\n\n\n<div class=\"wp-block-uagb-advanced-heading uagb-block-f3c5114e\"><h3 class=\"uagb-heading-text\">LIGHT AWNING<\/h3><\/div>\n\n\n\n<p style=\"margin-bottom:0px\">Mit der Light Awning kannst du den Ausblick in die Natur in vollen Z\u00fcgen genie\u00dfen. Die Markise bietet dir nicht nur Schutz vor Sonne und Regen, sondern schafft auch einen schattigen Platz zum Entspannen. Dank der einfachen Handhabung der Light kannst du sie schnell und unkompliziert aufbauen. Genie\u00dfe deine Zeit im Freien und nutze die Vorteile der Light Awning Markise, um die sch\u00f6ne Aussicht voll auszukosten.<\/p>\n\n\n\n<p style=\"margin-bottom:0px\"><strong>Hightlights:<\/strong><\/p>\n\n\n\n<ul class=\"wp-block-list\">\n<li><strong>Sonnenschutz<\/strong>: Die Light Awning deckt eine Fl\u00e4che von 3 x 3,5 m ab.<\/li>\n\n\n\n<li>Extrem&nbsp;<strong>leicht mit nur <strong>Felixibilit\u00e4t<\/strong>: Aufgrund der mitgeliferten h\u00f6henverstellbaren Teleskopstangen indivduell anpassbar an deine Bed\u00fcrfnisse.(2.0 Meter Gr\u00f6\u00dfe)<\/strong>&nbsp;&#8211; genug Flexibilit\u00e4t f\u00fcr Dachtr\u00e4ger und Dachzelt auf deinem Dach<\/li>\n\n\n\n<li><strong>Einfacher Aufbau<\/strong>: Schneller Aufbau durch einfache Befestigung am Dachzelt.<\/li>\n<\/ul>\n\n\n\n<p style=\"margin-bottom:0px\">Die Light Awning Markise l\u00e4sst sich optimal anpassen. Die mitgelieferten Teleskopstangen sind h\u00f6henverstellbar und an verschiedenen Positionen anzubringen, sodass du die Markise flexibel einsetzen kannst. Dar\u00fcber hinaus ist die Light Awning Markise einfach zu montieren und zu demontieren, was sie zu einem idealen Begleiter f\u00fcr all deine Outdoor-Abenteuer macht. Mit ihrer robusten Konstruktion und langlebigen Materialien sorgt sie f\u00fcr zuverl\u00e4ssigen Schutz und Langlebigkeit.<br><br>Die Light Awning Markise ist mit dem Roof Space 2 und folgenden Modellen kompatibel. Leider ist die Light Awning jedoch nicht f\u00fcr das Roof Space One geeignet.<\/p>\n<\/div>\n\n\n\n<div class=\"wp-block-uagb-container uagb-block-ae00b476 default uagb-is-root-container\">\n<div class=\"wp-block-uagb-container uagb-block-3d544ad6\">\n<figure class=\"wp-block-gallery has-nested-images columns-2 is-cropped wp-block-gallery-1 is-layout-flex wp-block-gallery-is-layout-flex\">\n<figure class=\"wp-block-image alignright size-full has-custom-border is-style-default\"><img decoding=\"async\" width=\"800\" height=\"800\" data-id=\"131836\" src=\"https:\/\/dachzeltnomaden.com\/shop\/wp-content\/uploads\/2025\/05\/dachzeltnomaden-shop-markisen-roof-space-light-awning-markise_800_25.webp\" alt=\"roof space markise LIGHT AWNING kaufen\" class=\"wp-image-131836\" style=\"border-radius:10px\" srcset=\"https:\/\/dachzeltnomaden.com\/shop\/wp-content\/uploads\/2025\/05\/dachzeltnomaden-shop-markisen-roof-space-light-awning-markise_800_25.webp 800w, https:\/\/dachzeltnomaden.com\/shop\/wp-content\/uploads\/2025\/05\/dachzeltnomaden-shop-markisen-roof-space-light-awning-markise_800_25-300x300.webp 300w, https:\/\/dachzeltnomaden.com\/shop\/wp-content\/uploads\/2025\/05\/dachzeltnomaden-shop-markisen-roof-space-light-awning-markise_800_25-600x600.webp 600w, https:\/\/dachzeltnomaden.com\/shop\/wp-content\/uploads\/2025\/05\/dachzeltnomaden-shop-markisen-roof-space-light-awning-markise_800_25-768x768.webp 768w, https:\/\/dachzeltnomaden.com\/shop\/wp-content\/uploads\/2025\/05\/dachzeltnomaden-shop-markisen-roof-space-light-awning-markise_800_25-100x100.webp 100w\" sizes=\"(max-width: 800px) 100vw, 800px\" \/><\/figure>\n\n\n\n<figure class=\"wp-block-image size-full has-custom-border\"><img decoding=\"async\" width=\"800\" height=\"736\" data-id=\"131834\" src=\"https:\/\/dachzeltnomaden.com\/shop\/wp-content\/uploads\/2025\/05\/dachzeltnomaden-shop-markisen-roof-space-light-awning-markise_3_800_25.webp\" alt=\"roof space markise LIGHT AWNING kaufen\" class=\"wp-image-131834\" style=\"border-radius:10px\" srcset=\"https:\/\/dachzeltnomaden.com\/shop\/wp-content\/uploads\/2025\/05\/dachzeltnomaden-shop-markisen-roof-space-light-awning-markise_3_800_25.webp 800w, https:\/\/dachzeltnomaden.com\/shop\/wp-content\/uploads\/2025\/05\/dachzeltnomaden-shop-markisen-roof-space-light-awning-markise_3_800_25-300x276.webp 300w, https:\/\/dachzeltnomaden.com\/shop\/wp-content\/uploads\/2025\/05\/dachzeltnomaden-shop-markisen-roof-space-light-awning-markise_3_800_25-768x707.webp 768w\" sizes=\"(max-width: 800px) 100vw, 800px\" \/><\/figure>\n\n\n\n<figure class=\"wp-block-image size-full has-custom-border\"><img decoding=\"async\" width=\"750\" height=\"750\" data-id=\"131833\" src=\"https:\/\/dachzeltnomaden.com\/shop\/wp-content\/uploads\/2025\/05\/dachzeltnomaden-shop-markisen-roof-space-light-awning-markise_4_750_50.webp\" alt=\"roof space markise LIGHT AWNING kaufen\" class=\"wp-image-131833\" style=\"border-radius:10px\" srcset=\"https:\/\/dachzeltnomaden.com\/shop\/wp-content\/uploads\/2025\/05\/dachzeltnomaden-shop-markisen-roof-space-light-awning-markise_4_750_50.webp 750w, https:\/\/dachzeltnomaden.com\/shop\/wp-content\/uploads\/2025\/05\/dachzeltnomaden-shop-markisen-roof-space-light-awning-markise_4_750_50-300x300.webp 300w, https:\/\/dachzeltnomaden.com\/shop\/wp-content\/uploads\/2025\/05\/dachzeltnomaden-shop-markisen-roof-space-light-awning-markise_4_750_50-600x600.webp 600w, https:\/\/dachzeltnomaden.com\/shop\/wp-content\/uploads\/2025\/05\/dachzeltnomaden-shop-markisen-roof-space-light-awning-markise_4_750_50-100x100.webp 100w\" sizes=\"(max-width: 750px) 100vw, 750px\" \/><\/figure>\n\n\n\n<figure class=\"wp-block-image size-full has-custom-border\"><img decoding=\"async\" width=\"800\" height=\"800\" data-id=\"131835\" src=\"https:\/\/dachzeltnomaden.com\/shop\/wp-content\/uploads\/2025\/05\/dachzeltnomaden-shop-markisen-roof-space-light-awning-markise_2_800_25.webp\" alt=\"roof space markise LIGHT AWNING kaufen\" class=\"wp-image-131835\" style=\"border-radius:10px\" srcset=\"https:\/\/dachzeltnomaden.com\/shop\/wp-content\/uploads\/2025\/05\/dachzeltnomaden-shop-markisen-roof-space-light-awning-markise_2_800_25.webp 800w, https:\/\/dachzeltnomaden.com\/shop\/wp-content\/uploads\/2025\/05\/dachzeltnomaden-shop-markisen-roof-space-light-awning-markise_2_800_25-300x300.webp 300w, https:\/\/dachzeltnomaden.com\/shop\/wp-content\/uploads\/2025\/05\/dachzeltnomaden-shop-markisen-roof-space-light-awning-markise_2_800_25-600x600.webp 600w, https:\/\/dachzeltnomaden.com\/shop\/wp-content\/uploads\/2025\/05\/dachzeltnomaden-shop-markisen-roof-space-light-awning-markise_2_800_25-768x768.webp 768w, https:\/\/dachzeltnomaden.com\/shop\/wp-content\/uploads\/2025\/05\/dachzeltnomaden-shop-markisen-roof-space-light-awning-markise_2_800_25-100x100.webp 100w\" sizes=\"(max-width: 800px) 100vw, 800px\" \/><\/figure>\n<\/figure>\n<\/div>\n\n\n\n<div class=\"wp-block-uagb-container uagb-block-76ea1ad4\">\n<h4 class=\"wp-block-heading\" style=\"margin-top:0px;margin-bottom:0px\">Eigenschaften<\/h4>\n\n\n\n<ul class=\"wp-block-list\">\n<li><strong>Packma\u00df<\/strong>: 98 cm lang x 10 cm breit x 10 cm hoch<\/li>\n\n\n\n<li><strong>Gewicht<\/strong>: 3,5 kg<\/li>\n\n\n\n<li><strong>Fl\u00e4che<\/strong>: Die Fl\u00e4che der light awning betr\u00e4gt 3&#215;3,5 m im aufgestellten Zustand.<\/li>\n\n\n\n<li><strong>Funktionalit\u00e4t<\/strong>: Verschiedene Aufbaum\u00f6glichkeiten durch Teleskopstangen.<\/li>\n\n\n\n<li><strong>Lieferumfang: <\/strong>1x light awning Markise, 2x Teleskopstangen, 6x Heringe<\/li>\n<\/ul>\n\n\n\n<div class=\"wp-block-buttons is-layout-flex wp-block-buttons-is-layout-flex\">\n<div class=\"wp-block-button\"><a class=\"wp-block-button__link wp-element-button\" href=\"https:\/\/roofspace.de\/products\/light-awning-markise?ref=dzn\" target=\"_blank\" rel=\"noreferrer noopener\">Zur LIGHT AWNING<\/a><\/div>\n<\/div>\n<\/div>\n<\/div>\n","protected":false},"excerpt":{"rendered":"<p>WERBUNG Du suchst noch nach eine Markise f\u00fcr dein Dachzelt Setup? Wie w\u00e4re es mit einer von ROOF SPACE! *Die [&hellip;]<\/p>\n","protected":false},"featured_media":131836,"template":"","meta":{"_uag_custom_page_level_css":"","site-sidebar-layout":"default","site-content-layout":"","ast-site-content-layout":"","site-content-style":"default","site-sidebar-style":"default","ast-global-header-display":"","ast-banner-title-visibility":"","ast-main-header-display":"","ast-hfb-above-header-display":"","ast-hfb-below-header-display":"","ast-hfb-mobile-header-display":"","site-post-title":"","ast-breadcrumbs-content":"","ast-featured-img":"","footer-sml-layout":"","ast-disable-related-posts":"","theme-transparent-header-meta":"","adv-header-id-meta":"","stick-header-meta":"","header-above-stick-meta":"","header-main-stick-meta":"","header-below-stick-meta":"","astra-migrate-meta-layouts":"default","ast-page-background-enabled":"default","ast-page-background-meta":{"desktop":{"background-color":"var(--ast-global-color-4)","background-image":"","background-repeat":"repeat","background-position":"center center","background-size":"auto","background-attachment":"scroll","background-type":"","background-media":"","overlay-type":"","overlay-color":"","overlay-opacity":"","overlay-gradient":""},"tablet":{"background-color":"","background-image":"","background-repeat":"repeat","background-position":"center center","background-size":"auto","background-attachment":"scroll","background-type":"","background-media":"","overlay-type":"","overlay-color":"","overlay-opacity":"","overlay-gradient":""},"mobile":{"background-color":"","background-image":"","background-repeat":"repeat","background-position":"center center","background-size":"auto","background-attachment":"scroll","background-type":"","background-media":"","overlay-type":"","overlay-color":"","overlay-opacity":"","overlay-gradient":""}},"ast-content-background-meta":{"desktop":{"background-color":"var(--ast-global-color-5)","background-image":"","background-repeat":"repeat","background-position":"center center","background-size":"auto","background-attachment":"scroll","background-type":"","background-media":"","overlay-type":"","overlay-color":"","overlay-opacity":"","overlay-gradient":""},"tablet":{"background-color":"var(--ast-global-color-5)","background-image":"","background-repeat":"repeat","background-position":"center center","background-size":"auto","background-attachment":"scroll","background-type":"","background-media":"","overlay-type":"","overlay-color":"","overlay-opacity":"","overlay-gradient":""},"mobile":{"background-color":"var(--ast-global-color-5)","background-image":"","background-repeat":"repeat","background-position":"center center","background-size":"auto","background-attachment":"scroll","background-type":"","background-media":"","overlay-type":"","overlay-color":"","overlay-opacity":"","overlay-gradient":""}},"_themeisle_gutenberg_block_has_review":false},"product_brand":[],"product_cat":[101,246],"product_tag":[292],"class_list":{"0":"post-131832","1":"product","2":"type-product","3":"status-publish","4":"has-post-thumbnail","6":"product_cat-zubehoer","7":"product_cat-markisen","8":"product_tag-roof-space-markise","9":"desktop-align-left","10":"tablet-align-left","11":"mobile-align-left","12":"ast-product-gallery-layout-vertical-slider","13":"ast-product-tabs-layout-horizontal","15":"first","16":"instock","17":"taxable","18":"shipping-taxable","19":"purchasable","20":"product-type-external"},"exclude_global_add_ons":[],"addons":[],"uagb_featured_image_src":{"full":["https:\/\/dachzeltnomaden.com\/shop\/wp-content\/uploads\/2025\/05\/dachzeltnomaden-shop-markisen-roof-space-light-awning-markise_800_25.webp",800,800,false],"thumbnail":["https:\/\/dachzeltnomaden.com\/shop\/wp-content\/uploads\/2025\/05\/dachzeltnomaden-shop-markisen-roof-space-light-awning-markise_800_25-600x600.webp",600,600,true],"medium":["https:\/\/dachzeltnomaden.com\/shop\/wp-content\/uploads\/2025\/05\/dachzeltnomaden-shop-markisen-roof-space-light-awning-markise_800_25-300x300.webp",300,300,true],"medium_large":["https:\/\/dachzeltnomaden.com\/shop\/wp-content\/uploads\/2025\/05\/dachzeltnomaden-shop-markisen-roof-space-light-awning-markise_800_25-768x768.webp",768,768,true],"large":["https:\/\/dachzeltnomaden.com\/shop\/wp-content\/uploads\/2025\/05\/dachzeltnomaden-shop-markisen-roof-space-light-awning-markise_800_25.webp",512,512,false],"1536x1536":["https:\/\/dachzeltnomaden.com\/shop\/wp-content\/uploads\/2025\/05\/dachzeltnomaden-shop-markisen-roof-space-light-awning-markise_800_25.webp",800,800,false],"2048x2048":["https:\/\/dachzeltnomaden.com\/shop\/wp-content\/uploads\/2025\/05\/dachzeltnomaden-shop-markisen-roof-space-light-awning-markise_800_25.webp",800,800,false],"woocommerce_thumbnail":["https:\/\/dachzeltnomaden.com\/shop\/wp-content\/uploads\/2025\/05\/dachzeltnomaden-shop-markisen-roof-space-light-awning-markise_800_25-600x600.webp",600,600,true],"woocommerce_single":["https:\/\/dachzeltnomaden.com\/shop\/wp-content\/uploads\/2025\/05\/dachzeltnomaden-shop-markisen-roof-space-light-awning-markise_800_25.webp",800,800,false],"woocommerce_gallery_thumbnail":["https:\/\/dachzeltnomaden.com\/shop\/wp-content\/uploads\/2025\/05\/dachzeltnomaden-shop-markisen-roof-space-light-awning-markise_800_25-100x100.webp",100,100,true]},"uagb_author_info":{"display_name":"admin","author_link":"https:\/\/dachzeltnomaden.com\/shop\/author\/"},"uagb_comment_info":0,"uagb_excerpt":"WERBUNG Du suchst noch nach eine Markise f\u00fcr dein Dachzelt Setup? Wie w\u00e4re es mit einer von ROOF SPACE! *Die [&hellip;]","_links":{"self":[{"href":"https:\/\/dachzeltnomaden.com\/shop\/wp-json\/wp\/v2\/product\/131832","targetHints":{"allow":["GET"]}}],"collection":[{"href":"https:\/\/dachzeltnomaden.com\/shop\/wp-json\/wp\/v2\/product"}],"about":[{"href":"https:\/\/dachzeltnomaden.com\/shop\/wp-json\/wp\/v2\/types\/product"}],"wp:featuredmedia":[{"embeddable":true,"href":"https:\/\/dachzeltnomaden.com\/shop\/wp-json\/wp\/v2\/media\/131836"}],"wp:attachment":[{"href":"https:\/\/dachzeltnomaden.com\/shop\/wp-json\/wp\/v2\/media?parent=131832"}],"wp:term":[{"taxonomy":"product_brand","embeddable":true,"href":"https:\/\/dachzeltnomaden.com\/shop\/wp-json\/wp\/v2\/product_brand?post=131832"},{"taxonomy":"product_cat","embeddable":true,"href":"https:\/\/dachzeltnomaden.com\/shop\/wp-json\/wp\/v2\/product_cat?post=131832"},{"taxonomy":"product_tag","embeddable":true,"href":"https:\/\/dachzeltnomaden.com\/shop\/wp-json\/wp\/v2\/product_tag?post=131832"}],"curies":[{"name":"wp","href":"https:\/\/api.w.org\/{rel}","templated":true}]}}