{"id":131666,"date":"2025-04-18T05:26:48","date_gmt":"2025-04-18T03:26:48","guid":{"rendered":"https:\/\/dachzeltnomaden.com\/shop\/?post_type=product&#038;p=131666"},"modified":"2025-10-17T10:17:36","modified_gmt":"2025-10-17T08:17:36","slug":"frnkmobile-leselampe","status":"publish","type":"product","link":"https:\/\/dachzeltnomaden.com\/shop\/produkt\/frnkmobile-leselampe\/","title":{"rendered":"FRNK<br>mobile Leselampe"},"content":{"rendered":"\n<div class=\"wp-block-uagb-container uagb-block-be52fc24 default uagb-is-root-container\">\n<div class=\"wp-block-uagb-advanced-heading uagb-block-233add0f\"><h6 class=\"uagb-heading-text\">WERBUNG<\/h6><\/div>\n\n\n\n<p class=\"has-ast-global-color-5-color has-ast-global-color-2-background-color has-text-color has-background has-link-color wp-elements-72de5b98e37991db7f418f9a6947f3db\">Du suchst noch nach eine mobile Leselampe f\u00fcr dein Dachzelt? Wie w\u00e4re es mit einer von FRNK!<br><br>*Die Links sind Affiliate Links. Wenn du dich f\u00fcr den Kauf einer FRNK Leselampe entscheidest, erhalten die Dachzeltnomaden eine Provision. Damit unterst\u00fctzt du uns &amp; unsere Arbeit. F\u00fcr dich kostet die FRNK Leselampe deshalb nicht mehr.<\/p>\n\n\n\n<div class=\"wp-block-uagb-advanced-heading uagb-block-b21af034\"><p class=\"uagb-desc-text\">B\u00fccherw\u00fcrmer aufgepasst!<\/p><h2 class=\"uagb-heading-text\">Mobile Leselampe<\/h2><div class=\"uagb-separator\"><\/div><\/div>\n\n\n\n<div class=\"wp-block-uagb-advanced-heading uagb-block-58d91c69\"><h3 class=\"uagb-heading-text\">WEDO\u00ae LoopLight<\/h3><\/div>\n\n\n\n<p style=\"margin-bottom:0px\">Die mobile Leselampe. Wie ein Schal um den Hals zu h\u00e4ngen &#8211; die H\u00e4nde bleiben frei.<br><br>Das praktische aufladbare und dann kabellose WEDO\u00ae LOOPLight sorgt f\u00fcr passendes Licht punktgenau dort, wo es gebraucht wird. Wie ein Schal l\u00e4sst es sich bequem um den Nacken legen und leuchtet durch die biegsamen Teleskopenden genau da, wo es hin soll. Die H\u00e4nde bleiben frei. Die Lichtfarbe (Gelb (3000 K), Kaltwei\u00df (6000 K) und Warmwei\u00df (4000 K)) und deren Intensit\u00e4t ist in jeweils 3 Stufen auf jeder Seite einzeln w\u00e4hlbar und erzeugt so immer ein perfektes Lichtambiente.<\/p>\n<\/div>\n\n\n\n<div class=\"wp-block-uagb-container uagb-block-ae00b476 default uagb-is-root-container\">\n<div class=\"wp-block-uagb-container uagb-block-3d544ad6\">\n<figure class=\"wp-block-gallery has-nested-images columns-2 is-cropped wp-block-gallery-1 is-layout-flex wp-block-gallery-is-layout-flex\">\n<figure class=\"wp-block-image alignright size-full has-custom-border is-style-default\"><img decoding=\"async\" width=\"540\" height=\"405\" data-id=\"131670\" src=\"https:\/\/dachzeltnomaden.com\/shop\/wp-content\/uploads\/2025\/04\/dachzeltnomaden-dachzelt-zubehoer-beleuchtung-frnk-mobile-leselampe-254_22101_lesen1_540x.webp\" alt=\"frnk mobile leselampe WEDO\u00ae LoopLight kaufen\" class=\"wp-image-131670\" style=\"border-radius:10px\" srcset=\"https:\/\/dachzeltnomaden.com\/shop\/wp-content\/uploads\/2025\/04\/dachzeltnomaden-dachzelt-zubehoer-beleuchtung-frnk-mobile-leselampe-254_22101_lesen1_540x.webp 540w, https:\/\/dachzeltnomaden.com\/shop\/wp-content\/uploads\/2025\/04\/dachzeltnomaden-dachzelt-zubehoer-beleuchtung-frnk-mobile-leselampe-254_22101_lesen1_540x-300x225.webp 300w\" sizes=\"(max-width: 540px) 100vw, 540px\" \/><\/figure>\n\n\n\n<figure class=\"wp-block-image size-full has-custom-border\"><img decoding=\"async\" width=\"540\" height=\"540\" data-id=\"131671\" src=\"https:\/\/dachzeltnomaden.com\/shop\/wp-content\/uploads\/2025\/04\/dachzeltnomaden-dachzelt-zubehoer-beleuchtung-frnk-mobile-leselampe-254_22101_540x.webp\" alt=\"frnk mobile leselampe WEDO\u00ae LoopLight kaufen\" class=\"wp-image-131671\" style=\"border-radius:10px\" srcset=\"https:\/\/dachzeltnomaden.com\/shop\/wp-content\/uploads\/2025\/04\/dachzeltnomaden-dachzelt-zubehoer-beleuchtung-frnk-mobile-leselampe-254_22101_540x.webp 540w, https:\/\/dachzeltnomaden.com\/shop\/wp-content\/uploads\/2025\/04\/dachzeltnomaden-dachzelt-zubehoer-beleuchtung-frnk-mobile-leselampe-254_22101_540x-300x300.webp 300w, https:\/\/dachzeltnomaden.com\/shop\/wp-content\/uploads\/2025\/04\/dachzeltnomaden-dachzelt-zubehoer-beleuchtung-frnk-mobile-leselampe-254_22101_540x-100x100.webp 100w\" sizes=\"(max-width: 540px) 100vw, 540px\" \/><\/figure>\n\n\n\n<figure class=\"wp-block-image size-full has-custom-border\"><img decoding=\"async\" width=\"720\" height=\"540\" data-id=\"131668\" src=\"https:\/\/dachzeltnomaden.com\/shop\/wp-content\/uploads\/2025\/04\/dachzeltnomaden-dachzelt-zubehoer-beleuchtung-frnk-mobile-leselampe-254_22101_Detail_Helligkeit_720x.webp\" alt=\"frnk mobile leselampe WEDO\u00ae LoopLight kaufen\" class=\"wp-image-131668\" style=\"border-radius:10px\" srcset=\"https:\/\/dachzeltnomaden.com\/shop\/wp-content\/uploads\/2025\/04\/dachzeltnomaden-dachzelt-zubehoer-beleuchtung-frnk-mobile-leselampe-254_22101_Detail_Helligkeit_720x.webp 720w, https:\/\/dachzeltnomaden.com\/shop\/wp-content\/uploads\/2025\/04\/dachzeltnomaden-dachzelt-zubehoer-beleuchtung-frnk-mobile-leselampe-254_22101_Detail_Helligkeit_720x-300x225.webp 300w\" sizes=\"(max-width: 720px) 100vw, 720px\" \/><\/figure>\n\n\n\n<figure class=\"wp-block-image size-full has-custom-border\"><img decoding=\"async\" width=\"720\" height=\"540\" data-id=\"131667\" src=\"https:\/\/dachzeltnomaden.com\/shop\/wp-content\/uploads\/2025\/04\/dachzeltnomaden-dachzelt-zubehoer-beleuchtung-frnk-mobile-leselampe-254_22101_Leuchte_schwarz_Whell_720x.webp\" alt=\"frnk mobile leselampe WEDO\u00ae LoopLight kaufen\" class=\"wp-image-131667\" style=\"border-radius:10px\" srcset=\"https:\/\/dachzeltnomaden.com\/shop\/wp-content\/uploads\/2025\/04\/dachzeltnomaden-dachzelt-zubehoer-beleuchtung-frnk-mobile-leselampe-254_22101_Leuchte_schwarz_Whell_720x.webp 720w, https:\/\/dachzeltnomaden.com\/shop\/wp-content\/uploads\/2025\/04\/dachzeltnomaden-dachzelt-zubehoer-beleuchtung-frnk-mobile-leselampe-254_22101_Leuchte_schwarz_Whell_720x-300x225.webp 300w\" sizes=\"(max-width: 720px) 100vw, 720px\" \/><\/figure>\n<\/figure>\n<\/div>\n\n\n\n<div class=\"wp-block-uagb-container uagb-block-76ea1ad4\">\n<h4 class=\"wp-block-heading\" style=\"margin-top:0px;margin-bottom:0px\">Eigenschaften<\/h4>\n\n\n\n<ul class=\"wp-block-list\">\n<li><strong>Material:<\/strong> Metall &amp; Silikon &amp; ABS<\/li>\n\n\n\n<li><strong>Eingangsspannung:<\/strong> DC5V\/1A,Batteriekapazit\u00e4t: 800 mAh<\/li>\n\n\n\n<li><strong>Lichtintensit\u00e4t:<\/strong> 3 Stufen (3000K, 4000K, 6000K), 3 Farben (gelb, kaltwei\u00df, warmwei\u00df)<\/li>\n\n\n\n<li><strong>Ladezeit:<\/strong> 1,5 Stunden<\/li>\n\n\n\n<li><strong>Betriebsdauer: <\/strong>4 \u2013 24 H<\/li>\n\n\n\n<li><strong>Lieferumfang:<\/strong> Lieferung mit USB-Ladekabel Typ C<\/li>\n<\/ul>\n\n\n\n<div class=\"wp-block-buttons is-layout-flex wp-block-buttons-is-layout-flex\">\n<div class=\"wp-block-button\"><a class=\"wp-block-button__link wp-element-button\" href=\"https:\/\/frnk-shop.de\/collections\/alle-produkte\/products\/wedo%C2%AE-loop-light?ref=DACHZELTNOMADEN\" target=\"_blank\" rel=\"noreferrer noopener\">Zum WEDO\u00ae LoopLight<\/a><\/div>\n<\/div>\n<\/div>\n<\/div>\n\n\n\n<p><\/p>\n","protected":false},"excerpt":{"rendered":"<p>WERBUNG Du suchst noch nach eine mobile Leselampe f\u00fcr dein Dachzelt? Wie w\u00e4re es mit einer von FRNK! *Die Links [&hellip;]<\/p>\n","protected":false},"featured_media":131670,"template":"","meta":{"_uag_custom_page_level_css":"","site-sidebar-layout":"default","site-content-layout":"","ast-site-content-layout":"default","site-content-style":"default","site-sidebar-style":"default","ast-global-header-display":"","ast-banner-title-visibility":"","ast-main-header-display":"","ast-hfb-above-header-display":"","ast-hfb-below-header-display":"","ast-hfb-mobile-header-display":"","site-post-title":"","ast-breadcrumbs-content":"","ast-featured-img":"","footer-sml-layout":"","ast-disable-related-posts":"","theme-transparent-header-meta":"","adv-header-id-meta":"","stick-header-meta":"","header-above-stick-meta":"","header-main-stick-meta":"","header-below-stick-meta":"","astra-migrate-meta-layouts":"default","ast-page-background-enabled":"default","ast-page-background-meta":{"desktop":{"background-color":"var(--ast-global-color-4)","background-image":"","background-repeat":"repeat","background-position":"center center","background-size":"auto","background-attachment":"scroll","background-type":"","background-media":"","overlay-type":"","overlay-color":"","overlay-opacity":"","overlay-gradient":""},"tablet":{"background-color":"","background-image":"","background-repeat":"repeat","background-position":"center center","background-size":"auto","background-attachment":"scroll","background-type":"","background-media":"","overlay-type":"","overlay-color":"","overlay-opacity":"","overlay-gradient":""},"mobile":{"background-color":"","background-image":"","background-repeat":"repeat","background-position":"center center","background-size":"auto","background-attachment":"scroll","background-type":"","background-media":"","overlay-type":"","overlay-color":"","overlay-opacity":"","overlay-gradient":""}},"ast-content-background-meta":{"desktop":{"background-color":"var(--ast-global-color-5)","background-image":"","background-repeat":"repeat","background-position":"center center","background-size":"auto","background-attachment":"scroll","background-type":"","background-media":"","overlay-type":"","overlay-color":"","overlay-opacity":"","overlay-gradient":""},"tablet":{"background-color":"var(--ast-global-color-5)","background-image":"","background-repeat":"repeat","background-position":"center center","background-size":"auto","background-attachment":"scroll","background-type":"","background-media":"","overlay-type":"","overlay-color":"","overlay-opacity":"","overlay-gradient":""},"mobile":{"background-color":"var(--ast-global-color-5)","background-image":"","background-repeat":"repeat","background-position":"center center","background-size":"auto","background-attachment":"scroll","background-type":"","background-media":"","overlay-type":"","overlay-color":"","overlay-opacity":"","overlay-gradient":""}},"_themeisle_gutenberg_block_has_review":false},"product_brand":[],"product_cat":[101,142,157],"product_tag":[265,280],"class_list":{"0":"post-131666","1":"product","2":"type-product","3":"status-publish","4":"has-post-thumbnail","6":"product_cat-zubehoer","7":"product_cat-schlafen","8":"product_cat-outdoor-gadgets-sport","9":"product_tag-frnk","10":"product_tag-mobile-leselampe","11":"desktop-align-left","12":"tablet-align-left","13":"mobile-align-left","14":"ast-product-gallery-layout-vertical-slider","15":"ast-product-tabs-layout-horizontal","17":"first","18":"instock","19":"taxable","20":"shipping-taxable","21":"purchasable","22":"product-type-external"},"exclude_global_add_ons":[],"addons":[],"uagb_featured_image_src":{"full":["https:\/\/dachzeltnomaden.com\/shop\/wp-content\/uploads\/2025\/04\/dachzeltnomaden-dachzelt-zubehoer-beleuchtung-frnk-mobile-leselampe-254_22101_lesen1_540x.webp",540,405,false],"thumbnail":["https:\/\/dachzeltnomaden.com\/shop\/wp-content\/uploads\/2025\/04\/dachzeltnomaden-dachzelt-zubehoer-beleuchtung-frnk-mobile-leselampe-254_22101_lesen1_540x.webp",540,405,false],"medium":["https:\/\/dachzeltnomaden.com\/shop\/wp-content\/uploads\/2025\/04\/dachzeltnomaden-dachzelt-zubehoer-beleuchtung-frnk-mobile-leselampe-254_22101_lesen1_540x-300x225.webp",300,225,true],"medium_large":["https:\/\/dachzeltnomaden.com\/shop\/wp-content\/uploads\/2025\/04\/dachzeltnomaden-dachzelt-zubehoer-beleuchtung-frnk-mobile-leselampe-254_22101_lesen1_540x.webp",540,405,false],"large":["https:\/\/dachzeltnomaden.com\/shop\/wp-content\/uploads\/2025\/04\/dachzeltnomaden-dachzelt-zubehoer-beleuchtung-frnk-mobile-leselampe-254_22101_lesen1_540x.webp",540,405,false],"1536x1536":["https:\/\/dachzeltnomaden.com\/shop\/wp-content\/uploads\/2025\/04\/dachzeltnomaden-dachzelt-zubehoer-beleuchtung-frnk-mobile-leselampe-254_22101_lesen1_540x.webp",540,405,false],"2048x2048":["https:\/\/dachzeltnomaden.com\/shop\/wp-content\/uploads\/2025\/04\/dachzeltnomaden-dachzelt-zubehoer-beleuchtung-frnk-mobile-leselampe-254_22101_lesen1_540x.webp",540,405,false],"woocommerce_thumbnail":["https:\/\/dachzeltnomaden.com\/shop\/wp-content\/uploads\/2025\/04\/dachzeltnomaden-dachzelt-zubehoer-beleuchtung-frnk-mobile-leselampe-254_22101_lesen1_540x.webp",540,405,false],"woocommerce_single":["https:\/\/dachzeltnomaden.com\/shop\/wp-content\/uploads\/2025\/04\/dachzeltnomaden-dachzelt-zubehoer-beleuchtung-frnk-mobile-leselampe-254_22101_lesen1_540x.webp",540,405,false],"woocommerce_gallery_thumbnail":["https:\/\/dachzeltnomaden.com\/shop\/wp-content\/uploads\/2025\/04\/dachzeltnomaden-dachzelt-zubehoer-beleuchtung-frnk-mobile-leselampe-254_22101_lesen1_540x-100x100.webp",100,100,true]},"uagb_author_info":{"display_name":"Jasmine","author_link":"https:\/\/dachzeltnomaden.com\/shop\/author\/"},"uagb_comment_info":0,"uagb_excerpt":"WERBUNG Du suchst noch nach eine mobile Leselampe f\u00fcr dein Dachzelt? Wie w\u00e4re es mit einer von FRNK! *Die Links [&hellip;]","_links":{"self":[{"href":"https:\/\/dachzeltnomaden.com\/shop\/wp-json\/wp\/v2\/product\/131666","targetHints":{"allow":["GET"]}}],"collection":[{"href":"https:\/\/dachzeltnomaden.com\/shop\/wp-json\/wp\/v2\/product"}],"about":[{"href":"https:\/\/dachzeltnomaden.com\/shop\/wp-json\/wp\/v2\/types\/product"}],"wp:featuredmedia":[{"embeddable":true,"href":"https:\/\/dachzeltnomaden.com\/shop\/wp-json\/wp\/v2\/media\/131670"}],"wp:attachment":[{"href":"https:\/\/dachzeltnomaden.com\/shop\/wp-json\/wp\/v2\/media?parent=131666"}],"wp:term":[{"taxonomy":"product_brand","embeddable":true,"href":"https:\/\/dachzeltnomaden.com\/shop\/wp-json\/wp\/v2\/product_brand?post=131666"},{"taxonomy":"product_cat","embeddable":true,"href":"https:\/\/dachzeltnomaden.com\/shop\/wp-json\/wp\/v2\/product_cat?post=131666"},{"taxonomy":"product_tag","embeddable":true,"href":"https:\/\/dachzeltnomaden.com\/shop\/wp-json\/wp\/v2\/product_tag?post=131666"}],"curies":[{"name":"wp","href":"https:\/\/api.w.org\/{rel}","templated":true}]}}