{"id":131661,"date":"2025-04-18T03:56:14","date_gmt":"2025-04-18T01:56:14","guid":{"rendered":"https:\/\/dachzeltnomaden.com\/shop\/?post_type=product&#038;p=131661"},"modified":"2025-10-17T10:17:36","modified_gmt":"2025-10-17T08:17:36","slug":"frnkkuehltasche","status":"publish","type":"product","link":"https:\/\/dachzeltnomaden.com\/shop\/produkt\/frnkkuehltasche\/","title":{"rendered":"FRNK<br>K\u00fchltasche"},"content":{"rendered":"\n<div class=\"wp-block-uagb-container uagb-block-be52fc24 default uagb-is-root-container\">\n<div class=\"wp-block-uagb-advanced-heading uagb-block-233add0f\"><h6 class=\"uagb-heading-text\">WERBUNG<\/h6><\/div>\n\n\n\n<p class=\"has-ast-global-color-5-color has-ast-global-color-2-background-color has-text-color has-background has-link-color wp-elements-7d70a873ea0067f423fa56cbca3d5775\">Du suchst noch nach eine isolierte K\u00fchltasche f\u00fcr in deinem Auto? Wie w\u00e4re es mit einer von FRNK!<br><br>*Die Links sind Affiliate Links. Wenn du dich f\u00fcr den Kauf einer FRNK K\u00fchltasche entscheidest, erhalten die Dachzeltnomaden eine Provision. Damit unterst\u00fctzt du uns &amp; unsere Arbeit. F\u00fcr dich kostet die FRNK K\u00fchltasche deshalb nicht mehr.<\/p>\n\n\n\n<div class=\"wp-block-uagb-advanced-heading uagb-block-b21af034\"><p class=\"uagb-desc-text\">Auch an hei\u00dfen Tagen frisch!<\/p><h2 class=\"uagb-heading-text\">Isolierte K\u00fchltasche<\/h2><div class=\"uagb-separator\"><\/div><\/div>\n\n\n\n<div class=\"wp-block-uagb-advanced-heading uagb-block-58d91c69\"><h3 class=\"uagb-heading-text\">WEDO\u00ae BigBox Cooler<\/h3><\/div>\n\n\n\n<p style=\"margin-bottom:0px\">Nicht nur dir wird es im Sommer schnell zu hei\u00df &#8211; deinen Lebensmitteln und Getr\u00e4nken im Auto geht es genauso! Der <strong>BigBox Cooler von WEDO\u00ae<\/strong>&nbsp;ist die einzige K\u00fchltasche, die du brauchst. Sie l\u00e4sst sich einzeln verwenden oder perfekt als Einlage in deinem <strong>WEDO\u00ae BigBox Shopper<\/strong> platzieren.<br><br>Die thermoisolierte Box mit einem Aluminium-Innenfutter kann komplett ge\u00f6ffnet werden, sodass sie einfach be- und entladen werden kann. Durch integrierte Tragegriffe kann sie unabh\u00e4ngig vom Shopper auch als einzelne K\u00fchltasche verwendet werden. Mit gen\u00fcgend Stauraum f\u00fcr einen Wocheneinkauf und einem Volumen von bis zu 16,5 Litern bleibt die Box dank ihres intelligenten Materials bereits mit ein oder zwei K\u00fchl-Akkus kalt. Nach dem Einkauf und Transport kann die faltbare Tasche einfach zusammengelegt werden.<\/p>\n<\/div>\n\n\n\n<div class=\"wp-block-uagb-container uagb-block-ae00b476 default uagb-is-root-container\">\n<div class=\"wp-block-uagb-container uagb-block-3d544ad6\">\n<figure class=\"wp-block-gallery has-nested-images columns-2 is-cropped wp-block-gallery-1 is-layout-flex wp-block-gallery-is-layout-flex\">\n<figure class=\"wp-block-image alignright size-full has-custom-border is-style-default\"><img decoding=\"async\" width=\"720\" height=\"883\" data-id=\"131662\" src=\"https:\/\/dachzeltnomaden.com\/shop\/wp-content\/uploads\/2025\/04\/dachzeltnomaden-dachzelt-zubehoer-kuehlen-frnk-wedo-582520-cooler-02_720x.webp\" alt=\"frnk WEDO\u00ae BigBox Cooler isolierte k\u00fchltasche kaufen\" class=\"wp-image-131662\" style=\"border-radius:10px\" srcset=\"https:\/\/dachzeltnomaden.com\/shop\/wp-content\/uploads\/2025\/04\/dachzeltnomaden-dachzelt-zubehoer-kuehlen-frnk-wedo-582520-cooler-02_720x.webp 720w, https:\/\/dachzeltnomaden.com\/shop\/wp-content\/uploads\/2025\/04\/dachzeltnomaden-dachzelt-zubehoer-kuehlen-frnk-wedo-582520-cooler-02_720x-245x300.webp 245w\" sizes=\"(max-width: 720px) 100vw, 720px\" \/><\/figure>\n\n\n\n<figure class=\"wp-block-image size-full has-custom-border\"><img decoding=\"async\" width=\"720\" height=\"762\" data-id=\"131663\" src=\"https:\/\/dachzeltnomaden.com\/shop\/wp-content\/uploads\/2025\/04\/dachzeltnomaden-dachzelt-zubehoer-kuehlen-frnk-wedo-582520-cooler-03_720x.webp\" alt=\"frnk WEDO\u00ae BigBox Cooler isolierte k\u00fchltasche kaufen\" class=\"wp-image-131663\" style=\"border-radius:10px\" srcset=\"https:\/\/dachzeltnomaden.com\/shop\/wp-content\/uploads\/2025\/04\/dachzeltnomaden-dachzelt-zubehoer-kuehlen-frnk-wedo-582520-cooler-03_720x.webp 720w, https:\/\/dachzeltnomaden.com\/shop\/wp-content\/uploads\/2025\/04\/dachzeltnomaden-dachzelt-zubehoer-kuehlen-frnk-wedo-582520-cooler-03_720x-283x300.webp 283w\" sizes=\"(max-width: 720px) 100vw, 720px\" \/><\/figure>\n\n\n\n<figure class=\"wp-block-image size-full has-custom-border\"><img decoding=\"async\" width=\"720\" height=\"720\" data-id=\"131665\" src=\"https:\/\/dachzeltnomaden.com\/shop\/wp-content\/uploads\/2025\/04\/frnk-big-box-cooler-02_720x.webp\" alt=\"frnk WEDO\u00ae BigBox Cooler isolierte k\u00fchltasche kaufen\" class=\"wp-image-131665\" style=\"border-radius:10px\" srcset=\"https:\/\/dachzeltnomaden.com\/shop\/wp-content\/uploads\/2025\/04\/frnk-big-box-cooler-02_720x.webp 720w, https:\/\/dachzeltnomaden.com\/shop\/wp-content\/uploads\/2025\/04\/frnk-big-box-cooler-02_720x-300x300.webp 300w, https:\/\/dachzeltnomaden.com\/shop\/wp-content\/uploads\/2025\/04\/frnk-big-box-cooler-02_720x-600x600.webp 600w, https:\/\/dachzeltnomaden.com\/shop\/wp-content\/uploads\/2025\/04\/frnk-big-box-cooler-02_720x-100x100.webp 100w\" sizes=\"(max-width: 720px) 100vw, 720px\" \/><\/figure>\n\n\n\n<figure class=\"wp-block-image size-full has-custom-border\"><img decoding=\"async\" width=\"720\" height=\"781\" data-id=\"131664\" src=\"https:\/\/dachzeltnomaden.com\/shop\/wp-content\/uploads\/2025\/04\/dachzeltnomaden-dachzelt-zubehoer-kuehlen-frnk-wedo-582520-cooler-01_2048x.webp\" alt=\"frnk WEDO\u00ae BigBox Cooler isolierte k\u00fchltasche kaufen\" class=\"wp-image-131664\" style=\"border-radius:10px\" srcset=\"https:\/\/dachzeltnomaden.com\/shop\/wp-content\/uploads\/2025\/04\/dachzeltnomaden-dachzelt-zubehoer-kuehlen-frnk-wedo-582520-cooler-01_2048x.webp 720w, https:\/\/dachzeltnomaden.com\/shop\/wp-content\/uploads\/2025\/04\/dachzeltnomaden-dachzelt-zubehoer-kuehlen-frnk-wedo-582520-cooler-01_2048x-277x300.webp 277w\" sizes=\"(max-width: 720px) 100vw, 720px\" \/><\/figure>\n<\/figure>\n<\/div>\n\n\n\n<div class=\"wp-block-uagb-container uagb-block-76ea1ad4\">\n<h4 class=\"wp-block-heading\" style=\"margin-top:0px;margin-bottom:0px\">Eigenschaften<\/h4>\n\n\n\n<ul class=\"wp-block-list\">\n<li><strong>K\u00fchlbox<\/strong>&nbsp;<strong>au\u00dfen:<\/strong>&nbsp;hellgraues, strapazierf\u00e4higes Polyester<\/li>\n\n\n\n<li><strong>K\u00fchlbox innen:<\/strong>&nbsp;robuste Innenfutter aus EPE\/Aluminium-Beschichtung<\/li>\n\n\n\n<li><strong>Ma\u00dfe<\/strong>: ca. 35,0 x 21,6 x 27,0 cm<\/li>\n\n\n\n<li><strong>Volumen:<\/strong>&nbsp;ca. 16,5 Liter<\/li>\n\n\n\n<li><strong>Dein schlauer Begleiter:<\/strong> Mit gen\u00fcgend Stauraum f\u00fcr einen Wocheneinkauf und einem Volumen von bis zu 16,5 Litern, bleibt die Box durch ihr schlaues Material&nbsp; bereits durch ein oder zwei K\u00fchl-Akkus kalt.<\/li>\n\n\n\n<li><strong>Das perfekte Team:<\/strong> Kombiniere den WEDO\u00ae Big Box Cooler mit seinem gro\u00dfen Bruder und mache Einkaufen leichter als je zuvor.<\/li>\n<\/ul>\n\n\n\n<div class=\"wp-block-buttons is-layout-flex wp-block-buttons-is-layout-flex\">\n<div class=\"wp-block-button\"><a class=\"wp-block-button__link wp-element-button\" href=\"https:\/\/frnk-shop.de\/collections\/alle-produkte\/products\/wedo-bigbox-cooler?ref=DACHZELTNOMADEN\" target=\"_blank\" rel=\"noreferrer noopener\">Zum WEDO\u00ae BigBox Cooler<\/a><\/div>\n<\/div>\n<\/div>\n<\/div>\n\n\n\n<p><\/p>\n","protected":false},"excerpt":{"rendered":"<p>WERBUNG Du suchst noch nach eine isolierte K\u00fchltasche f\u00fcr in deinem Auto? Wie w\u00e4re es mit einer von FRNK! *Die [&hellip;]<\/p>\n","protected":false},"featured_media":131664,"template":"","meta":{"_uag_custom_page_level_css":"","site-sidebar-layout":"default","site-content-layout":"","ast-site-content-layout":"default","site-content-style":"default","site-sidebar-style":"default","ast-global-header-display":"","ast-banner-title-visibility":"","ast-main-header-display":"","ast-hfb-above-header-display":"","ast-hfb-below-header-display":"","ast-hfb-mobile-header-display":"","site-post-title":"","ast-breadcrumbs-content":"","ast-featured-img":"","footer-sml-layout":"","ast-disable-related-posts":"","theme-transparent-header-meta":"","adv-header-id-meta":"","stick-header-meta":"","header-above-stick-meta":"","header-main-stick-meta":"","header-below-stick-meta":"","astra-migrate-meta-layouts":"default","ast-page-background-enabled":"default","ast-page-background-meta":{"desktop":{"background-color":"var(--ast-global-color-4)","background-image":"","background-repeat":"repeat","background-position":"center center","background-size":"auto","background-attachment":"scroll","background-type":"","background-media":"","overlay-type":"","overlay-color":"","overlay-opacity":"","overlay-gradient":""},"tablet":{"background-color":"","background-image":"","background-repeat":"repeat","background-position":"center center","background-size":"auto","background-attachment":"scroll","background-type":"","background-media":"","overlay-type":"","overlay-color":"","overlay-opacity":"","overlay-gradient":""},"mobile":{"background-color":"","background-image":"","background-repeat":"repeat","background-position":"center center","background-size":"auto","background-attachment":"scroll","background-type":"","background-media":"","overlay-type":"","overlay-color":"","overlay-opacity":"","overlay-gradient":""}},"ast-content-background-meta":{"desktop":{"background-color":"var(--ast-global-color-5)","background-image":"","background-repeat":"repeat","background-position":"center center","background-size":"auto","background-attachment":"scroll","background-type":"","background-media":"","overlay-type":"","overlay-color":"","overlay-opacity":"","overlay-gradient":""},"tablet":{"background-color":"var(--ast-global-color-5)","background-image":"","background-repeat":"repeat","background-position":"center center","background-size":"auto","background-attachment":"scroll","background-type":"","background-media":"","overlay-type":"","overlay-color":"","overlay-opacity":"","overlay-gradient":""},"mobile":{"background-color":"var(--ast-global-color-5)","background-image":"","background-repeat":"repeat","background-position":"center center","background-size":"auto","background-attachment":"scroll","background-type":"","background-media":"","overlay-type":"","overlay-color":"","overlay-opacity":"","overlay-gradient":""}},"_themeisle_gutenberg_block_has_review":false},"product_brand":[],"product_cat":[101,115],"product_tag":[265,278,279],"class_list":{"0":"post-131661","1":"product","2":"type-product","3":"status-publish","4":"has-post-thumbnail","6":"product_cat-zubehoer","7":"product_cat-kuehlen","8":"product_tag-frnk","9":"product_tag-kuehltasche","10":"product_tag-passive-kuehlung-camping","11":"desktop-align-left","12":"tablet-align-left","13":"mobile-align-left","14":"ast-product-gallery-layout-vertical-slider","15":"ast-product-tabs-layout-horizontal","17":"first","18":"instock","19":"taxable","20":"shipping-taxable","21":"purchasable","22":"product-type-external"},"exclude_global_add_ons":[],"addons":[],"uagb_featured_image_src":{"full":["https:\/\/dachzeltnomaden.com\/shop\/wp-content\/uploads\/2025\/04\/dachzeltnomaden-dachzelt-zubehoer-kuehlen-frnk-wedo-582520-cooler-01_2048x.webp",720,781,false],"thumbnail":["https:\/\/dachzeltnomaden.com\/shop\/wp-content\/uploads\/2025\/04\/dachzeltnomaden-dachzelt-zubehoer-kuehlen-frnk-wedo-582520-cooler-01_2048x-600x600.webp",600,600,true],"medium":["https:\/\/dachzeltnomaden.com\/shop\/wp-content\/uploads\/2025\/04\/dachzeltnomaden-dachzelt-zubehoer-kuehlen-frnk-wedo-582520-cooler-01_2048x-277x300.webp",277,300,true],"medium_large":["https:\/\/dachzeltnomaden.com\/shop\/wp-content\/uploads\/2025\/04\/dachzeltnomaden-dachzelt-zubehoer-kuehlen-frnk-wedo-582520-cooler-01_2048x.webp",720,781,false],"large":["https:\/\/dachzeltnomaden.com\/shop\/wp-content\/uploads\/2025\/04\/dachzeltnomaden-dachzelt-zubehoer-kuehlen-frnk-wedo-582520-cooler-01_2048x.webp",472,512,false],"1536x1536":["https:\/\/dachzeltnomaden.com\/shop\/wp-content\/uploads\/2025\/04\/dachzeltnomaden-dachzelt-zubehoer-kuehlen-frnk-wedo-582520-cooler-01_2048x.webp",720,781,false],"2048x2048":["https:\/\/dachzeltnomaden.com\/shop\/wp-content\/uploads\/2025\/04\/dachzeltnomaden-dachzelt-zubehoer-kuehlen-frnk-wedo-582520-cooler-01_2048x.webp",720,781,false],"woocommerce_thumbnail":["https:\/\/dachzeltnomaden.com\/shop\/wp-content\/uploads\/2025\/04\/dachzeltnomaden-dachzelt-zubehoer-kuehlen-frnk-wedo-582520-cooler-01_2048x-600x600.webp",600,600,true],"woocommerce_single":["https:\/\/dachzeltnomaden.com\/shop\/wp-content\/uploads\/2025\/04\/dachzeltnomaden-dachzelt-zubehoer-kuehlen-frnk-wedo-582520-cooler-01_2048x.webp",720,781,false],"woocommerce_gallery_thumbnail":["https:\/\/dachzeltnomaden.com\/shop\/wp-content\/uploads\/2025\/04\/dachzeltnomaden-dachzelt-zubehoer-kuehlen-frnk-wedo-582520-cooler-01_2048x-100x100.webp",100,100,true]},"uagb_author_info":{"display_name":"Jasmine","author_link":"https:\/\/dachzeltnomaden.com\/shop\/author\/"},"uagb_comment_info":0,"uagb_excerpt":"WERBUNG Du suchst noch nach eine isolierte K\u00fchltasche f\u00fcr in deinem Auto? Wie w\u00e4re es mit einer von FRNK! *Die [&hellip;]","_links":{"self":[{"href":"https:\/\/dachzeltnomaden.com\/shop\/wp-json\/wp\/v2\/product\/131661","targetHints":{"allow":["GET"]}}],"collection":[{"href":"https:\/\/dachzeltnomaden.com\/shop\/wp-json\/wp\/v2\/product"}],"about":[{"href":"https:\/\/dachzeltnomaden.com\/shop\/wp-json\/wp\/v2\/types\/product"}],"wp:featuredmedia":[{"embeddable":true,"href":"https:\/\/dachzeltnomaden.com\/shop\/wp-json\/wp\/v2\/media\/131664"}],"wp:attachment":[{"href":"https:\/\/dachzeltnomaden.com\/shop\/wp-json\/wp\/v2\/media?parent=131661"}],"wp:term":[{"taxonomy":"product_brand","embeddable":true,"href":"https:\/\/dachzeltnomaden.com\/shop\/wp-json\/wp\/v2\/product_brand?post=131661"},{"taxonomy":"product_cat","embeddable":true,"href":"https:\/\/dachzeltnomaden.com\/shop\/wp-json\/wp\/v2\/product_cat?post=131661"},{"taxonomy":"product_tag","embeddable":true,"href":"https:\/\/dachzeltnomaden.com\/shop\/wp-json\/wp\/v2\/product_tag?post=131661"}],"curies":[{"name":"wp","href":"https:\/\/api.w.org\/{rel}","templated":true}]}}