{"id":131584,"date":"2025-04-17T07:27:21","date_gmt":"2025-04-17T05:27:21","guid":{"rendered":"https:\/\/dachzeltnomaden.com\/shop\/?post_type=product&#038;p=131584"},"modified":"2025-10-17T10:17:35","modified_gmt":"2025-10-17T08:17:35","slug":"frnkwedo-topfuntersetzer","status":"publish","type":"product","link":"https:\/\/dachzeltnomaden.com\/shop\/produkt\/frnkwedo-topfuntersetzer\/","title":{"rendered":"FRNK<br>WEDO\u00ae Topfuntersetzer"},"content":{"rendered":"\n<div class=\"wp-block-uagb-container uagb-block-be52fc24 default uagb-is-root-container\">\n<div class=\"wp-block-uagb-advanced-heading uagb-block-233add0f\"><h6 class=\"uagb-heading-text\">WERBUNG<\/h6><\/div>\n\n\n\n<p class=\"has-ast-global-color-5-color has-ast-global-color-2-background-color has-text-color has-background has-link-color wp-elements-ca86730808d42850349f9badcf2c2caa\">Du suchst noch nach einen faltbaren Topfuntersetzer f\u00fcr unterwegs? Wie w\u00e4re es mit einem von FRNK!<br><br>*Die Links sind Affiliate Links. Wenn du dich f\u00fcr den Kauf eines <strong>WEDO\u00ae Topfuntersetzers<\/strong> entscheidest, erhalten die Dachzeltnomaden eine Provision. Damit unterst\u00fctzt du uns &amp; unsere Arbeit. F\u00fcr dich kostet der <strong>WEDO\u00ae Topfuntersetzer<\/strong> deshalb nicht mehr.<\/p>\n\n\n\n<div class=\"wp-block-uagb-advanced-heading uagb-block-b21af034\"><p class=\"uagb-desc-text\">Kompakt und n\u00fctzlich!<\/p><h2 class=\"uagb-heading-text\"><strong>WEDO\u00ae Topfuntersetzer<\/strong><\/h2><div class=\"uagb-separator\"><\/div><\/div>\n\n\n\n<p style=\"margin-bottom:0px\">So schnittig wie Propellermaschinen und aus keiner K\u00fcche oder von keinem Campingplatz mehr wegzudenken: der der universale und platzsparende\u00a0<strong>WEDO\u00ae Topfuntersetzer<\/strong>. Erh\u00e4ltlich in den Farben Schwarz und Rot!<br><br>Der l\u00e4ngliche Halter l\u00e4sst sich kinderleicht zu einem Kreuz auffalten und sch\u00fctzt Unterfl\u00e4chen vor Verbrennungen durch Pfannen, T\u00f6pfe oder Backformen von bis zu einem Durchmesser von 25 cm. Der geb\u00fcrstete Edelstahlring und die Silikonarme des Untersetzers sind hitzebest\u00e4ndig bis zu 230 \u00b0C. Sollte beim Servieren dennoch mal etwas daneben gehen, dann lassen sich Verschmutzungen mit einem weichen Schwamm unter warmem Wasser abwischen.<\/p>\n<\/div>\n\n\n\n<div class=\"wp-block-uagb-container uagb-block-ae00b476 default uagb-is-root-container\">\n<div class=\"wp-block-uagb-container uagb-block-3d544ad6\">\n<figure class=\"wp-block-gallery has-nested-images columns-2 is-cropped wp-block-gallery-1 is-layout-flex wp-block-gallery-is-layout-flex\">\n<figure class=\"wp-block-image alignright size-full has-custom-border is-style-default\"><img decoding=\"async\" width=\"540\" height=\"360\" data-id=\"131587\" src=\"https:\/\/dachzeltnomaden.com\/shop\/wp-content\/uploads\/2025\/04\/dachzeltnomaden-dachzelt-zubehoer-kochen-frnk-wedo-topfuntersetzter-schwarz_topf.webp\" alt=\"FRNK WEDO Topfuntersetzer kaufen\" class=\"wp-image-131587\" style=\"border-radius:10px\" srcset=\"https:\/\/dachzeltnomaden.com\/shop\/wp-content\/uploads\/2025\/04\/dachzeltnomaden-dachzelt-zubehoer-kochen-frnk-wedo-topfuntersetzter-schwarz_topf.webp 540w, https:\/\/dachzeltnomaden.com\/shop\/wp-content\/uploads\/2025\/04\/dachzeltnomaden-dachzelt-zubehoer-kochen-frnk-wedo-topfuntersetzter-schwarz_topf-300x200.webp 300w\" sizes=\"(max-width: 540px) 100vw, 540px\" \/><\/figure>\n\n\n\n<figure class=\"wp-block-image size-full has-custom-border\"><img decoding=\"async\" width=\"720\" height=\"480\" data-id=\"131586\" src=\"https:\/\/dachzeltnomaden.com\/shop\/wp-content\/uploads\/2025\/04\/dachzeltnomaden-dachzelt-zubehoer-kochen-frnk-wedo-topfuntersetzter-rot_schwarz_aufgefaltet.webp\" alt=\"FRNK WEDO Topfuntersetzer kaufen\" class=\"wp-image-131586\" style=\"border-radius:10px\" srcset=\"https:\/\/dachzeltnomaden.com\/shop\/wp-content\/uploads\/2025\/04\/dachzeltnomaden-dachzelt-zubehoer-kochen-frnk-wedo-topfuntersetzter-rot_schwarz_aufgefaltet.webp 720w, https:\/\/dachzeltnomaden.com\/shop\/wp-content\/uploads\/2025\/04\/dachzeltnomaden-dachzelt-zubehoer-kochen-frnk-wedo-topfuntersetzter-rot_schwarz_aufgefaltet-300x200.webp 300w\" sizes=\"(max-width: 720px) 100vw, 720px\" \/><\/figure>\n\n\n\n<figure class=\"wp-block-image size-full has-custom-border\"><img decoding=\"async\" width=\"540\" height=\"360\" data-id=\"131590\" src=\"https:\/\/dachzeltnomaden.com\/shop\/wp-content\/uploads\/2025\/04\/dachzeltnomaden-dachzelt-zubehoer-kochen-frnk-wedo-topfuntersetzter-rot_schwarz.webp\" alt=\"FRNK WEDO Topfuntersetzer kaufen\" class=\"wp-image-131590\" style=\"border-radius:10px\" srcset=\"https:\/\/dachzeltnomaden.com\/shop\/wp-content\/uploads\/2025\/04\/dachzeltnomaden-dachzelt-zubehoer-kochen-frnk-wedo-topfuntersetzter-rot_schwarz.webp 540w, https:\/\/dachzeltnomaden.com\/shop\/wp-content\/uploads\/2025\/04\/dachzeltnomaden-dachzelt-zubehoer-kochen-frnk-wedo-topfuntersetzter-rot_schwarz-300x200.webp 300w\" sizes=\"(max-width: 540px) 100vw, 540px\" \/><\/figure>\n\n\n\n<figure class=\"wp-block-image size-full has-custom-border\"><img decoding=\"async\" width=\"540\" height=\"360\" data-id=\"131588\" src=\"https:\/\/dachzeltnomaden.com\/shop\/wp-content\/uploads\/2025\/04\/dachzeltnomaden-dachzelt-zubehoer-kochen-frnk-wedo-topfuntersetzter-rot.webp\" alt=\"FRNK WEDO Topfuntersetzer kaufen\" class=\"wp-image-131588\" style=\"border-radius:10px\" srcset=\"https:\/\/dachzeltnomaden.com\/shop\/wp-content\/uploads\/2025\/04\/dachzeltnomaden-dachzelt-zubehoer-kochen-frnk-wedo-topfuntersetzter-rot.webp 540w, https:\/\/dachzeltnomaden.com\/shop\/wp-content\/uploads\/2025\/04\/dachzeltnomaden-dachzelt-zubehoer-kochen-frnk-wedo-topfuntersetzter-rot-300x200.webp 300w\" sizes=\"(max-width: 540px) 100vw, 540px\" \/><\/figure>\n<\/figure>\n<\/div>\n\n\n\n<div class=\"wp-block-uagb-container uagb-block-76ea1ad4\">\n<h4 class=\"wp-block-heading\" style=\"margin-top:0px;margin-bottom:0px\">Eigenschaften<\/h4>\n\n\n\n<ul class=\"wp-block-list\">\n<li><strong>Hitzebest\u00e4ndig bis 230 \u00b0C: <\/strong>Der l\u00e4ngliche Halter l\u00e4sst sich kinderleicht zu einem Kreuz auffalten und sch\u00fctzt Unterfl\u00e4chen vor Verbrennungen durch Pfannen, T\u00f6pfe oder Backformen von bis zu einem Durchmesser von 25 cm.<\/li>\n\n\n\n<li><strong>Topfuntersetzer-Arme<\/strong>: rote oder schwarze Silikonarme<\/li>\n\n\n\n<li><strong>Topfuntersetzer-Zentrum<\/strong>: geb\u00fcrsteter Edelstahlring<\/li>\n\n\n\n<li><strong>Ma\u00dfe<\/strong>: ca. 22 x 3 x 1 cm<\/li>\n\n\n\n<li>Z<strong>usatzinformation:<\/strong> Nicht sp\u00fclmaschinengeeignet<\/li>\n<\/ul>\n\n\n\n<div class=\"wp-block-buttons is-layout-flex wp-block-buttons-is-layout-flex\">\n<div class=\"wp-block-button\"><a class=\"wp-block-button__link wp-element-button\" href=\"https:\/\/frnk-shop.de\/collections\/alle-produkte\/products\/wedo-topfuntersetzter?ref=DACHZELTNOMADEN\" target=\"_blank\" rel=\"noreferrer noopener\">Zum WEDO\u00ae Topfuntersetzer<\/a><\/div>\n<\/div>\n<\/div>\n<\/div>\n\n\n\n<p><\/p>\n","protected":false},"excerpt":{"rendered":"<p>WERBUNG Du suchst noch nach einen faltbaren Topfuntersetzer f\u00fcr unterwegs? Wie w\u00e4re es mit einem von FRNK! *Die Links sind [&hellip;]<\/p>\n","protected":false},"featured_media":131585,"template":"","meta":{"_uag_custom_page_level_css":"","site-sidebar-layout":"default","site-content-layout":"","ast-site-content-layout":"default","site-content-style":"default","site-sidebar-style":"default","ast-global-header-display":"","ast-banner-title-visibility":"","ast-main-header-display":"","ast-hfb-above-header-display":"","ast-hfb-below-header-display":"","ast-hfb-mobile-header-display":"","site-post-title":"","ast-breadcrumbs-content":"","ast-featured-img":"","footer-sml-layout":"","ast-disable-related-posts":"","theme-transparent-header-meta":"","adv-header-id-meta":"","stick-header-meta":"","header-above-stick-meta":"","header-main-stick-meta":"","header-below-stick-meta":"","astra-migrate-meta-layouts":"default","ast-page-background-enabled":"default","ast-page-background-meta":{"desktop":{"background-color":"var(--ast-global-color-4)","background-image":"","background-repeat":"repeat","background-position":"center center","background-size":"auto","background-attachment":"scroll","background-type":"","background-media":"","overlay-type":"","overlay-color":"","overlay-opacity":"","overlay-gradient":""},"tablet":{"background-color":"","background-image":"","background-repeat":"repeat","background-position":"center center","background-size":"auto","background-attachment":"scroll","background-type":"","background-media":"","overlay-type":"","overlay-color":"","overlay-opacity":"","overlay-gradient":""},"mobile":{"background-color":"","background-image":"","background-repeat":"repeat","background-position":"center center","background-size":"auto","background-attachment":"scroll","background-type":"","background-media":"","overlay-type":"","overlay-color":"","overlay-opacity":"","overlay-gradient":""}},"ast-content-background-meta":{"desktop":{"background-color":"var(--ast-global-color-5)","background-image":"","background-repeat":"repeat","background-position":"center center","background-size":"auto","background-attachment":"scroll","background-type":"","background-media":"","overlay-type":"","overlay-color":"","overlay-opacity":"","overlay-gradient":""},"tablet":{"background-color":"var(--ast-global-color-5)","background-image":"","background-repeat":"repeat","background-position":"center center","background-size":"auto","background-attachment":"scroll","background-type":"","background-media":"","overlay-type":"","overlay-color":"","overlay-opacity":"","overlay-gradient":""},"mobile":{"background-color":"var(--ast-global-color-5)","background-image":"","background-repeat":"repeat","background-position":"center center","background-size":"auto","background-attachment":"scroll","background-type":"","background-media":"","overlay-type":"","overlay-color":"","overlay-opacity":"","overlay-gradient":""}},"_themeisle_gutenberg_block_has_review":false},"product_brand":[],"product_cat":[101,342],"product_tag":[264,265,266],"class_list":{"0":"post-131584","1":"product","2":"type-product","3":"status-publish","4":"has-post-thumbnail","6":"product_cat-zubehoer","7":"product_cat-kochen","8":"product_tag-topfuntersetzer","9":"product_tag-frnk","10":"product_tag-campingkueche","11":"desktop-align-left","12":"tablet-align-left","13":"mobile-align-left","14":"ast-product-gallery-layout-vertical-slider","15":"ast-product-tabs-layout-horizontal","17":"first","18":"instock","19":"taxable","20":"shipping-taxable","21":"purchasable","22":"product-type-external"},"exclude_global_add_ons":[],"addons":[],"uagb_featured_image_src":{"full":["https:\/\/dachzeltnomaden.com\/shop\/wp-content\/uploads\/2025\/04\/dachzeltnomaden-dachzelt-zubehoer-kochen-frnk-wedo-topfuntersetzter-spiegelei.webp",540,360,false],"thumbnail":["https:\/\/dachzeltnomaden.com\/shop\/wp-content\/uploads\/2025\/04\/dachzeltnomaden-dachzelt-zubehoer-kochen-frnk-wedo-topfuntersetzter-spiegelei.webp",540,360,false],"medium":["https:\/\/dachzeltnomaden.com\/shop\/wp-content\/uploads\/2025\/04\/dachzeltnomaden-dachzelt-zubehoer-kochen-frnk-wedo-topfuntersetzter-spiegelei-300x200.webp",300,200,true],"medium_large":["https:\/\/dachzeltnomaden.com\/shop\/wp-content\/uploads\/2025\/04\/dachzeltnomaden-dachzelt-zubehoer-kochen-frnk-wedo-topfuntersetzter-spiegelei.webp",540,360,false],"large":["https:\/\/dachzeltnomaden.com\/shop\/wp-content\/uploads\/2025\/04\/dachzeltnomaden-dachzelt-zubehoer-kochen-frnk-wedo-topfuntersetzter-spiegelei.webp",540,360,false],"1536x1536":["https:\/\/dachzeltnomaden.com\/shop\/wp-content\/uploads\/2025\/04\/dachzeltnomaden-dachzelt-zubehoer-kochen-frnk-wedo-topfuntersetzter-spiegelei.webp",540,360,false],"2048x2048":["https:\/\/dachzeltnomaden.com\/shop\/wp-content\/uploads\/2025\/04\/dachzeltnomaden-dachzelt-zubehoer-kochen-frnk-wedo-topfuntersetzter-spiegelei.webp",540,360,false],"woocommerce_thumbnail":["https:\/\/dachzeltnomaden.com\/shop\/wp-content\/uploads\/2025\/04\/dachzeltnomaden-dachzelt-zubehoer-kochen-frnk-wedo-topfuntersetzter-spiegelei.webp",540,360,false],"woocommerce_single":["https:\/\/dachzeltnomaden.com\/shop\/wp-content\/uploads\/2025\/04\/dachzeltnomaden-dachzelt-zubehoer-kochen-frnk-wedo-topfuntersetzter-spiegelei.webp",540,360,false],"woocommerce_gallery_thumbnail":["https:\/\/dachzeltnomaden.com\/shop\/wp-content\/uploads\/2025\/04\/dachzeltnomaden-dachzelt-zubehoer-kochen-frnk-wedo-topfuntersetzter-spiegelei-100x100.webp",100,100,true]},"uagb_author_info":{"display_name":"Jasmine","author_link":"https:\/\/dachzeltnomaden.com\/shop\/author\/"},"uagb_comment_info":0,"uagb_excerpt":"WERBUNG Du suchst noch nach einen faltbaren Topfuntersetzer f\u00fcr unterwegs? Wie w\u00e4re es mit einem von FRNK! *Die Links sind [&hellip;]","_links":{"self":[{"href":"https:\/\/dachzeltnomaden.com\/shop\/wp-json\/wp\/v2\/product\/131584","targetHints":{"allow":["GET"]}}],"collection":[{"href":"https:\/\/dachzeltnomaden.com\/shop\/wp-json\/wp\/v2\/product"}],"about":[{"href":"https:\/\/dachzeltnomaden.com\/shop\/wp-json\/wp\/v2\/types\/product"}],"wp:featuredmedia":[{"embeddable":true,"href":"https:\/\/dachzeltnomaden.com\/shop\/wp-json\/wp\/v2\/media\/131585"}],"wp:attachment":[{"href":"https:\/\/dachzeltnomaden.com\/shop\/wp-json\/wp\/v2\/media?parent=131584"}],"wp:term":[{"taxonomy":"product_brand","embeddable":true,"href":"https:\/\/dachzeltnomaden.com\/shop\/wp-json\/wp\/v2\/product_brand?post=131584"},{"taxonomy":"product_cat","embeddable":true,"href":"https:\/\/dachzeltnomaden.com\/shop\/wp-json\/wp\/v2\/product_cat?post=131584"},{"taxonomy":"product_tag","embeddable":true,"href":"https:\/\/dachzeltnomaden.com\/shop\/wp-json\/wp\/v2\/product_tag?post=131584"}],"curies":[{"name":"wp","href":"https:\/\/api.w.org\/{rel}","templated":true}]}}