{"id":131488,"date":"2025-04-08T08:58:52","date_gmt":"2025-04-08T06:58:52","guid":{"rendered":"https:\/\/dachzeltnomaden.com\/shop\/?post_type=product&#038;p=131488"},"modified":"2025-10-17T10:17:33","modified_gmt":"2025-10-17T08:17:33","slug":"bia-outdoortraeger-set","status":"publish","type":"product","link":"https:\/\/dachzeltnomaden.com\/shop\/produkt\/bia-outdoortraeger-set\/","title":{"rendered":"BIA Outdoor<br>Tr\u00e4ger-Set"},"content":{"rendered":"\n<div class=\"wp-block-uagb-container uagb-block-be52fc24 default uagb-is-root-container\">\n<div class=\"wp-block-uagb-advanced-heading uagb-block-233add0f\"><h6 class=\"uagb-heading-text\">WERBUNG<\/h6><\/div>\n\n\n\n<p class=\"has-ast-global-color-5-color has-ast-global-color-2-background-color has-text-color has-background has-link-color wp-elements-09a5392aea86b4f998fdcddcdeec1ad4\">Du suchst noch nach einen Quertr\u00e4ger f\u00fcr dein Alu-Hartschalendachzelt? Wie w\u00e4re es mit einem von BIA Outdoor!<br><br>*Die Links sind Affiliate Links. Wenn du dich f\u00fcr den Kauf eines BIA Outdoor Tr\u00e4ger-Sets entscheidest, erhalten die Dachzeltnomaden eine Provision. Damit unterst\u00fctzt du uns &amp; unsere Arbeit. F\u00fcr dich kostet das BIA Outdoor Tr\u00e4ger-Set deshalb nicht mehr.<\/p>\n\n\n\n<div class=\"wp-block-uagb-advanced-heading uagb-block-b21af034\"><p class=\"uagb-desc-text\">F\u00fcrs Beladen vom Alu Dachzelt<\/p><h2 class=\"uagb-heading-text\">Tr\u00e4ger-Set<\/h2><div class=\"uagb-separator\"><\/div><\/div>\n\n\n\n<p style=\"margin-bottom:0px\">BIA Outdoor bietet f\u00fcr ihre beiden Alu Dachzelte Robert und Gerald ein optionales Tr\u00e4ger-Set an. Damit kannst du die beiden Hartschalen mit bis zu 50 kg Zusatzgewicht beladen.<\/p>\n\n\n\n<p style=\"margin-bottom:0px\">Diese BIA Outdoor Tr\u00e4ger-Sets sind erh\u00e4ltlich:<\/p>\n<\/div>\n\n\n\n<div class=\"wp-block-uagb-container uagb-block-cdf3a634 default uagb-is-root-container\">\n<div class=\"wp-block-uagb-advanced-heading uagb-block-0d6231af\"><h3 class=\"uagb-heading-text\">Tr\u00e4ger-Set f\u00fcr Dachzelte Robert &amp; Gerald \u2013 Zus\u00e4tzlicher Stauraum | 50 kg Zusatzgewicht<\/h3><\/div>\n\n\n\n<div class=\"wp-block-uagb-container uagb-block-913b1664\">\n<div class=\"wp-block-uagb-container uagb-block-9cadf054\">\n<p>Die Hartschalendachzelte Robert und Gerald von BIA Outdoor k\u00f6nnen mit diesen Tr\u00e4ger-Sets um eine Transportm\u00f6glichkeit erweitert werden. soweit die Gesamtdachtraglast des Fahrzeugs durch die Zuladung nicht \u00fcberschritten wird. Die zul\u00e4ssige Last f\u00fcr die zus\u00e4tzlichen Tr\u00e4ger-Sets liegen bei 50kg.<br><br>Die Tr\u00e4ger werden mit den im Lieferumfang enthaltenen Nutensteinen in den seitlichen Profilen von Robert oder Gerald montiert. Der Lieferumfang umfasst das komplette Montage-Set f\u00fcr zwei Tr\u00e4ger.<\/p>\n\n\n\n<div class=\"wp-block-buttons is-layout-flex wp-block-buttons-is-layout-flex\">\n<div class=\"wp-block-button\"><a class=\"wp-block-button__link wp-element-button\" href=\"https:\/\/bia-outdoor.com\/products\/trager-set-fur-robert-und-gerald?ref=dachzeltnomaden\" target=\"_blank\" rel=\"noreferrer noopener\">Zum Tr\u00e4ger-Set f\u00fcr Robert und Gerald<\/a><\/div>\n<\/div>\n<\/div>\n\n\n\n<div class=\"wp-block-uagb-container uagb-block-50b42cfe\">\n<figure class=\"wp-block-gallery has-nested-images columns-2 is-cropped wp-block-gallery-1 is-layout-flex wp-block-gallery-is-layout-flex\">\n<figure class=\"wp-block-image alignright size-full has-custom-border is-style-default\"><img decoding=\"async\" width=\"1024\" height=\"683\" data-id=\"130175\" src=\"https:\/\/dachzeltnomaden.com\/shop\/wp-content\/uploads\/2024\/07\/Dachzeltnomaden_Shop_Dachzelt_kaufen_BIA-Outdoor_Gerard_Robert_Alu_Hartschale_1024x68_25.webp\" alt=\"dachzeltnomaden shop dachzelt kaufen BIA Outdoor Alu Hartschale Gerald und Robert\" class=\"wp-image-130175\" style=\"border-radius:10px\" srcset=\"https:\/\/dachzeltnomaden.com\/shop\/wp-content\/uploads\/2024\/07\/Dachzeltnomaden_Shop_Dachzelt_kaufen_BIA-Outdoor_Gerard_Robert_Alu_Hartschale_1024x68_25.webp 1024w, https:\/\/dachzeltnomaden.com\/shop\/wp-content\/uploads\/2024\/07\/Dachzeltnomaden_Shop_Dachzelt_kaufen_BIA-Outdoor_Gerard_Robert_Alu_Hartschale_1024x68_25-300x200.webp 300w, https:\/\/dachzeltnomaden.com\/shop\/wp-content\/uploads\/2024\/07\/Dachzeltnomaden_Shop_Dachzelt_kaufen_BIA-Outdoor_Gerard_Robert_Alu_Hartschale_1024x68_25-768x512.webp 768w\" sizes=\"(max-width: 1024px) 100vw, 1024px\" \/><\/figure>\n\n\n\n<figure class=\"wp-block-image size-full has-custom-border\"><img decoding=\"async\" width=\"713\" height=\"449\" data-id=\"131489\" src=\"https:\/\/dachzeltnomaden.com\/shop\/wp-content\/uploads\/2025\/04\/dachzeltnomaden-dachzelt-zubehoer-racks-bia-outdoor-trager-set-fur-robert-und-gerald-498294-e1744095445260.webp\" alt=\"bia outdoor traeger-set robert und gerald kaufen\" class=\"wp-image-131489\" style=\"border-radius:10px\" srcset=\"https:\/\/dachzeltnomaden.com\/shop\/wp-content\/uploads\/2025\/04\/dachzeltnomaden-dachzelt-zubehoer-racks-bia-outdoor-trager-set-fur-robert-und-gerald-498294-e1744095445260.webp 713w, https:\/\/dachzeltnomaden.com\/shop\/wp-content\/uploads\/2025\/04\/dachzeltnomaden-dachzelt-zubehoer-racks-bia-outdoor-trager-set-fur-robert-und-gerald-498294-e1744095445260-300x189.webp 300w\" sizes=\"(max-width: 713px) 100vw, 713px\" \/><\/figure>\n\n\n\n<figure class=\"wp-block-image size-full has-custom-border\"><img decoding=\"async\" width=\"713\" height=\"476\" data-id=\"131490\" src=\"https:\/\/dachzeltnomaden.com\/shop\/wp-content\/uploads\/2025\/04\/dachzeltnomaden-dachzelt-zubehoer-racks-bia-outdoor-trager-set-fur-robert-und-gerald-604754.webp\" alt=\"traeger-set bia-outdoor kaufen\" class=\"wp-image-131490\" style=\"border-radius:10px\" srcset=\"https:\/\/dachzeltnomaden.com\/shop\/wp-content\/uploads\/2025\/04\/dachzeltnomaden-dachzelt-zubehoer-racks-bia-outdoor-trager-set-fur-robert-und-gerald-604754.webp 713w, https:\/\/dachzeltnomaden.com\/shop\/wp-content\/uploads\/2025\/04\/dachzeltnomaden-dachzelt-zubehoer-racks-bia-outdoor-trager-set-fur-robert-und-gerald-604754-300x200.webp 300w\" sizes=\"(max-width: 713px) 100vw, 713px\" \/><\/figure>\n\n\n\n<figure class=\"wp-block-image size-full has-custom-border\"><img decoding=\"async\" width=\"1024\" height=\"767\" data-id=\"130172\" src=\"https:\/\/dachzeltnomaden.com\/shop\/wp-content\/uploads\/2024\/07\/dachzeltnomaden_shop_dachzelt_kaufen_BIA-Outdoor_1024_5.webp\" alt=\"dachzeltnomaden shop dachzelt kaufen BIA Outdoor\" class=\"wp-image-130172\" style=\"border-radius:10px\" srcset=\"https:\/\/dachzeltnomaden.com\/shop\/wp-content\/uploads\/2024\/07\/dachzeltnomaden_shop_dachzelt_kaufen_BIA-Outdoor_1024_5.webp 1024w, https:\/\/dachzeltnomaden.com\/shop\/wp-content\/uploads\/2024\/07\/dachzeltnomaden_shop_dachzelt_kaufen_BIA-Outdoor_1024_5-300x225.webp 300w, https:\/\/dachzeltnomaden.com\/shop\/wp-content\/uploads\/2024\/07\/dachzeltnomaden_shop_dachzelt_kaufen_BIA-Outdoor_1024_5-768x575.webp 768w\" sizes=\"(max-width: 1024px) 100vw, 1024px\" \/><\/figure>\n<\/figure>\n<\/div>\n<\/div>\n<\/div>\n","protected":false},"excerpt":{"rendered":"<p>WERBUNG Du suchst noch nach einen Quertr\u00e4ger f\u00fcr dein Alu-Hartschalendachzelt? Wie w\u00e4re es mit einem von BIA Outdoor! *Die Links [&hellip;]<\/p>\n","protected":false},"featured_media":131489,"template":"","meta":{"_uag_custom_page_level_css":"","site-sidebar-layout":"default","site-content-layout":"","ast-site-content-layout":"default","site-content-style":"default","site-sidebar-style":"default","ast-global-header-display":"","ast-banner-title-visibility":"","ast-main-header-display":"","ast-hfb-above-header-display":"","ast-hfb-below-header-display":"","ast-hfb-mobile-header-display":"","site-post-title":"","ast-breadcrumbs-content":"","ast-featured-img":"","footer-sml-layout":"","ast-disable-related-posts":"","theme-transparent-header-meta":"","adv-header-id-meta":"","stick-header-meta":"","header-above-stick-meta":"","header-main-stick-meta":"","header-below-stick-meta":"","astra-migrate-meta-layouts":"default","ast-page-background-enabled":"default","ast-page-background-meta":{"desktop":{"background-color":"var(--ast-global-color-4)","background-image":"","background-repeat":"repeat","background-position":"center center","background-size":"auto","background-attachment":"scroll","background-type":"","background-media":"","overlay-type":"","overlay-color":"","overlay-opacity":"","overlay-gradient":""},"tablet":{"background-color":"","background-image":"","background-repeat":"repeat","background-position":"center center","background-size":"auto","background-attachment":"scroll","background-type":"","background-media":"","overlay-type":"","overlay-color":"","overlay-opacity":"","overlay-gradient":""},"mobile":{"background-color":"","background-image":"","background-repeat":"repeat","background-position":"center center","background-size":"auto","background-attachment":"scroll","background-type":"","background-media":"","overlay-type":"","overlay-color":"","overlay-opacity":"","overlay-gradient":""}},"ast-content-background-meta":{"desktop":{"background-color":"var(--ast-global-color-5)","background-image":"","background-repeat":"repeat","background-position":"center center","background-size":"auto","background-attachment":"scroll","background-type":"","background-media":"","overlay-type":"","overlay-color":"","overlay-opacity":"","overlay-gradient":""},"tablet":{"background-color":"var(--ast-global-color-5)","background-image":"","background-repeat":"repeat","background-position":"center center","background-size":"auto","background-attachment":"scroll","background-type":"","background-media":"","overlay-type":"","overlay-color":"","overlay-opacity":"","overlay-gradient":""},"mobile":{"background-color":"var(--ast-global-color-5)","background-image":"","background-repeat":"repeat","background-position":"center center","background-size":"auto","background-attachment":"scroll","background-type":"","background-media":"","overlay-type":"","overlay-color":"","overlay-opacity":"","overlay-gradient":""}},"_themeisle_gutenberg_block_has_review":false},"product_brand":[],"product_cat":[101,223],"product_tag":[254],"class_list":{"0":"post-131488","1":"product","2":"type-product","3":"status-publish","4":"has-post-thumbnail","6":"product_cat-zubehoer","7":"product_cat-racks","8":"product_tag-bia-outdoor-traeger-set","9":"desktop-align-left","10":"tablet-align-left","11":"mobile-align-left","12":"ast-product-gallery-layout-vertical-slider","13":"ast-product-tabs-layout-horizontal","15":"first","16":"instock","17":"taxable","18":"shipping-taxable","19":"purchasable","20":"product-type-external"},"exclude_global_add_ons":[],"addons":[],"uagb_featured_image_src":{"full":["https:\/\/dachzeltnomaden.com\/shop\/wp-content\/uploads\/2025\/04\/dachzeltnomaden-dachzelt-zubehoer-racks-bia-outdoor-trager-set-fur-robert-und-gerald-498294-e1744095445260.webp",713,449,false],"thumbnail":["https:\/\/dachzeltnomaden.com\/shop\/wp-content\/uploads\/2025\/04\/dachzeltnomaden-dachzelt-zubehoer-racks-bia-outdoor-trager-set-fur-robert-und-gerald-498294-e1744095445260-600x449.webp",600,449,true],"medium":["https:\/\/dachzeltnomaden.com\/shop\/wp-content\/uploads\/2025\/04\/dachzeltnomaden-dachzelt-zubehoer-racks-bia-outdoor-trager-set-fur-robert-und-gerald-498294-e1744095445260-300x189.webp",300,189,true],"medium_large":["https:\/\/dachzeltnomaden.com\/shop\/wp-content\/uploads\/2025\/04\/dachzeltnomaden-dachzelt-zubehoer-racks-bia-outdoor-trager-set-fur-robert-und-gerald-498294-e1744095445260.webp",713,449,false],"large":["https:\/\/dachzeltnomaden.com\/shop\/wp-content\/uploads\/2025\/04\/dachzeltnomaden-dachzelt-zubehoer-racks-bia-outdoor-trager-set-fur-robert-und-gerald-498294-e1744095445260.webp",713,449,false],"1536x1536":["https:\/\/dachzeltnomaden.com\/shop\/wp-content\/uploads\/2025\/04\/dachzeltnomaden-dachzelt-zubehoer-racks-bia-outdoor-trager-set-fur-robert-und-gerald-498294-e1744095445260.webp",713,449,false],"2048x2048":["https:\/\/dachzeltnomaden.com\/shop\/wp-content\/uploads\/2025\/04\/dachzeltnomaden-dachzelt-zubehoer-racks-bia-outdoor-trager-set-fur-robert-und-gerald-498294-e1744095445260.webp",713,449,false],"woocommerce_thumbnail":["https:\/\/dachzeltnomaden.com\/shop\/wp-content\/uploads\/2025\/04\/dachzeltnomaden-dachzelt-zubehoer-racks-bia-outdoor-trager-set-fur-robert-und-gerald-498294-e1744095445260-600x449.webp",600,449,true],"woocommerce_single":["https:\/\/dachzeltnomaden.com\/shop\/wp-content\/uploads\/2025\/04\/dachzeltnomaden-dachzelt-zubehoer-racks-bia-outdoor-trager-set-fur-robert-und-gerald-498294-e1744095445260.webp",713,449,false],"woocommerce_gallery_thumbnail":["https:\/\/dachzeltnomaden.com\/shop\/wp-content\/uploads\/2025\/04\/dachzeltnomaden-dachzelt-zubehoer-racks-bia-outdoor-trager-set-fur-robert-und-gerald-498294-e1744095445260-100x100.webp",100,100,true]},"uagb_author_info":{"display_name":"Jasmine","author_link":"https:\/\/dachzeltnomaden.com\/shop\/author\/"},"uagb_comment_info":0,"uagb_excerpt":"WERBUNG Du suchst noch nach einen Quertr\u00e4ger f\u00fcr dein Alu-Hartschalendachzelt? Wie w\u00e4re es mit einem von BIA Outdoor! *Die Links [&hellip;]","_links":{"self":[{"href":"https:\/\/dachzeltnomaden.com\/shop\/wp-json\/wp\/v2\/product\/131488","targetHints":{"allow":["GET"]}}],"collection":[{"href":"https:\/\/dachzeltnomaden.com\/shop\/wp-json\/wp\/v2\/product"}],"about":[{"href":"https:\/\/dachzeltnomaden.com\/shop\/wp-json\/wp\/v2\/types\/product"}],"wp:featuredmedia":[{"embeddable":true,"href":"https:\/\/dachzeltnomaden.com\/shop\/wp-json\/wp\/v2\/media\/131489"}],"wp:attachment":[{"href":"https:\/\/dachzeltnomaden.com\/shop\/wp-json\/wp\/v2\/media?parent=131488"}],"wp:term":[{"taxonomy":"product_brand","embeddable":true,"href":"https:\/\/dachzeltnomaden.com\/shop\/wp-json\/wp\/v2\/product_brand?post=131488"},{"taxonomy":"product_cat","embeddable":true,"href":"https:\/\/dachzeltnomaden.com\/shop\/wp-json\/wp\/v2\/product_cat?post=131488"},{"taxonomy":"product_tag","embeddable":true,"href":"https:\/\/dachzeltnomaden.com\/shop\/wp-json\/wp\/v2\/product_tag?post=131488"}],"curies":[{"name":"wp","href":"https:\/\/api.w.org\/{rel}","templated":true}]}}