{"id":131412,"date":"2025-04-07T17:04:09","date_gmt":"2025-04-07T15:04:09","guid":{"rendered":"https:\/\/dachzeltnomaden.com\/shop\/?post_type=product&#038;p=131412"},"modified":"2025-10-17T10:17:30","modified_gmt":"2025-10-17T08:17:30","slug":"arcta-dachtraeger","status":"publish","type":"product","link":"https:\/\/dachzeltnomaden.com\/shop\/produkt\/arcta-dachtraeger\/","title":{"rendered":"ARCTA<br>Dachtr\u00e4ger"},"content":{"rendered":"\n<div class=\"wp-block-uagb-container uagb-block-be52fc24 default uagb-is-root-container\">\n<div class=\"wp-block-uagb-advanced-heading uagb-block-233add0f\"><h6 class=\"uagb-heading-text\">WERBUNG<\/h6><\/div>\n\n\n\n<p class=\"has-ast-global-color-5-color has-ast-global-color-2-background-color has-text-color has-background has-link-color wp-elements-f0abb4ce23a07f450fe48f18ef10a789\">Du findest hier Quertr\u00e4ger f\u00fcr dein ARCTA Alu-Dachzelt!<br><br>*Die Links sind Affiliate Links. Wenn du dich f\u00fcr den Kauf eines ARCTA Dachtr\u00e4gers entscheidest, erhalten die Dachzeltnomaden eine Provision. Damit unterst\u00fctzt du uns &amp; unsere Arbeit. F\u00fcr dich kostet der ARCTA Dachtr\u00e4ger deshalb nicht mehr.<\/p>\n\n\n\n<div class=\"wp-block-uagb-advanced-heading uagb-block-b21af034\"><p class=\"uagb-desc-text\">Zum Beladen deines Alu Dachzelts<\/p><h2 class=\"uagb-heading-text\">Alu Quertr\u00e4ger<\/h2><div class=\"uagb-separator\"><\/div><\/div>\n\n\n\n<p style=\"margin-bottom:0px\">Als praktisches Zubeh\u00f6r f\u00fcr seine<a href=\"https:\/\/dachzeltnomaden.com\/alu-dachzelte-im-ueberblick\/\" target=\"_blank\" rel=\"noreferrer noopener\"> Alu Dachzelte<\/a> Vento, Radix und Radix XL bietet ARCTA zus\u00e4tzliche Quertr\u00e4ger zu den bereits mit dem Dachzelt mitgelieferten an, so kannst du deine Hartschale mit noch mehr Gep\u00e4ck beladen!<br><br>Diese ARCTA Quertr\u00e4ger sind erh\u00e4ltlich:<\/p>\n\n\n\n<div class=\"wp-block-uagb-container uagb-block-cdf3a634 default uagb-is-root-container\">\n<div class=\"wp-block-uagb-advanced-heading uagb-block-0d6231af\"><h3 class=\"uagb-heading-text\">Alu Quertr\u00e4ger f\u00fcr das Vento, Radix &amp; Radix XL<\/h3><\/div>\n\n\n\n<p>Zus\u00e4tzliches&nbsp;<strong>Zweierset<\/strong>&nbsp;an Aluprofilen f\u00fcr dein Radix, Radix XL oder Vento! Perfekt wenn die zwei mitgelieferten Quertr\u00e4ger nicht reichen und&nbsp;<strong>deutlich mehr Beladung<\/strong>&nbsp;auf dem Dachzelt mitgenommen werden muss!<\/p>\n\n\n\n<div class=\"wp-block-uagb-container uagb-block-913b1664\">\n<div class=\"wp-block-uagb-container uagb-block-9cadf054\">\n<h4 class=\"wp-block-heading\" style=\"margin-top:0px;margin-bottom:0px\">Features<\/h4>\n\n\n\n<ul class=\"wp-block-list\">\n<li><strong>Was ist mit dabei? <\/strong>2 x Aluprofil + Gleitsteine &amp; Schrauben zur Befestigung<\/li>\n\n\n\n<li><strong>Material: <\/strong>Aluminium<\/li>\n\n\n\n<li><strong>Abmessung:<\/strong> Abh\u00e4ngig des jeweiligen Dachzeltes &#8211; 2 Gr\u00f6\u00dfen erh\u00e4ltlich<\/li>\n\n\n\n<li><strong>Aufbau und Installation:<\/strong> Zwischen die zwei Tr\u00e4gerelemente des Dachzeltes und mit den mitgelieferten Gleitsteinen und Schrauben an den vorgesehenen \u00d6ffnungen am Dachtr\u00e4ger anschrauben.<\/li>\n<\/ul>\n\n\n\n<div class=\"wp-block-buttons is-layout-flex wp-block-buttons-is-layout-flex\">\n<div class=\"wp-block-button\"><a class=\"wp-block-button__link wp-element-button\" href=\"https:\/\/www.arcta.de\/collections\/zubehor-ersatzteile\/products\/alu-dachtrager?variant=45441790214411?ref=NrBcA0l2\" target=\"_blank\" rel=\"noreferrer noopener\">Zum Alu Quertr\u00e4ger<\/a><\/div>\n<\/div>\n<\/div>\n\n\n\n<div class=\"wp-block-uagb-container uagb-block-50b42cfe\">\n<figure class=\"wp-block-gallery has-nested-images columns-2 is-cropped wp-block-gallery-1 is-layout-flex wp-block-gallery-is-layout-flex\">\n<figure class=\"wp-block-image alignright size-full has-custom-border is-style-default\"><img decoding=\"async\" width=\"360\" height=\"288\" data-id=\"131414\" src=\"https:\/\/dachzeltnomaden.com\/shop\/wp-content\/uploads\/2025\/04\/dachzeltnomaden-dachzelt-zubehoer-racks-arcta-alu-quertraegervento-957117_360x.webp\" alt=\"arcta alu quertr\u00e4ger vento radix kaufen\" class=\"wp-image-131414\" style=\"border-radius:10px\" srcset=\"https:\/\/dachzeltnomaden.com\/shop\/wp-content\/uploads\/2025\/04\/dachzeltnomaden-dachzelt-zubehoer-racks-arcta-alu-quertraegervento-957117_360x.webp 360w, https:\/\/dachzeltnomaden.com\/shop\/wp-content\/uploads\/2025\/04\/dachzeltnomaden-dachzelt-zubehoer-racks-arcta-alu-quertraegervento-957117_360x-300x240.webp 300w\" sizes=\"(max-width: 360px) 100vw, 360px\" \/><\/figure>\n\n\n\n<figure class=\"wp-block-image size-full has-custom-border\"><img decoding=\"async\" width=\"1080\" height=\"864\" data-id=\"131415\" src=\"https:\/\/dachzeltnomaden.com\/shop\/wp-content\/uploads\/2025\/04\/dachzeltnomaden-dachzelt-zubehoer-racks-arcta-alu-quertraeger-radix-vento.webp\" alt=\"arcta alu quertraeger kaufen \" class=\"wp-image-131415\" style=\"border-radius:10px\" srcset=\"https:\/\/dachzeltnomaden.com\/shop\/wp-content\/uploads\/2025\/04\/dachzeltnomaden-dachzelt-zubehoer-racks-arcta-alu-quertraeger-radix-vento.webp 1080w, https:\/\/dachzeltnomaden.com\/shop\/wp-content\/uploads\/2025\/04\/dachzeltnomaden-dachzelt-zubehoer-racks-arcta-alu-quertraeger-radix-vento-300x240.webp 300w, https:\/\/dachzeltnomaden.com\/shop\/wp-content\/uploads\/2025\/04\/dachzeltnomaden-dachzelt-zubehoer-racks-arcta-alu-quertraeger-radix-vento-1024x819.webp 1024w, https:\/\/dachzeltnomaden.com\/shop\/wp-content\/uploads\/2025\/04\/dachzeltnomaden-dachzelt-zubehoer-racks-arcta-alu-quertraeger-radix-vento-768x614.webp 768w\" sizes=\"(max-width: 1080px) 100vw, 1080px\" \/><\/figure>\n\n\n\n<figure class=\"wp-block-image size-full has-custom-border\"><img decoding=\"async\" width=\"1080\" height=\"864\" data-id=\"131416\" src=\"https:\/\/dachzeltnomaden.com\/shop\/wp-content\/uploads\/2025\/04\/dachzeltnomaden-dachzelt-zubehoer-racks-arcta-alu-quertraeger-radix-vento_zoom.webp\" alt=\"arcta alu quertraeger zoom kaufen \" class=\"wp-image-131416\" style=\"border-radius:10px\" srcset=\"https:\/\/dachzeltnomaden.com\/shop\/wp-content\/uploads\/2025\/04\/dachzeltnomaden-dachzelt-zubehoer-racks-arcta-alu-quertraeger-radix-vento_zoom.webp 1080w, https:\/\/dachzeltnomaden.com\/shop\/wp-content\/uploads\/2025\/04\/dachzeltnomaden-dachzelt-zubehoer-racks-arcta-alu-quertraeger-radix-vento_zoom-300x240.webp 300w, https:\/\/dachzeltnomaden.com\/shop\/wp-content\/uploads\/2025\/04\/dachzeltnomaden-dachzelt-zubehoer-racks-arcta-alu-quertraeger-radix-vento_zoom-1024x819.webp 1024w, https:\/\/dachzeltnomaden.com\/shop\/wp-content\/uploads\/2025\/04\/dachzeltnomaden-dachzelt-zubehoer-racks-arcta-alu-quertraeger-radix-vento_zoom-768x614.webp 768w\" sizes=\"(max-width: 1080px) 100vw, 1080px\" \/><\/figure>\n\n\n\n<figure class=\"wp-block-image size-full has-custom-border\"><img decoding=\"async\" width=\"360\" height=\"288\" data-id=\"131417\" src=\"https:\/\/dachzeltnomaden.com\/shop\/wp-content\/uploads\/2025\/04\/dachzeltnomaden-dachzelt-zubhoer-racks-arcta-alu-quertraeger_radix18_4c7a0559-14db-425a-8655-ffa9b32cc813_360x.webp\" alt=\"alu quertraeger arcta kaufen radix vento\" class=\"wp-image-131417\" style=\"border-radius:10px\" srcset=\"https:\/\/dachzeltnomaden.com\/shop\/wp-content\/uploads\/2025\/04\/dachzeltnomaden-dachzelt-zubhoer-racks-arcta-alu-quertraeger_radix18_4c7a0559-14db-425a-8655-ffa9b32cc813_360x.webp 360w, https:\/\/dachzeltnomaden.com\/shop\/wp-content\/uploads\/2025\/04\/dachzeltnomaden-dachzelt-zubhoer-racks-arcta-alu-quertraeger_radix18_4c7a0559-14db-425a-8655-ffa9b32cc813_360x-300x240.webp 300w\" sizes=\"(max-width: 360px) 100vw, 360px\" \/><\/figure>\n<\/figure>\n<\/div>\n<\/div>\n<\/div>\n\n\n\n<p style=\"margin-bottom:0px\"><\/p>\n<\/div>\n","protected":false},"excerpt":{"rendered":"<p>WERBUNG Du findest hier Quertr\u00e4ger f\u00fcr dein ARCTA Alu-Dachzelt! *Die Links sind Affiliate Links. Wenn du dich f\u00fcr den Kauf [&hellip;]<\/p>\n","protected":false},"featured_media":131417,"template":"","meta":{"_uag_custom_page_level_css":"","site-sidebar-layout":"default","site-content-layout":"","ast-site-content-layout":"default","site-content-style":"default","site-sidebar-style":"default","ast-global-header-display":"","ast-banner-title-visibility":"","ast-main-header-display":"","ast-hfb-above-header-display":"","ast-hfb-below-header-display":"","ast-hfb-mobile-header-display":"","site-post-title":"","ast-breadcrumbs-content":"","ast-featured-img":"","footer-sml-layout":"","ast-disable-related-posts":"","theme-transparent-header-meta":"","adv-header-id-meta":"","stick-header-meta":"","header-above-stick-meta":"","header-main-stick-meta":"","header-below-stick-meta":"","astra-migrate-meta-layouts":"default","ast-page-background-enabled":"default","ast-page-background-meta":{"desktop":{"background-color":"var(--ast-global-color-4)","background-image":"","background-repeat":"repeat","background-position":"center center","background-size":"auto","background-attachment":"scroll","background-type":"","background-media":"","overlay-type":"","overlay-color":"","overlay-opacity":"","overlay-gradient":""},"tablet":{"background-color":"","background-image":"","background-repeat":"repeat","background-position":"center center","background-size":"auto","background-attachment":"scroll","background-type":"","background-media":"","overlay-type":"","overlay-color":"","overlay-opacity":"","overlay-gradient":""},"mobile":{"background-color":"","background-image":"","background-repeat":"repeat","background-position":"center center","background-size":"auto","background-attachment":"scroll","background-type":"","background-media":"","overlay-type":"","overlay-color":"","overlay-opacity":"","overlay-gradient":""}},"ast-content-background-meta":{"desktop":{"background-color":"var(--ast-global-color-5)","background-image":"","background-repeat":"repeat","background-position":"center center","background-size":"auto","background-attachment":"scroll","background-type":"","background-media":"","overlay-type":"","overlay-color":"","overlay-opacity":"","overlay-gradient":""},"tablet":{"background-color":"var(--ast-global-color-5)","background-image":"","background-repeat":"repeat","background-position":"center center","background-size":"auto","background-attachment":"scroll","background-type":"","background-media":"","overlay-type":"","overlay-color":"","overlay-opacity":"","overlay-gradient":""},"mobile":{"background-color":"var(--ast-global-color-5)","background-image":"","background-repeat":"repeat","background-position":"center center","background-size":"auto","background-attachment":"scroll","background-type":"","background-media":"","overlay-type":"","overlay-color":"","overlay-opacity":"","overlay-gradient":""}},"_themeisle_gutenberg_block_has_review":false},"product_brand":[],"product_cat":[101,223],"product_tag":[],"class_list":{"0":"post-131412","1":"product","2":"type-product","3":"status-publish","4":"has-post-thumbnail","6":"product_cat-zubehoer","7":"product_cat-racks","8":"desktop-align-left","9":"tablet-align-left","10":"mobile-align-left","11":"ast-product-gallery-layout-vertical-slider","12":"ast-product-tabs-layout-horizontal","14":"first","15":"instock","16":"taxable","17":"shipping-taxable","18":"purchasable","19":"product-type-external"},"exclude_global_add_ons":[],"addons":[],"uagb_featured_image_src":{"full":["https:\/\/dachzeltnomaden.com\/shop\/wp-content\/uploads\/2025\/04\/dachzeltnomaden-dachzelt-zubhoer-racks-arcta-alu-quertraeger_radix18_4c7a0559-14db-425a-8655-ffa9b32cc813_360x.webp",360,288,false],"thumbnail":["https:\/\/dachzeltnomaden.com\/shop\/wp-content\/uploads\/2025\/04\/dachzeltnomaden-dachzelt-zubhoer-racks-arcta-alu-quertraeger_radix18_4c7a0559-14db-425a-8655-ffa9b32cc813_360x.webp",360,288,false],"medium":["https:\/\/dachzeltnomaden.com\/shop\/wp-content\/uploads\/2025\/04\/dachzeltnomaden-dachzelt-zubhoer-racks-arcta-alu-quertraeger_radix18_4c7a0559-14db-425a-8655-ffa9b32cc813_360x-300x240.webp",300,240,true],"medium_large":["https:\/\/dachzeltnomaden.com\/shop\/wp-content\/uploads\/2025\/04\/dachzeltnomaden-dachzelt-zubhoer-racks-arcta-alu-quertraeger_radix18_4c7a0559-14db-425a-8655-ffa9b32cc813_360x.webp",360,288,false],"large":["https:\/\/dachzeltnomaden.com\/shop\/wp-content\/uploads\/2025\/04\/dachzeltnomaden-dachzelt-zubhoer-racks-arcta-alu-quertraeger_radix18_4c7a0559-14db-425a-8655-ffa9b32cc813_360x.webp",360,288,false],"1536x1536":["https:\/\/dachzeltnomaden.com\/shop\/wp-content\/uploads\/2025\/04\/dachzeltnomaden-dachzelt-zubhoer-racks-arcta-alu-quertraeger_radix18_4c7a0559-14db-425a-8655-ffa9b32cc813_360x.webp",360,288,false],"2048x2048":["https:\/\/dachzeltnomaden.com\/shop\/wp-content\/uploads\/2025\/04\/dachzeltnomaden-dachzelt-zubhoer-racks-arcta-alu-quertraeger_radix18_4c7a0559-14db-425a-8655-ffa9b32cc813_360x.webp",360,288,false],"woocommerce_thumbnail":["https:\/\/dachzeltnomaden.com\/shop\/wp-content\/uploads\/2025\/04\/dachzeltnomaden-dachzelt-zubhoer-racks-arcta-alu-quertraeger_radix18_4c7a0559-14db-425a-8655-ffa9b32cc813_360x.webp",360,288,false],"woocommerce_single":["https:\/\/dachzeltnomaden.com\/shop\/wp-content\/uploads\/2025\/04\/dachzeltnomaden-dachzelt-zubhoer-racks-arcta-alu-quertraeger_radix18_4c7a0559-14db-425a-8655-ffa9b32cc813_360x.webp",360,288,false],"woocommerce_gallery_thumbnail":["https:\/\/dachzeltnomaden.com\/shop\/wp-content\/uploads\/2025\/04\/dachzeltnomaden-dachzelt-zubhoer-racks-arcta-alu-quertraeger_radix18_4c7a0559-14db-425a-8655-ffa9b32cc813_360x-100x100.webp",100,100,true]},"uagb_author_info":{"display_name":"Jasmine","author_link":"https:\/\/dachzeltnomaden.com\/shop\/author\/"},"uagb_comment_info":0,"uagb_excerpt":"WERBUNG Du findest hier Quertr\u00e4ger f\u00fcr dein ARCTA Alu-Dachzelt! *Die Links sind Affiliate Links. Wenn du dich f\u00fcr den Kauf [&hellip;]","_links":{"self":[{"href":"https:\/\/dachzeltnomaden.com\/shop\/wp-json\/wp\/v2\/product\/131412","targetHints":{"allow":["GET"]}}],"collection":[{"href":"https:\/\/dachzeltnomaden.com\/shop\/wp-json\/wp\/v2\/product"}],"about":[{"href":"https:\/\/dachzeltnomaden.com\/shop\/wp-json\/wp\/v2\/types\/product"}],"wp:featuredmedia":[{"embeddable":true,"href":"https:\/\/dachzeltnomaden.com\/shop\/wp-json\/wp\/v2\/media\/131417"}],"wp:attachment":[{"href":"https:\/\/dachzeltnomaden.com\/shop\/wp-json\/wp\/v2\/media?parent=131412"}],"wp:term":[{"taxonomy":"product_brand","embeddable":true,"href":"https:\/\/dachzeltnomaden.com\/shop\/wp-json\/wp\/v2\/product_brand?post=131412"},{"taxonomy":"product_cat","embeddable":true,"href":"https:\/\/dachzeltnomaden.com\/shop\/wp-json\/wp\/v2\/product_cat?post=131412"},{"taxonomy":"product_tag","embeddable":true,"href":"https:\/\/dachzeltnomaden.com\/shop\/wp-json\/wp\/v2\/product_tag?post=131412"}],"curies":[{"name":"wp","href":"https:\/\/api.w.org\/{rel}","templated":true}]}}