{"id":129134,"date":"2024-07-30T10:46:11","date_gmt":"2024-07-30T08:46:11","guid":{"rendered":"https:\/\/dachzeltnomaden.com\/shop\/?post_type=product&#038;p=129134"},"modified":"2025-10-17T10:17:17","modified_gmt":"2025-10-17T08:17:17","slug":"vansite-stellplatz-jahrespass","status":"publish","type":"product","link":"https:\/\/dachzeltnomaden.com\/shop\/produkt\/vansite-stellplatz-jahrespass\/","title":{"rendered":"VanSite Stellplatz Jahrespass"},"content":{"rendered":"\n<div class=\"wp-block-uagb-container uagb-block-be52fc24 alignwide uagb-is-root-container\">\n<div class=\"wp-block-uagb-advanced-heading uagb-block-b21af034\"><p class=\"uagb-desc-text\"><strong>Jetzt zus\u00e4tzlich 10 \u20ac Rabatt sichern &#8211; <\/strong><\/p><h2 class=\"uagb-heading-text\"><strong>VanSite JahresPass f\u00fcr Stellpl\u00e4tze in der Natur<\/strong><\/h2><div class=\"uagb-separator\"><\/div><\/div>\n\n\n\n<ul class=\"wp-block-list\">\n<li><strong>VanSite|Stellplatz JahresPass + gratis App<\/strong><\/li>\n\n\n\n<li><strong>Jetzt mit dem VanSite JahresPass f\u00fcr 249 \u20ac\/Jahr europaweit auf 3.000 naturnahen Stellpl\u00e4tzen campen. <\/strong><\/li>\n\n\n\n<li><strong>Stellpl\u00e4tze f\u00fcr Wohnmobil, Wohnwagen und (Dach-) Zelt inkl. kostenloser VanSite-App.<\/strong><\/li>\n<\/ul>\n\n\n\n<p><a href=\"https:\/\/dachzeltnomaden.com\/vansitejahrespass\" data-type=\"link\" data-id=\"https:\/\/dachzeltnomaden.com\/vansitejahrespass\" target=\"_blank\" rel=\"noreferrer noopener\">Den VanSite <strong>JahresPass<\/strong> kannst du dir hier inklusive Rabatt online kaufen.\u00a0<\/a><br>Die <strong>VanSite App<\/strong> gibt es f\u00fcr Android-Smartphones <a href=\"https:\/\/play.google.com\/store\/apps\/details?id=eu.vansite.mobile&amp;pli=1\" target=\"_blank\" rel=\"noreferrer noopener\">hier<\/a> und f\u00fcr iPhones <a href=\"https:\/\/apps.apple.com\/de\/app\/vansite\/id1573760276\" target=\"_blank\" rel=\"noreferrer noopener\">hier<\/a> <strong>kostenlos zum Download<\/strong>.<\/p>\n\n\n\n<p>In der heutigen Zeit, wo Camping- und Stellpl\u00e4tze oft Monate im Voraus ausgebucht sind, Wildcamping verboten ist und die ersehnte Idylle sowie N\u00e4he zur Natur oftmals fehlen, bietet VanSite die ideale L\u00f6sung:\u00a0 Camping bei privaten Gastgebern auf Stellpl\u00e4tzen in der Natur. VanSite bieten <strong><em>ruhige und naturnahe<\/em><\/strong><em> <\/em><strong>Stellpl\u00e4tze in ganz Europa<\/strong> an. Dabei k\u00f6nnen die Stellpl\u00e4tze ganz einfach \u00fcber die Website <a href=\"https:\/\/vansite.eu\/de\/\" target=\"_blank\" rel=\"noreferrer noopener\">https:\/\/vansite.eu\/de\/<\/a> oder mit der <strong><em>VanSite-App<\/em><\/strong> gebucht werden. Mit dem neuen VanSite <em>\u201eJahresPass\u201c <\/em>kannst du sogar f\u00fcr nur 249 \u20ac\/Jahr alle VanSite Stellpl\u00e4tze ohne zus\u00e4tzliche Kosten buchen. F\u00fcr einen guten ersten Eindruck auf den Stellplatz, bieten <em>verifizierte VanSite Stellpl\u00e4tze<\/em> besonders aussagekr\u00e4ftige Bilder mit Drohnenaufnahmen und 360 Grad Ansicht.\u00a0 Auf dich wartet <em>europaweit<\/em> eine Auswahl aus \u00fcber <strong>3.000 Stellpl\u00e4tze f\u00fcr Wohnmobile, Wohnwagen und (Dach-) Zelte<\/strong><em>.<\/em><\/p>\n<\/div>\n\n\n\n<div class=\"wp-block-uagb-container uagb-block-ae00b476 alignwide uagb-is-root-container\">\n<div class=\"wp-block-uagb-container uagb-block-3d544ad6\"><style type=\"text\/css\">.otter-masonry .blocks-gallery-grid .blocks-gallery-item img{ width:100% }<\/style><div class=\"otter-masonry\" data-margin=\"10\">\n<figure class=\"wp-block-gallery has-nested-images columns-2 is-cropped wp-block-gallery-1 is-layout-flex wp-block-gallery-is-layout-flex\">\n<figure class=\"wp-block-image size-full has-custom-border\"><img decoding=\"async\" width=\"612\" height=\"680\" data-id=\"130504\" src=\"https:\/\/dachzeltnomaden.com\/shop\/wp-content\/uploads\/2024\/07\/Dachzeltnomaden_Shop_Aktionen_Gutscheine-VanSite_Stellplatz_Jahrespass_Assets3_20.webp\" alt=\"Dachzeltnomaden Shop aktionen gutscheine VanSite Stellplatz jahrespass kaufen\" class=\"wp-image-130504\" style=\"border-radius:10px\" srcset=\"https:\/\/dachzeltnomaden.com\/shop\/wp-content\/uploads\/2024\/07\/Dachzeltnomaden_Shop_Aktionen_Gutscheine-VanSite_Stellplatz_Jahrespass_Assets3_20.webp 612w, https:\/\/dachzeltnomaden.com\/shop\/wp-content\/uploads\/2024\/07\/Dachzeltnomaden_Shop_Aktionen_Gutscheine-VanSite_Stellplatz_Jahrespass_Assets3_20-270x300.webp 270w\" sizes=\"(max-width: 612px) 100vw, 612px\" \/><\/figure>\n\n\n\n<figure class=\"wp-block-image size-full has-custom-border\"><img decoding=\"async\" width=\"612\" height=\"680\" data-id=\"130505\" src=\"https:\/\/dachzeltnomaden.com\/shop\/wp-content\/uploads\/2024\/07\/Dachzeltnomaden_Shop_Aktionen_Gutscheine-VanSite_Stellplatz_Jahrespass_Assets4_20.webp\" alt=\"Dachzeltnomaden Shop aktionen gutscheine VanSite Stellplatz jahrespass kaufen\" class=\"wp-image-130505\" style=\"border-radius:10px\" srcset=\"https:\/\/dachzeltnomaden.com\/shop\/wp-content\/uploads\/2024\/07\/Dachzeltnomaden_Shop_Aktionen_Gutscheine-VanSite_Stellplatz_Jahrespass_Assets4_20.webp 612w, https:\/\/dachzeltnomaden.com\/shop\/wp-content\/uploads\/2024\/07\/Dachzeltnomaden_Shop_Aktionen_Gutscheine-VanSite_Stellplatz_Jahrespass_Assets4_20-270x300.webp 270w\" sizes=\"(max-width: 612px) 100vw, 612px\" \/><\/figure>\n\n\n\n<figure class=\"wp-block-image size-full has-custom-border\"><img decoding=\"async\" width=\"612\" height=\"680\" data-id=\"130508\" src=\"https:\/\/dachzeltnomaden.com\/shop\/wp-content\/uploads\/2024\/07\/Dachzeltnomaden_Shop_Aktionen_Gutscheine-VanSite_Stellplatz_Jahrespass_Assets7_20.webp\" alt=\"Dachzeltnomaden Shop aktionen gutscheine VanSite Stellplatz jahrespass kaufen\" class=\"wp-image-130508\" style=\"border-radius:10px\" srcset=\"https:\/\/dachzeltnomaden.com\/shop\/wp-content\/uploads\/2024\/07\/Dachzeltnomaden_Shop_Aktionen_Gutscheine-VanSite_Stellplatz_Jahrespass_Assets7_20.webp 612w, https:\/\/dachzeltnomaden.com\/shop\/wp-content\/uploads\/2024\/07\/Dachzeltnomaden_Shop_Aktionen_Gutscheine-VanSite_Stellplatz_Jahrespass_Assets7_20-270x300.webp 270w\" sizes=\"(max-width: 612px) 100vw, 612px\" \/><\/figure>\n\n\n\n<figure class=\"wp-block-image size-full has-custom-border\"><img decoding=\"async\" width=\"612\" height=\"680\" data-id=\"130686\" src=\"https:\/\/dachzeltnomaden.com\/shop\/wp-content\/uploads\/2024\/07\/DZN_JP-VanSite_Assets2-1.webp\" alt=\"Dachzeltnomaden Shop aktionen gutscheine VanSite Stellplatz jahrespass kaufen\" class=\"wp-image-130686\" style=\"border-radius:10px\" srcset=\"https:\/\/dachzeltnomaden.com\/shop\/wp-content\/uploads\/2024\/07\/DZN_JP-VanSite_Assets2-1.webp 612w, https:\/\/dachzeltnomaden.com\/shop\/wp-content\/uploads\/2024\/07\/DZN_JP-VanSite_Assets2-1-270x300.webp 270w\" sizes=\"(max-width: 612px) 100vw, 612px\" \/><\/figure>\n<\/figure>\n<\/div><\/div>\n\n\n\n<div class=\"wp-block-uagb-container uagb-block-76ea1ad4\">\n<h3 class=\"wp-block-heading\"><strong>Deine Vorteile bei VanSite:<\/strong><\/h3>\n\n\n\n<p><strong>\u2705 <\/strong><strong>Gro\u00dfe Auswahl:<\/strong> \u00fcber 3.000 Stellpl\u00e4tze in ganz Europa<\/p>\n\n\n\n<p><strong>\u2705 <\/strong><strong>Top bewertet:<\/strong> 4.9\/5 Sterne bei 10.000 Bewertungen<\/p>\n\n\n\n<p><strong>\u2705 Sparen:<\/strong> JahresPass kaufen (ohne Abo)<\/p>\n\n\n\n<p><strong>\u2705 <\/strong><strong>Kostenlose App:<\/strong> Jederzeit den passenden Stellplatz finden<\/p>\n\n\n\n<p><strong>\u2705 Direkt online buchen:<\/strong> Einfach und sicher online bezahlen<\/p>\n\n\n\n<div class=\"wp-block-buttons is-layout-flex wp-block-buttons-is-layout-flex\">\n<div class=\"wp-block-button\"><a class=\"wp-block-button__link wp-element-button\" href=\"https:\/\/dachzeltnomaden.com\/vansitejahrespass\" target=\"_blank\" rel=\"noreferrer noopener\">Zum Jahrespass von VanSite<\/a><\/div>\n<\/div>\n<\/div>\n<\/div>\n\n\n\n<div class=\"wp-block-uagb-container uagb-block-9f33000d alignwide uagb-is-root-container\">\n<div class=\"wp-block-uagb-advanced-heading uagb-block-a6fac6a1\"><h3 class=\"uagb-heading-text\"><strong>Funktionen der kostenlosen VanSite App<\/strong><\/h3><\/div>\n\n\n\n<p><strong>\ud83d\uddfa\ufe0f<\/strong> <strong>Karten- und Listenansicht +\ud83d\udccdLive-Standort<\/strong><br><br>F\u00fcr deine Suche nach dem perfekten Stellplatz kannst du \u00fcber die VanSite Webseite und App zwei verschiedene Ansichten nutzen. Mithilfe der <strong>Kartenansicht<\/strong> kannst du genau sehen, wo sich die Stellpl\u00e4tze befinden und in bestimmte L\u00e4nder, Orte und Regionen heranzoomen.&nbsp;<br>\u00dcber einen Button l\u00e4sst sich sogar dein <strong>aktueller Standort lokalisieren<\/strong>, wodurch du schnell und einfach <em>Stellpl\u00e4tze in der N\u00e4he<\/em> findest.&nbsp;<br><br>Nutzt du lieber eine <strong>Listenansicht f\u00fcr deine Stellplatzsuche<\/strong>? Mit einem Klick kannst du die Ansicht an deine Vorlieben anpassen. Mit der Listenansicht werden dir alle Stellpl\u00e4tze untereinander mit einem Bild und den wichtigsten Eckdaten aufgelistet.<\/p>\n\n\n\n<p><strong>\ud83d\udd0eFilter-Funktion<\/strong><br><br>F\u00fcr eine m\u00f6glichst effektive und schnelle Stellplatzsuche kannst du die integrierte Filter-Funktion verwenden. \u00dcber die Funktion kannst du zum Beispiel nach Stellpl\u00e4tzen mit den folgenden Merkmalen filtern:&nbsp;<\/p>\n\n\n\n<ul class=\"wp-block-list\">\n<li>Hunde erlaubt<\/li>\n\n\n\n<li>Bewertungen<\/li>\n\n\n\n<li>Entfernung in km<\/li>\n\n\n\n<li>Geeignet f\u00fcr (Wohnmobil, Wohnwagen, Wohnmobile ab 7,5 m, Zelt etc.)<\/li>\n\n\n\n<li>Ausstattung (Sanit\u00e4re Anlagen, Waschmaschine, WiFi etc.)<\/li>\n\n\n\n<li>Umgebung (Meer, See, Wiese, Bauernhof, Wald etc.)<\/li>\n\n\n\n<li>Aktivit\u00e4ten<\/li>\n\n\n\n<li>Aufenthaltsdauer [N\u00e4chte]<\/li>\n\n\n\n<li>Ankunft-\/Abfahrtzeit<\/li>\n\n\n\n<li>u. v. m.<\/li>\n<\/ul>\n\n\n\n<p><strong>\ud83d\udeabOhne Abo<\/strong><br><br>F\u00fcr die Nutzung der VanSite App muss <strong>kein Abo<\/strong> abgeschlossen werden. Die App steht von VanSite f\u00fcr Camper <strong>kostenlos zur Verf\u00fcgung<\/strong>. Im \u00dcbernachtungspreis ist f\u00fcr VanSite eine kleine Provision enthalten. Du zahlst transparent pro \u00dcbernachtung nur den jeweils im Angebot angegeben Preis. Das hei\u00dft es entstehen f\u00fcr dich <strong>keine versteckten Kosten<\/strong>.&nbsp;&nbsp;<\/p>\n\n\n\n<p>\ud83d\udcac<strong>Integrierte \u00dcbersetzungsfunktion<\/strong><br><br>\u00dcber VanSite findest du europaweit naturnahe Stellpl\u00e4tze von privaten Gastgebern. Damit keine Sprachbarrieren zwischen Gast und Gastgebern entstehen, ist bereits in der <strong>VanSite App eine \u00dcbersetzungsfunktion<\/strong> in einem Chat integriert. So brauchst du bei einer <em>Stellplatzbuchung im Ausland<\/em> nicht einmal die jeweilige Landessprache beherrschen. Du kannst zum Beispiel einfach auf Deutsch schreiben und er Chat <strong>\u00fcbersetzt automatisch in beide Richtungen<\/strong> in die jeweilige Fremdsprache. So werden dir selbst die Antworten von den Gastgebern direkt in deiner Sprache \u00fcbersetzt und angezeigt.<\/p>\n<\/div>\n\n\n\n<div class=\"wp-block-uagb-container uagb-block-37be1d12 alignfull uagb-is-root-container\"><div class=\"uagb-container-inner-blocks-wrap\">\n<div class=\"wp-block-uagb-image uagb-block-a43e3eb5 wp-block-uagb-image--layout-default wp-block-uagb-image--effect-static wp-block-uagb-image--align-none\"><figure class=\"wp-block-uagb-image__figure\"><img decoding=\"async\" srcset=\"https:\/\/dachzeltnomaden.com\/shop\/wp-content\/uploads\/2024\/07\/VanSite-App_ohne-Hintergrund.webp ,https:\/\/dachzeltnomaden.com\/shop\/wp-content\/uploads\/2024\/07\/VanSite-App_ohne-Hintergrund.webp 780w, https:\/\/dachzeltnomaden.com\/shop\/wp-content\/uploads\/2024\/07\/VanSite-App_ohne-Hintergrund.webp 360w\" sizes=\"auto, (max-width: 480px) 150px\" src=\"https:\/\/dachzeltnomaden.com\/shop\/wp-content\/uploads\/2024\/07\/VanSite-App_ohne-Hintergrund.webp\" alt=\"Dachzeltnomaden Shop aktionen gutscheine VanSite Stellplatz jahrespass kaufen\" class=\"uag-image-129139\" width=\"500\" height=\"300\" title=\"VanSite App_ohne Hintergrund\" loading=\"lazy\" role=\"img\"\/><\/figure><\/div>\n\n\n\n<div class=\"wp-block-uagb-container uagb-block-b3c5083d\">\n<p>Jetzt die <strong>VanSite App<\/strong> <strong>kostenlos downloaden:<br><\/strong><br>Android-Smartphones <a href=\"https:\/\/play.google.com\/store\/apps\/details?id=eu.vansite.mobile&amp;pli=1\" target=\"_blank\" rel=\"noopener\">hier<br><\/a>iPhones <a href=\"https:\/\/apps.apple.com\/de\/app\/vansite\/id1573760276\" target=\"_blank\" rel=\"noopener\">hier<\/a>&nbsp;<\/p>\n<\/div>\n<\/div><\/div>\n\n\n\n<div class=\"wp-block-uagb-container uagb-block-a999a7a2 alignwide uagb-is-root-container\">\n<p><strong>Der VanSite JahresPass<\/strong><br><br>Neu ab 2024 bietet VanSite einen <strong>JahresPass<\/strong> f\u00fcr Camper an, die sich ein Jahr lang keine Gedanken \u00fcber die Preise der Stellpl\u00e4tze machen m\u00f6chten. Der JahresPass kann f\u00fcr <strong>einmalig 249 \u20ac im Jahr<\/strong> gekauft werden. Mit dem JahresPass k\u00f6nnen Camper frei und flexibel <strong>tausende VanSite Stellpl\u00e4tze in Europa f\u00fcr 0 \u20ac<\/strong> \u00dcbernachtungskosten buchen. Der Pass kann f\u00fcr Wohnmobil, Wohnwagen und (Dach-) Zelt Stellpl\u00e4tze flexibel genutzt werden.\u00a0<br><br>Nach 12 Monaten ab Kaufdatum l\u00e4uft der JahresPass automatisch ab und kann optional erneut erworben werden.\u00a0<\/p>\n\n\n\n<div class=\"wp-block-uagb-buttons uagb-buttons__outer-wrap uagb-btn__default-btn uagb-btn-tablet__default-btn uagb-btn-mobile__default-btn uagb-block-d8f56052\"><div class=\"uagb-buttons__wrap uagb-buttons-layout-wrap \">\n<div class=\"wp-block-uagb-buttons-child uagb-buttons__outer-wrap uagb-block-d0af7ab3 wp-block-button\"><div class=\"uagb-button__wrapper\"><a class=\"uagb-buttons-repeater wp-block-button__link\" aria-label=\"\" href=\"https:\/\/dachzeltnomaden.com\/vansitejahrespass\" rel=\"follow noopener\" target=\"_blank\" role=\"button\"><div class=\"uagb-button__link\">Zum VanSite Jahrespass<\/div><\/a><\/div><\/div>\n<\/div><\/div>\n<\/div>\n","protected":false},"excerpt":{"rendered":"<p role=\"textbox\" aria-multiline=\"true\" aria-label=\"Write a Description\" aria-readonly=\"false\" data-wp-block-attribute-key=\"16\">Jetzt mit dem Stellplatz JahresPass f\u00fcr 249\u20ac\/Jahr europaweit auf tausenden naturnahen Stellpl\u00e4tzen campen. Stellpl\u00e4tze f\u00fcr Wohnmobil, Wohnwagen und (Dach-) Zelt inkl. kostenloser VanSite-App.\u00a0<\/p>\n<p role=\"textbox\" aria-multiline=\"true\" aria-label=\"Write a Description\" aria-readonly=\"false\" data-wp-block-attribute-key=\"16\">\u00a0<\/p>\n<p role=\"textbox\" aria-multiline=\"true\" aria-label=\"Write a Description\" aria-readonly=\"false\" data-wp-block-attribute-key=\"16\"><a class=\"button\" style=\"font-size: 16px; font-style: normal; transition-delay: 0s;\" href=\"https:\/\/dachzeltnomaden.com\/vansitejahrespass\" target=\"_blank\" rel=\"noopener\">Hier gehts zum Jahrespass<\/a>\u00a0<\/p>\n","protected":false},"featured_media":130501,"template":"","meta":{"_uag_custom_page_level_css":"","site-sidebar-layout":"default","site-content-layout":"","ast-site-content-layout":"default","site-content-style":"default","site-sidebar-style":"default","ast-global-header-display":"","ast-banner-title-visibility":"","ast-main-header-display":"","ast-hfb-above-header-display":"","ast-hfb-below-header-display":"","ast-hfb-mobile-header-display":"","site-post-title":"","ast-breadcrumbs-content":"","ast-featured-img":"","footer-sml-layout":"","ast-disable-related-posts":"","theme-transparent-header-meta":"","adv-header-id-meta":"","stick-header-meta":"","header-above-stick-meta":"","header-main-stick-meta":"","header-below-stick-meta":"","astra-migrate-meta-layouts":"default","ast-page-background-enabled":"default","ast-page-background-meta":{"desktop":{"background-color":"var(--ast-global-color-4)","background-image":"","background-repeat":"repeat","background-position":"center center","background-size":"auto","background-attachment":"scroll","background-type":"","background-media":"","overlay-type":"","overlay-color":"","overlay-opacity":"","overlay-gradient":""},"tablet":{"background-color":"","background-image":"","background-repeat":"repeat","background-position":"center center","background-size":"auto","background-attachment":"scroll","background-type":"","background-media":"","overlay-type":"","overlay-color":"","overlay-opacity":"","overlay-gradient":""},"mobile":{"background-color":"","background-image":"","background-repeat":"repeat","background-position":"center center","background-size":"auto","background-attachment":"scroll","background-type":"","background-media":"","overlay-type":"","overlay-color":"","overlay-opacity":"","overlay-gradient":""}},"ast-content-background-meta":{"desktop":{"background-color":"var(--ast-global-color-5)","background-image":"","background-repeat":"repeat","background-position":"center center","background-size":"auto","background-attachment":"scroll","background-type":"","background-media":"","overlay-type":"","overlay-color":"","overlay-opacity":"","overlay-gradient":""},"tablet":{"background-color":"var(--ast-global-color-5)","background-image":"","background-repeat":"repeat","background-position":"center center","background-size":"auto","background-attachment":"scroll","background-type":"","background-media":"","overlay-type":"","overlay-color":"","overlay-opacity":"","overlay-gradient":""},"mobile":{"background-color":"var(--ast-global-color-5)","background-image":"","background-repeat":"repeat","background-position":"center center","background-size":"auto","background-attachment":"scroll","background-type":"","background-media":"","overlay-type":"","overlay-color":"","overlay-opacity":"","overlay-gradient":""}},"_themeisle_gutenberg_block_has_review":false},"product_brand":[],"product_cat":[100],"product_tag":[],"class_list":{"0":"post-129134","1":"product","2":"type-product","3":"status-publish","4":"has-post-thumbnail","6":"product_cat-rabatte","7":"desktop-align-left","8":"tablet-align-left","9":"mobile-align-left","10":"ast-product-gallery-layout-vertical-slider","11":"ast-product-tabs-layout-horizontal","13":"first","14":"instock","15":"purchasable","16":"product-type-external"},"exclude_global_add_ons":[],"addons":[],"uagb_featured_image_src":{"full":["https:\/\/dachzeltnomaden.com\/shop\/wp-content\/uploads\/2024\/07\/Dachzeltnomaden_Shop_Aktionen_Gutscheine-VanSite_Stellplatz_Jahrespass_Assets_20.webp",612,680,false],"thumbnail":["https:\/\/dachzeltnomaden.com\/shop\/wp-content\/uploads\/2024\/07\/Dachzeltnomaden_Shop_Aktionen_Gutscheine-VanSite_Stellplatz_Jahrespass_Assets_20.webp",540,600,false],"medium":["https:\/\/dachzeltnomaden.com\/shop\/wp-content\/uploads\/2024\/07\/Dachzeltnomaden_Shop_Aktionen_Gutscheine-VanSite_Stellplatz_Jahrespass_Assets_20-270x300.webp",270,300,true],"medium_large":["https:\/\/dachzeltnomaden.com\/shop\/wp-content\/uploads\/2024\/07\/Dachzeltnomaden_Shop_Aktionen_Gutscheine-VanSite_Stellplatz_Jahrespass_Assets_20.webp",612,680,false],"large":["https:\/\/dachzeltnomaden.com\/shop\/wp-content\/uploads\/2024\/07\/Dachzeltnomaden_Shop_Aktionen_Gutscheine-VanSite_Stellplatz_Jahrespass_Assets_20.webp",461,512,false],"1536x1536":["https:\/\/dachzeltnomaden.com\/shop\/wp-content\/uploads\/2024\/07\/Dachzeltnomaden_Shop_Aktionen_Gutscheine-VanSite_Stellplatz_Jahrespass_Assets_20.webp",612,680,false],"2048x2048":["https:\/\/dachzeltnomaden.com\/shop\/wp-content\/uploads\/2024\/07\/Dachzeltnomaden_Shop_Aktionen_Gutscheine-VanSite_Stellplatz_Jahrespass_Assets_20.webp",612,680,false],"woocommerce_thumbnail":["https:\/\/dachzeltnomaden.com\/shop\/wp-content\/uploads\/2024\/07\/Dachzeltnomaden_Shop_Aktionen_Gutscheine-VanSite_Stellplatz_Jahrespass_Assets_20-600x600.webp",600,600,true],"woocommerce_single":["https:\/\/dachzeltnomaden.com\/shop\/wp-content\/uploads\/2024\/07\/Dachzeltnomaden_Shop_Aktionen_Gutscheine-VanSite_Stellplatz_Jahrespass_Assets_20.webp",612,680,false],"woocommerce_gallery_thumbnail":["https:\/\/dachzeltnomaden.com\/shop\/wp-content\/uploads\/2024\/07\/Dachzeltnomaden_Shop_Aktionen_Gutscheine-VanSite_Stellplatz_Jahrespass_Assets_20-100x100.webp",100,100,true]},"uagb_author_info":{"display_name":"Jasmine","author_link":"https:\/\/dachzeltnomaden.com\/shop\/author\/"},"uagb_comment_info":0,"uagb_excerpt":"Jetzt mit dem Stellplatz JahresPass f\u00fcr 249\u20ac\/Jahr europaweit auf tausenden naturnahen Stellpl\u00e4tzen campen. Stellpl\u00e4tze f\u00fcr Wohnmobil, Wohnwagen und (Dach-) Zelt inkl. kostenloser VanSite-App.\u00a0 \u00a0 Hier gehts zum Jahrespass\u00a0","_links":{"self":[{"href":"https:\/\/dachzeltnomaden.com\/shop\/wp-json\/wp\/v2\/product\/129134","targetHints":{"allow":["GET"]}}],"collection":[{"href":"https:\/\/dachzeltnomaden.com\/shop\/wp-json\/wp\/v2\/product"}],"about":[{"href":"https:\/\/dachzeltnomaden.com\/shop\/wp-json\/wp\/v2\/types\/product"}],"wp:featuredmedia":[{"embeddable":true,"href":"https:\/\/dachzeltnomaden.com\/shop\/wp-json\/wp\/v2\/media\/130501"}],"wp:attachment":[{"href":"https:\/\/dachzeltnomaden.com\/shop\/wp-json\/wp\/v2\/media?parent=129134"}],"wp:term":[{"taxonomy":"product_brand","embeddable":true,"href":"https:\/\/dachzeltnomaden.com\/shop\/wp-json\/wp\/v2\/product_brand?post=129134"},{"taxonomy":"product_cat","embeddable":true,"href":"https:\/\/dachzeltnomaden.com\/shop\/wp-json\/wp\/v2\/product_cat?post=129134"},{"taxonomy":"product_tag","embeddable":true,"href":"https:\/\/dachzeltnomaden.com\/shop\/wp-json\/wp\/v2\/product_tag?post=129134"}],"curies":[{"name":"wp","href":"https:\/\/api.w.org\/{rel}","templated":true}]}}