{"id":128569,"date":"2024-06-27T10:30:33","date_gmt":"2024-06-27T08:30:33","guid":{"rendered":"https:\/\/dachzeltnomaden.com\/shop\/?post_type=product&#038;p=128569"},"modified":"2025-10-17T10:17:13","modified_gmt":"2025-10-17T08:17:13","slug":"layzee-box-junior","status":"publish","type":"product","link":"https:\/\/dachzeltnomaden.com\/shop\/produkt\/layzee-box-junior\/","title":{"rendered":"LAYZEE Box Junior"},"content":{"rendered":"\n<div class=\"wp-block-uagb-container uagb-block-be52fc24 alignwide uagb-is-root-container\">\n<div class=\"wp-block-uagb-advanced-heading uagb-block-233add0f\"><h6 class=\"uagb-heading-text\">WERBUNG<\/h6><\/div>\n\n\n\n<p class=\"has-ast-global-color-5-color has-ast-global-color-2-background-color has-text-color has-background has-link-color wp-elements-fe68ca559e7d4dfdcf046cc766a650cb\">Du suchst noch nach einer kleinen K\u00fcche f\u00fcr unterwegs? Wie w\u00e4re es mit der LAYZEE Box Junior!<br><br>*Die Links sind Affiliate Links. Wenn du dich f\u00fcr den Kauf einer LAYZEE K\u00fcchenbox entscheidest, erhalten die Dachzeltnomaden eine Provision. Damit unterst\u00fctzt du uns &amp; unsere Arbeit. F\u00fcr dich kostet die LAYZEE K\u00fcchenbox deshalb nicht mehr.<\/p>\n\n\n\n<div class=\"wp-block-uagb-advanced-heading uagb-block-b21af034\"><p class=\"uagb-desc-text\">Hol dir die LAYZEE Box Junior<\/p><h2 class=\"uagb-heading-text\">Kleines Raumwunder, ganz gro\u00df!<\/h2><div class=\"uagb-separator\"><\/div><\/div>\n\n\n\n<p style=\"margin-bottom:0px\">Mit dem praktischen&nbsp;Eurobox Ma\u00df von 60x40x27cm (LxBxH), l\u00e4sst sich die kleine Junior K\u00fcchenbox&nbsp;perfekt stapeln&nbsp;und mit anderen&nbsp;Boxen kombinieren. <br><br>Logischerweise verf\u00fcgt die Junior Campingk\u00fcche nicht \u00fcber so viel Stauraum wie die Classic Variante, bietet aber trotzdem&nbsp;2 verschiedene Stauf\u00e4cher&nbsp;und&nbsp;alle Funktionen&nbsp;&nbsp;(Auszug, Deckel als Tisch, Fach f\u00fcr Gew\u00fcrze, Tischbeine, Windstopper und Magnetleiste)&nbsp;wie der gro\u00dfe Bruder.<br><br><strong>Vorteile der LAYZEE K\u00fcchenbox<\/strong>Vorteile&nbsp;LAYZEE K\u00fcchenbox<\/p>\n\n\n\n<ul class=\"wp-block-list\">\n<li>Mehr Ordnung in Deiner Kochbox durch 2 Trennf\u00e4cher<\/li>\n\n\n\n<li>Deckel mit 2 Funktionen; Durch zwei schwenkbare Scharniere 90 Grad aufstellbar oder komplett umgeklappt, um den Deckel als Tisch zu nutzen.<\/li>\n\n\n\n<li>Mobile Tischbeine die mit Kontermagneten in Sekunden am Deckel befestigt sind.<\/li>\n\n\n\n<li>Aufbewahrungstasche f\u00fcr die Tischbeine die platzsparend verstaut werden k\u00f6nnen.<\/li>\n\n\n\n<li>Windstopper der zwischen Deckel und Box geklemmt werden kann, so dass der Deckel bei 90 Grad Nutzung nicht zuklappen kann.<\/li>\n\n\n\n<li>praktische Magnetleiste am Deckel<\/li>\n\n\n\n<li>2 Bambusbretter die in verschiedenen Positionen genutzt werden k\u00f6nnen und somit eine bestm\u00f6gliche Ablagem\u00f6glichkeit schaffen<\/li>\n\n\n\n<li>Mit nur ca. 10kg eine perfekte Campingk\u00fcche f\u00fcr unterwegs<\/li>\n<\/ul>\n<\/div>\n\n\n\n<div class=\"wp-block-uagb-container uagb-block-ae00b476 default uagb-is-root-container\">\n<div class=\"wp-block-uagb-container uagb-block-3d544ad6\"><style type=\"text\/css\">.otter-masonry .blocks-gallery-grid .blocks-gallery-item img{ width:100% }<\/style><div class=\"otter-masonry\" data-margin=\"10\">\n<figure class=\"wp-block-gallery has-nested-images columns-2 is-cropped wp-block-gallery-1 is-layout-flex wp-block-gallery-is-layout-flex\" style=\"margin-top:0px\">\n<figure class=\"wp-block-image size-full has-custom-border\"><img decoding=\"async\" width=\"1024\" height=\"1024\" data-id=\"130646\" src=\"https:\/\/dachzeltnomaden.com\/shop\/wp-content\/uploads\/2024\/06\/Dachzeltnomaden_Shop_Zubehoer_Kochen_aluminium-camping-kueche-layzee-box-junior.webp\" alt=\"Dachzeltnomaden Shop Zubehoer kochen Kuechenbox Aluminium Layzee kitchenbox Junior kaufen\" class=\"wp-image-130646\" style=\"border-radius:10px\" srcset=\"https:\/\/dachzeltnomaden.com\/shop\/wp-content\/uploads\/2024\/06\/Dachzeltnomaden_Shop_Zubehoer_Kochen_aluminium-camping-kueche-layzee-box-junior.webp 1024w, https:\/\/dachzeltnomaden.com\/shop\/wp-content\/uploads\/2024\/06\/Dachzeltnomaden_Shop_Zubehoer_Kochen_aluminium-camping-kueche-layzee-box-junior-300x300.webp 300w, https:\/\/dachzeltnomaden.com\/shop\/wp-content\/uploads\/2024\/06\/Dachzeltnomaden_Shop_Zubehoer_Kochen_aluminium-camping-kueche-layzee-box-junior-768x768.webp 768w, https:\/\/dachzeltnomaden.com\/shop\/wp-content\/uploads\/2024\/06\/Dachzeltnomaden_Shop_Zubehoer_Kochen_aluminium-camping-kueche-layzee-box-junior-600x600.webp 600w, https:\/\/dachzeltnomaden.com\/shop\/wp-content\/uploads\/2024\/06\/Dachzeltnomaden_Shop_Zubehoer_Kochen_aluminium-camping-kueche-layzee-box-junior-100x100.webp 100w\" sizes=\"(max-width: 1024px) 100vw, 1024px\" \/><\/figure>\n\n\n\n<figure class=\"wp-block-image size-full has-custom-border\"><img decoding=\"async\" width=\"1024\" height=\"1024\" data-id=\"130658\" src=\"https:\/\/dachzeltnomaden.com\/shop\/wp-content\/uploads\/2024\/06\/Dachzeltnomaden_Shop_Zubehoer_Kochen_pkw-kofferraum-auszug-kuechen-box-layzee-box-junior_50.webp\" alt=\"Dachzeltnomaden Shop Zubehoer kochen Kuechenbox Aluminium Layzee kitchenbox Junior kaufen\" class=\"wp-image-130658\" style=\"border-radius:10px\" srcset=\"https:\/\/dachzeltnomaden.com\/shop\/wp-content\/uploads\/2024\/06\/Dachzeltnomaden_Shop_Zubehoer_Kochen_pkw-kofferraum-auszug-kuechen-box-layzee-box-junior_50.webp 1024w, https:\/\/dachzeltnomaden.com\/shop\/wp-content\/uploads\/2024\/06\/Dachzeltnomaden_Shop_Zubehoer_Kochen_pkw-kofferraum-auszug-kuechen-box-layzee-box-junior_50-300x300.webp 300w, https:\/\/dachzeltnomaden.com\/shop\/wp-content\/uploads\/2024\/06\/Dachzeltnomaden_Shop_Zubehoer_Kochen_pkw-kofferraum-auszug-kuechen-box-layzee-box-junior_50-768x768.webp 768w, https:\/\/dachzeltnomaden.com\/shop\/wp-content\/uploads\/2024\/06\/Dachzeltnomaden_Shop_Zubehoer_Kochen_pkw-kofferraum-auszug-kuechen-box-layzee-box-junior_50-600x600.webp 600w, https:\/\/dachzeltnomaden.com\/shop\/wp-content\/uploads\/2024\/06\/Dachzeltnomaden_Shop_Zubehoer_Kochen_pkw-kofferraum-auszug-kuechen-box-layzee-box-junior_50-100x100.webp 100w\" sizes=\"(max-width: 1024px) 100vw, 1024px\" \/><\/figure>\n\n\n\n<figure class=\"wp-block-image size-full has-custom-border\"><img decoding=\"async\" width=\"1024\" height=\"1024\" data-id=\"130650\" src=\"https:\/\/dachzeltnomaden.com\/shop\/wp-content\/uploads\/2024\/06\/Dachzeltnomaden_Shop_Zubehoer_Kochen_gewuerzfach-layzee-box-junior.webp\" alt=\"Dachzeltnomaden Shop Zubehoer kochen Kuechenbox Aluminium Layzee kitchenbox Junior kaufen\" class=\"wp-image-130650\" style=\"border-radius:10px\" srcset=\"https:\/\/dachzeltnomaden.com\/shop\/wp-content\/uploads\/2024\/06\/Dachzeltnomaden_Shop_Zubehoer_Kochen_gewuerzfach-layzee-box-junior.webp 1024w, https:\/\/dachzeltnomaden.com\/shop\/wp-content\/uploads\/2024\/06\/Dachzeltnomaden_Shop_Zubehoer_Kochen_gewuerzfach-layzee-box-junior-300x300.webp 300w, https:\/\/dachzeltnomaden.com\/shop\/wp-content\/uploads\/2024\/06\/Dachzeltnomaden_Shop_Zubehoer_Kochen_gewuerzfach-layzee-box-junior-768x768.webp 768w, https:\/\/dachzeltnomaden.com\/shop\/wp-content\/uploads\/2024\/06\/Dachzeltnomaden_Shop_Zubehoer_Kochen_gewuerzfach-layzee-box-junior-600x600.webp 600w, https:\/\/dachzeltnomaden.com\/shop\/wp-content\/uploads\/2024\/06\/Dachzeltnomaden_Shop_Zubehoer_Kochen_gewuerzfach-layzee-box-junior-100x100.webp 100w\" sizes=\"(max-width: 1024px) 100vw, 1024px\" \/><\/figure>\n\n\n\n<figure class=\"wp-block-image size-full has-custom-border\"><img decoding=\"async\" width=\"1024\" height=\"1024\" data-id=\"130662\" src=\"https:\/\/dachzeltnomaden.com\/shop\/wp-content\/uploads\/2024\/06\/Dachzeltnomaden_Shop_Zubehoer_Kochen_staufach-layzee-box-junior-camping.webp\" alt=\"Dachzeltnomaden Shop Zubehoer kochen Kuechenbox Aluminium Layzee kitchenbox Junior kaufen\" class=\"wp-image-130662\" style=\"border-radius:10px\" srcset=\"https:\/\/dachzeltnomaden.com\/shop\/wp-content\/uploads\/2024\/06\/Dachzeltnomaden_Shop_Zubehoer_Kochen_staufach-layzee-box-junior-camping.webp 1024w, https:\/\/dachzeltnomaden.com\/shop\/wp-content\/uploads\/2024\/06\/Dachzeltnomaden_Shop_Zubehoer_Kochen_staufach-layzee-box-junior-camping-300x300.webp 300w, https:\/\/dachzeltnomaden.com\/shop\/wp-content\/uploads\/2024\/06\/Dachzeltnomaden_Shop_Zubehoer_Kochen_staufach-layzee-box-junior-camping-768x768.webp 768w, https:\/\/dachzeltnomaden.com\/shop\/wp-content\/uploads\/2024\/06\/Dachzeltnomaden_Shop_Zubehoer_Kochen_staufach-layzee-box-junior-camping-600x600.webp 600w, https:\/\/dachzeltnomaden.com\/shop\/wp-content\/uploads\/2024\/06\/Dachzeltnomaden_Shop_Zubehoer_Kochen_staufach-layzee-box-junior-camping-100x100.webp 100w\" sizes=\"(max-width: 1024px) 100vw, 1024px\" \/><\/figure>\n<\/figure>\n<\/div><\/div>\n\n\n\n<div class=\"wp-block-uagb-container uagb-block-76ea1ad4\">\n<p style=\"margin-bottom:0px\"><strong>Eigenschaften<\/strong><\/p>\n\n\n\n<ul style=\"margin-top:15px\" class=\"wp-block-list\">\n<li><strong>Material Box:<\/strong> Aluminium<\/li>\n\n\n\n<li><strong>Material Ablagebretter:<\/strong> Bambus \u2013 Lebensmittelecht<\/li>\n\n\n\n<li><strong>Gewicht:<\/strong> 10 kg<\/li>\n\n\n\n<li><strong>Farbe:<\/strong> anthrazit pulverbeschichtet<\/li>\n\n\n\n<li><strong>Au\u00dfenma\u00df <\/strong>(LxBxH): 60 x 40 x 27cm<\/li>\n\n\n\n<li><strong>Linkes Fach mit Brett<\/strong> (LxBxH): 19 x 37 x 19 cm<\/li>\n\n\n\n<li><strong>Rechtes Fach<\/strong> (LxBxH): 38 x 37.5 x 19cm<\/li>\n\n\n\n<li><strong>Teleskopbeine<\/strong>: ausziehbar von 34 bis 78cm + 2 extra Teleskopbeine f\u00fcr Nutzung ohne St\u00e4nder auf dem Boden<\/li>\n\n\n\n<li><strong>Fl\u00e4che seitlicher Auszug<\/strong> (LXB): 34,5 x 26,5 cm<\/li>\n<\/ul>\n\n\n\n<div class=\"wp-block-buttons is-layout-flex wp-block-buttons-is-layout-flex\">\n<div class=\"wp-block-button\"><a class=\"wp-block-button__link wp-element-button\" href=\"https:\/\/t.adcell.com\/click.php?bid=266054-92838&amp;param0=https%3A%2F%2Flayzee-camping.com%2Fshop%2Flayzee-box-junior%2F\" target=\"_blank\" rel=\"noreferrer noopener\">Zur LAYZEE Junior Box<\/a><\/div>\n<\/div>\n<\/div>\n<\/div>\n\n\n\n<p>Hol dir deine vollst\u00e4ndige Campingk\u00fcche im Sparangebot: die LAYZEE K\u00fcchenbox Junior mit 8 weiteren Zubeh\u00f6rteilen im praktischen und g\u00fcnstigen Bundle!<\/p>\n\n\n\n<div class=\"wp-block-uagb-container uagb-block-6df790ba default uagb-is-root-container\">\n<div class=\"wp-block-uagb-container uagb-block-aab17df6\">\n<figure class=\"wp-block-gallery has-nested-images columns-2 is-cropped wp-block-gallery-2 is-layout-flex wp-block-gallery-is-layout-flex\">\n<figure class=\"wp-block-image alignright size-full has-custom-border is-style-default\"><img decoding=\"async\" width=\"800\" height=\"800\" data-id=\"132743\" src=\"https:\/\/dachzeltnomaden.com\/shop\/wp-content\/uploads\/2024\/06\/dachzeltnomaden-shop-zubehoer-kochen-layzee-kuechenbox-junior-bundle-sparpaket-campingkueche.webp\" alt=\"layzee kuechenbox junior bundle mit zubehoer kaufen campingkueche\" class=\"wp-image-132743\" style=\"border-radius:10px\" srcset=\"https:\/\/dachzeltnomaden.com\/shop\/wp-content\/uploads\/2024\/06\/dachzeltnomaden-shop-zubehoer-kochen-layzee-kuechenbox-junior-bundle-sparpaket-campingkueche.webp 800w, https:\/\/dachzeltnomaden.com\/shop\/wp-content\/uploads\/2024\/06\/dachzeltnomaden-shop-zubehoer-kochen-layzee-kuechenbox-junior-bundle-sparpaket-campingkueche-300x300.webp 300w, https:\/\/dachzeltnomaden.com\/shop\/wp-content\/uploads\/2024\/06\/dachzeltnomaden-shop-zubehoer-kochen-layzee-kuechenbox-junior-bundle-sparpaket-campingkueche-512x512.webp 512w, https:\/\/dachzeltnomaden.com\/shop\/wp-content\/uploads\/2024\/06\/dachzeltnomaden-shop-zubehoer-kochen-layzee-kuechenbox-junior-bundle-sparpaket-campingkueche-600x600.webp 600w, https:\/\/dachzeltnomaden.com\/shop\/wp-content\/uploads\/2024\/06\/dachzeltnomaden-shop-zubehoer-kochen-layzee-kuechenbox-junior-bundle-sparpaket-campingkueche-768x768.webp 768w, https:\/\/dachzeltnomaden.com\/shop\/wp-content\/uploads\/2024\/06\/dachzeltnomaden-shop-zubehoer-kochen-layzee-kuechenbox-junior-bundle-sparpaket-campingkueche-100x100.webp 100w\" sizes=\"(max-width: 800px) 100vw, 800px\" \/><\/figure>\n<\/figure>\n<\/div>\n\n\n\n<div class=\"wp-block-uagb-container uagb-block-176d3531\">\n<h4 class=\"wp-block-heading\" style=\"margin-top:0px;margin-bottom:0px\">Lieferumfang<\/h4>\n\n\n\n<ul class=\"wp-block-list\">\n<li>1x Box Junior<\/li>\n\n\n\n<li>1x Schneidebrett<\/li>\n\n\n\n<li>1x Waschbecken 12 Liter<\/li>\n\n\n\n<li>1x Wasserkanister 5L<\/li>\n\n\n\n<li>1x Tischplatte<\/li>\n\n\n\n<li>1x St\u00e4nder<\/li>\n\n\n\n<li>1x Campingkocher<\/li>\n\n\n\n<li>1x Salz &amp; Pfefferstreuer (2er Set)<\/li>\n\n\n\n<li>1x Spice Shaker (2erSet)<\/li>\n\n\n\n<li>1x Deckelschutz<\/li>\n<\/ul>\n\n\n\n<div class=\"wp-block-buttons is-layout-flex wp-block-buttons-is-layout-flex\">\n<div class=\"wp-block-button\"><a class=\"wp-block-button__link wp-element-button\" href=\"https:\/\/t.adcell.com\/click.php?bid=266054-92838&amp;param0=https%3A%2F%2Flayzee.com%2Fbundle%2Fsparkpaket-color-box%2F\" target=\"_blank\" rel=\"noreferrer noopener\">Zum K\u00fcchenbox Junior Bundle<\/a><\/div>\n<\/div>\n<\/div>\n<\/div>\n\n\n\n<p><\/p>\n","protected":false},"excerpt":{"rendered":"<p class=\"block-editor-rich-text__editable uagb-desc-text rich-text\" style=\"--tw-border-spacing-x: 0; --tw-border-spacing-y: 0; --tw-translate-x: 0; --tw-translate-y: 0; --tw-rotate: 0; --tw-skew-x: 0; --tw-skew-y: 0; --tw-scale-x: 1; --tw-scale-y: 1; --tw-scroll-snap-strictness: proximity; --tw-ring-offset-width: 0px; --tw-ring-offset-color: #fff; --tw-ring-color: rgb(59 130 246 \/ 0.5); --tw-ring-offset-shadow: 0 0 #0000; --tw-ring-shadow: 0 0 #0000; --tw-shadow: 0 0 #0000; --tw-shadow-colored: 0 0 #0000; margin-bottom: 15px; box-sizing: border-box; font-size: 17px; line-height: 1.65em; word-break: break-word; font-style: normal; caret-color: #575757; color: #575757; font-family: 'Be Vietnam Pro', sans-serif; white-space: pre-wrap; min-width: 1px;\" role=\"textbox\" aria-multiline=\"true\" aria-label=\"Write a Description\" aria-readonly=\"false\" data-wp-block-attribute-key=\"16\"><span style=\"caret-color: #3a3a3a; color: #3a3a3a; font-family: Georgia, 'Times New Roman', 'Bitstream Charter', Times, serif; font-size: 16px; font-style: normal; white-space: normal;\">Perfekt f\u00fcr wenig Stauraum oder als reine Kochbox<\/p>\n<p><\/span><strong style=\"font-style: normal; white-space: normal; box-sizing: border-box; font-variant-ligatures: normal; font-variant-numeric: inherit; font-variant-east-asian: inherit; font-variant-alternates: inherit; font-variant-position: inherit; font-stretch: inherit; line-height: inherit; font-family: Lato, Arial, Helvetica, sans-serif; font-optical-sizing: inherit; font-kerning: inherit; font-feature-settings: inherit; font-variation-settings: inherit; font-size: 20px; color: #777777; orphans: 2; text-align: center; widows: 2; text-decoration-thickness: initial; text-decoration-style: initial; text-decoration-color: initial;\"><span style=\"box-sizing: border-box; font-variant-ligatures: inherit; font-variant-caps: inherit; font-variant-alternates: inherit; font-variant-numeric: inherit; font-variant-east-asian: inherit; font-variant-position: inherit; font-stretch: inherit; line-height: inherit; font-family: inherit; font-optical-sizing: inherit; font-kerning: inherit; font-feature-settings: inherit; font-variation-settings: inherit; font-size: 20px; color: #c99700;\">Der kleine Bruder von der Classic Box<\/span><\/strong><\/p>\n<p role=\"textbox\" aria-multiline=\"true\" aria-label=\"Write a Description\" aria-readonly=\"false\" data-wp-block-attribute-key=\"16\"><a class=\"button\" style=\"font-size: 16px; font-style: normal; transition-delay: 0s;\" href=\"https:\/\/t.adcell.com\/click.php?bid=266054-92838&#038;param0=https%3A%2F%2Flayzee-camping.com%2Fshop%2Flayzee-box-junior%2F\" target=\"_blank\" rel=\"noopener\">Hier gehts zur LAYZEE Box Junior<\/a><\/p>\n","protected":false},"featured_media":130646,"template":"","meta":{"_uag_custom_page_level_css":"","site-sidebar-layout":"default","site-content-layout":"","ast-site-content-layout":"default","site-content-style":"default","site-sidebar-style":"default","ast-global-header-display":"","ast-banner-title-visibility":"","ast-main-header-display":"","ast-hfb-above-header-display":"","ast-hfb-below-header-display":"","ast-hfb-mobile-header-display":"","site-post-title":"","ast-breadcrumbs-content":"","ast-featured-img":"","footer-sml-layout":"","ast-disable-related-posts":"","theme-transparent-header-meta":"","adv-header-id-meta":"","stick-header-meta":"","header-above-stick-meta":"","header-main-stick-meta":"","header-below-stick-meta":"","astra-migrate-meta-layouts":"default","ast-page-background-enabled":"default","ast-page-background-meta":{"desktop":{"background-color":"var(--ast-global-color-4)","background-image":"","background-repeat":"repeat","background-position":"center center","background-size":"auto","background-attachment":"scroll","background-type":"","background-media":"","overlay-type":"","overlay-color":"","overlay-opacity":"","overlay-gradient":""},"tablet":{"background-color":"","background-image":"","background-repeat":"repeat","background-position":"center center","background-size":"auto","background-attachment":"scroll","background-type":"","background-media":"","overlay-type":"","overlay-color":"","overlay-opacity":"","overlay-gradient":""},"mobile":{"background-color":"","background-image":"","background-repeat":"repeat","background-position":"center center","background-size":"auto","background-attachment":"scroll","background-type":"","background-media":"","overlay-type":"","overlay-color":"","overlay-opacity":"","overlay-gradient":""}},"ast-content-background-meta":{"desktop":{"background-color":"var(--ast-global-color-5)","background-image":"","background-repeat":"repeat","background-position":"center center","background-size":"auto","background-attachment":"scroll","background-type":"","background-media":"","overlay-type":"","overlay-color":"","overlay-opacity":"","overlay-gradient":""},"tablet":{"background-color":"var(--ast-global-color-5)","background-image":"","background-repeat":"repeat","background-position":"center center","background-size":"auto","background-attachment":"scroll","background-type":"","background-media":"","overlay-type":"","overlay-color":"","overlay-opacity":"","overlay-gradient":""},"mobile":{"background-color":"var(--ast-global-color-5)","background-image":"","background-repeat":"repeat","background-position":"center center","background-size":"auto","background-attachment":"scroll","background-type":"","background-media":"","overlay-type":"","overlay-color":"","overlay-opacity":"","overlay-gradient":""}},"_themeisle_gutenberg_block_has_review":false},"product_brand":[],"product_cat":[101,342],"product_tag":[],"class_list":{"0":"post-128569","1":"product","2":"type-product","3":"status-publish","4":"has-post-thumbnail","6":"product_cat-zubehoer","7":"product_cat-kochen","8":"desktop-align-left","9":"tablet-align-left","10":"mobile-align-left","11":"ast-product-gallery-layout-vertical-slider","12":"ast-product-tabs-layout-horizontal","14":"first","15":"instock","16":"purchasable","17":"product-type-external"},"exclude_global_add_ons":[],"addons":[],"uagb_featured_image_src":{"full":["https:\/\/dachzeltnomaden.com\/shop\/wp-content\/uploads\/2024\/06\/Dachzeltnomaden_Shop_Zubehoer_Kochen_aluminium-camping-kueche-layzee-box-junior.webp",1024,1024,false],"thumbnail":["https:\/\/dachzeltnomaden.com\/shop\/wp-content\/uploads\/2024\/06\/Dachzeltnomaden_Shop_Zubehoer_Kochen_aluminium-camping-kueche-layzee-box-junior.webp",600,600,false],"medium":["https:\/\/dachzeltnomaden.com\/shop\/wp-content\/uploads\/2024\/06\/Dachzeltnomaden_Shop_Zubehoer_Kochen_aluminium-camping-kueche-layzee-box-junior-300x300.webp",300,300,true],"medium_large":["https:\/\/dachzeltnomaden.com\/shop\/wp-content\/uploads\/2024\/06\/Dachzeltnomaden_Shop_Zubehoer_Kochen_aluminium-camping-kueche-layzee-box-junior-768x768.webp",768,768,true],"large":["https:\/\/dachzeltnomaden.com\/shop\/wp-content\/uploads\/2024\/06\/Dachzeltnomaden_Shop_Zubehoer_Kochen_aluminium-camping-kueche-layzee-box-junior.webp",512,512,false],"1536x1536":["https:\/\/dachzeltnomaden.com\/shop\/wp-content\/uploads\/2024\/06\/Dachzeltnomaden_Shop_Zubehoer_Kochen_aluminium-camping-kueche-layzee-box-junior.webp",1024,1024,false],"2048x2048":["https:\/\/dachzeltnomaden.com\/shop\/wp-content\/uploads\/2024\/06\/Dachzeltnomaden_Shop_Zubehoer_Kochen_aluminium-camping-kueche-layzee-box-junior.webp",1024,1024,false],"woocommerce_thumbnail":["https:\/\/dachzeltnomaden.com\/shop\/wp-content\/uploads\/2024\/06\/Dachzeltnomaden_Shop_Zubehoer_Kochen_aluminium-camping-kueche-layzee-box-junior-600x600.webp",600,600,true],"woocommerce_single":["https:\/\/dachzeltnomaden.com\/shop\/wp-content\/uploads\/2024\/06\/Dachzeltnomaden_Shop_Zubehoer_Kochen_aluminium-camping-kueche-layzee-box-junior.webp",1024,1024,false],"woocommerce_gallery_thumbnail":["https:\/\/dachzeltnomaden.com\/shop\/wp-content\/uploads\/2024\/06\/Dachzeltnomaden_Shop_Zubehoer_Kochen_aluminium-camping-kueche-layzee-box-junior-100x100.webp",100,100,true]},"uagb_author_info":{"display_name":"admin","author_link":"https:\/\/dachzeltnomaden.com\/shop\/author\/"},"uagb_comment_info":0,"uagb_excerpt":"Perfekt f\u00fcr wenig Stauraum oder als reine KochboxDer kleine Bruder von der Classic Box Hier gehts zur LAYZEE Box Junior","_links":{"self":[{"href":"https:\/\/dachzeltnomaden.com\/shop\/wp-json\/wp\/v2\/product\/128569","targetHints":{"allow":["GET"]}}],"collection":[{"href":"https:\/\/dachzeltnomaden.com\/shop\/wp-json\/wp\/v2\/product"}],"about":[{"href":"https:\/\/dachzeltnomaden.com\/shop\/wp-json\/wp\/v2\/types\/product"}],"wp:featuredmedia":[{"embeddable":true,"href":"https:\/\/dachzeltnomaden.com\/shop\/wp-json\/wp\/v2\/media\/130646"}],"wp:attachment":[{"href":"https:\/\/dachzeltnomaden.com\/shop\/wp-json\/wp\/v2\/media?parent=128569"}],"wp:term":[{"taxonomy":"product_brand","embeddable":true,"href":"https:\/\/dachzeltnomaden.com\/shop\/wp-json\/wp\/v2\/product_brand?post=128569"},{"taxonomy":"product_cat","embeddable":true,"href":"https:\/\/dachzeltnomaden.com\/shop\/wp-json\/wp\/v2\/product_cat?post=128569"},{"taxonomy":"product_tag","embeddable":true,"href":"https:\/\/dachzeltnomaden.com\/shop\/wp-json\/wp\/v2\/product_tag?post=128569"}],"curies":[{"name":"wp","href":"https:\/\/api.w.org\/{rel}","templated":true}]}}