{"id":128265,"date":"2024-04-04T13:00:51","date_gmt":"2024-04-04T11:00:51","guid":{"rendered":"https:\/\/shop.dachzeltnomaden.com\/?post_type=product&#038;p=128265"},"modified":"2026-04-11T06:29:53","modified_gmt":"2026-04-11T04:29:53","slug":"alpacacamping-x-dachzeltnomaden-dachzelt-reisefuehrer","status":"publish","type":"product","link":"https:\/\/dachzeltnomaden.com\/shop\/produkt\/alpacacamping-x-dachzeltnomaden-dachzelt-reisefuehrer\/","title":{"rendered":"AlpacaCamping x Dachzeltnomaden \u2013 Dachzelt Reisef\u00fchrer"},"content":{"rendered":"<p><b data-stringify-type=\"bold\">Dein Camping-Jahr voller Dachzelt-Erlebnisse kann jetzt starten!<\/b>\u00a0Entdecke 150 ausgew\u00e4hlte romantische, abgelegene und ruhige Stellpl\u00e4tze f\u00fcr echte Dachzeltnomaden \u2013 naturnah, spontan und abseits der Massen. Campe mit AlpacaCamping bei privaten Gastgebern, Winzern oder Landwirten und vergesse deinen Alltagsstress. Zus\u00e4tzlich entf\u00fchren wir dich in die Welt der DACHZELT D\u00d6RFER, in denen du in ganz Deutschland individuelle Dachzelt-Ferienunterk\u00fcnfte mieten kannst.<\/p>\n<p>Komm\u2019 mit auf eine Reise durch Deutschland und \u00d6sterreich und finde deinen Traumplatz. Erfahre mehr \u00fcber die Campingregionen, Veranstaltungen vor Ort und regionale Spezialit\u00e4ten. Dich erwarten ausf\u00fchrliche Beschreibungen sowie Bilder und QR-Codes zu den Stellpl\u00e4tzen. Psst! Zus\u00e4tzlich gibt\u2019s exklusive Tipps der jeweiligen Gastgeber, die nur in diesem Buch zu finden sind. Worauf wartest du noch? Schnapp dir dein Dachzelt und campe zwischen den Reben am Weinberg, auf einem historischen Bauernhof, direkt am See oder ganz gem\u00fctlich am Waldrand. Oder besuche ganz einfach eines der exklusiven DACHZELT D\u00d6RFER. Egal ob alleine, mit Freunden, Familie oder mit Hund. Dieses Buch entf\u00fchrt dich an Pl\u00e4tze, die du sonst nur aus Werbebildern kennst.<\/p>\n<p>Und f\u00fcr Dachzeltnomaden gibt es auch noch einen Gutscheincode: Spare 5\u20ac auf jede Bestellung mit dem Code <strong>dachzeltnomaden<\/strong><\/p>\n<p><a class=\"button\" href=\"https:\/\/shop.alpacacamping.de\/products\/alpacacamping-dachzeltnomaden-dachzelt-reisefuhrer?dzn=&amp;utm_campaign=dzn-website&amp;utm_id=dzn&amp;utm_medium=dzn&amp;utm_source=website\" target=\"_blank\" rel=\"noopener\">Hier gehts zum Dachzelt Reisef\u00fchrer<\/a><\/p>\n","protected":false},"excerpt":{"rendered":"<p><a class=\"button\" href=\"https:\/\/shop.alpacacamping.de\/products\/alpacacamping-dachzeltnomaden-dachzelt-reisefuhrer?dzn=&#038;utm_campaign=dzn-website&#038;utm_id=dzn&#038;utm_medium=dzn&#038;utm_source=website\" target=\"_blank\" rel=\"noopener\">Hier gehts zum Dachzelt Reisef\u00fchrer<\/a><\/p>\n","protected":false},"featured_media":131500,"template":"","meta":{"_uag_custom_page_level_css":"","site-sidebar-layout":"default","site-content-layout":"","ast-site-content-layout":"default","site-content-style":"default","site-sidebar-style":"default","ast-global-header-display":"","ast-banner-title-visibility":"","ast-main-header-display":"","ast-hfb-above-header-display":"","ast-hfb-below-header-display":"","ast-hfb-mobile-header-display":"","site-post-title":"","ast-breadcrumbs-content":"","ast-featured-img":"","footer-sml-layout":"","ast-disable-related-posts":"","theme-transparent-header-meta":"default","adv-header-id-meta":"","stick-header-meta":"default","header-above-stick-meta":"","header-main-stick-meta":"","header-below-stick-meta":"","astra-migrate-meta-layouts":"set","ast-page-background-enabled":"default","ast-page-background-meta":{"desktop":{"background-color":"var(--ast-global-color-4)","background-image":"","background-repeat":"repeat","background-position":"center center","background-size":"auto","background-attachment":"scroll","background-type":"","background-media":"","overlay-type":"","overlay-color":"","overlay-opacity":"","overlay-gradient":""},"tablet":{"background-color":"","background-image":"","background-repeat":"repeat","background-position":"center center","background-size":"auto","background-attachment":"scroll","background-type":"","background-media":"","overlay-type":"","overlay-color":"","overlay-opacity":"","overlay-gradient":""},"mobile":{"background-color":"","background-image":"","background-repeat":"repeat","background-position":"center center","background-size":"auto","background-attachment":"scroll","background-type":"","background-media":"","overlay-type":"","overlay-color":"","overlay-opacity":"","overlay-gradient":""}},"ast-content-background-meta":{"desktop":{"background-color":"var(--ast-global-color-5)","background-image":"","background-repeat":"repeat","background-position":"center center","background-size":"auto","background-attachment":"scroll","background-type":"","background-media":"","overlay-type":"","overlay-color":"","overlay-opacity":"","overlay-gradient":""},"tablet":{"background-color":"var(--ast-global-color-5)","background-image":"","background-repeat":"repeat","background-position":"center center","background-size":"auto","background-attachment":"scroll","background-type":"","background-media":"","overlay-type":"","overlay-color":"","overlay-opacity":"","overlay-gradient":""},"mobile":{"background-color":"var(--ast-global-color-5)","background-image":"","background-repeat":"repeat","background-position":"center center","background-size":"auto","background-attachment":"scroll","background-type":"","background-media":"","overlay-type":"","overlay-color":"","overlay-opacity":"","overlay-gradient":""}},"_themeisle_gutenberg_block_has_review":false},"product_brand":[],"product_cat":[648],"product_tag":[],"class_list":{"0":"post-128265","1":"product","2":"type-product","3":"status-publish","4":"has-post-thumbnail","6":"product_cat-stellplaetze","7":"desktop-align-left","8":"tablet-align-left","9":"mobile-align-left","10":"ast-product-gallery-layout-vertical-slider","11":"ast-product-tabs-layout-horizontal","13":"first","14":"instock","15":"taxable","16":"shipping-taxable","17":"purchasable","18":"product-type-external"},"exclude_global_add_ons":[],"addons":[],"uagb_featured_image_src":{"full":["https:\/\/dachzeltnomaden.com\/shop\/wp-content\/uploads\/2024\/04\/Dachzeltnomaden-Alpaca-Camping-Dachzelt-Reisefuehrer-scaled.webp",1920,2560,false],"thumbnail":["https:\/\/dachzeltnomaden.com\/shop\/wp-content\/uploads\/2024\/04\/Dachzeltnomaden-Alpaca-Camping-Dachzelt-Reisefuehrer-600x600.webp",600,600,true],"medium":["https:\/\/dachzeltnomaden.com\/shop\/wp-content\/uploads\/2024\/04\/Dachzeltnomaden-Alpaca-Camping-Dachzelt-Reisefuehrer-225x300.webp",225,300,true],"medium_large":["https:\/\/dachzeltnomaden.com\/shop\/wp-content\/uploads\/2024\/04\/Dachzeltnomaden-Alpaca-Camping-Dachzelt-Reisefuehrer-768x1024.webp",768,1024,true],"large":["https:\/\/dachzeltnomaden.com\/shop\/wp-content\/uploads\/2024\/04\/Dachzeltnomaden-Alpaca-Camping-Dachzelt-Reisefuehrer-768x1024.webp",384,512,true],"1536x1536":["https:\/\/dachzeltnomaden.com\/shop\/wp-content\/uploads\/2024\/04\/Dachzeltnomaden-Alpaca-Camping-Dachzelt-Reisefuehrer-1152x1536.webp",1152,1536,true],"2048x2048":["https:\/\/dachzeltnomaden.com\/shop\/wp-content\/uploads\/2024\/04\/Dachzeltnomaden-Alpaca-Camping-Dachzelt-Reisefuehrer-1536x2048.webp",1536,2048,true],"woocommerce_thumbnail":["https:\/\/dachzeltnomaden.com\/shop\/wp-content\/uploads\/2024\/04\/Dachzeltnomaden-Alpaca-Camping-Dachzelt-Reisefuehrer-600x600.webp",600,600,true],"woocommerce_single":["https:\/\/dachzeltnomaden.com\/shop\/wp-content\/uploads\/2024\/04\/Dachzeltnomaden-Alpaca-Camping-Dachzelt-Reisefuehrer-1024x1365.webp",1024,1365,true],"woocommerce_gallery_thumbnail":["https:\/\/dachzeltnomaden.com\/shop\/wp-content\/uploads\/2024\/04\/Dachzeltnomaden-Alpaca-Camping-Dachzelt-Reisefuehrer-100x100.webp",100,100,true]},"uagb_author_info":{"display_name":"Jasmine","author_link":"https:\/\/dachzeltnomaden.com\/shop\/author\/"},"uagb_comment_info":0,"uagb_excerpt":"Hier gehts zum Dachzelt Reisef\u00fchrer","_links":{"self":[{"href":"https:\/\/dachzeltnomaden.com\/shop\/wp-json\/wp\/v2\/product\/128265","targetHints":{"allow":["GET"]}}],"collection":[{"href":"https:\/\/dachzeltnomaden.com\/shop\/wp-json\/wp\/v2\/product"}],"about":[{"href":"https:\/\/dachzeltnomaden.com\/shop\/wp-json\/wp\/v2\/types\/product"}],"wp:featuredmedia":[{"embeddable":true,"href":"https:\/\/dachzeltnomaden.com\/shop\/wp-json\/wp\/v2\/media\/131500"}],"wp:attachment":[{"href":"https:\/\/dachzeltnomaden.com\/shop\/wp-json\/wp\/v2\/media?parent=128265"}],"wp:term":[{"taxonomy":"product_brand","embeddable":true,"href":"https:\/\/dachzeltnomaden.com\/shop\/wp-json\/wp\/v2\/product_brand?post=128265"},{"taxonomy":"product_cat","embeddable":true,"href":"https:\/\/dachzeltnomaden.com\/shop\/wp-json\/wp\/v2\/product_cat?post=128265"},{"taxonomy":"product_tag","embeddable":true,"href":"https:\/\/dachzeltnomaden.com\/shop\/wp-json\/wp\/v2\/product_tag?post=128265"}],"curies":[{"name":"wp","href":"https:\/\/api.w.org\/{rel}","templated":true}]}}